{"id":900,"date":"2020-05-15T09:21:03","date_gmt":"2020-05-15T08:21:03","guid":{"rendered":"\/?page_id=900"},"modified":"2020-05-18T13:33:52","modified_gmt":"2020-05-18T12:33:52","slug":"erasmus-ka2","status":"publish","type":"page","link":"\/index.php\/erasmus-ka2\/","title":{"rendered":"ERASMUS+ KA2"},"content":{"rendered":"\t\t<div data-elementor-type=\"wp-page\" data-elementor-id=\"900\" class=\"elementor elementor-900\" data-elementor-post-type=\"page\">\n\t\t\t\t\t\t<section class=\"elementor-section elementor-top-section elementor-element elementor-element-69045f8 elementor-section-boxed elementor-section-height-default elementor-section-height-default\" data-id=\"69045f8\" data-element_type=\"section\" data-e-type=\"section\">\n\t\t\t\t\t\t<div class=\"elementor-container elementor-column-gap-default\">\n\t\t\t\t\t<div class=\"elementor-column elementor-col-100 elementor-top-column elementor-element elementor-element-e26cb89\" data-id=\"e26cb89\" data-element_type=\"column\" data-e-type=\"column\">\n\t\t\t<div class=\"elementor-widget-wrap elementor-element-populated\">\n\t\t\t\t\t\t<div class=\"elementor-element elementor-element-1ecef52 elementor-widget elementor-widget-spacer\" data-id=\"1ecef52\" data-element_type=\"widget\" data-e-type=\"widget\" data-widget_type=\"spacer.default\">\n\t\t\t\t<div class=\"elementor-widget-container\">\n\t\t\t\t\t\t\t<div class=\"elementor-spacer\">\n\t\t\t<div class=\"elementor-spacer-inner\"><\/div>\n\t\t<\/div>\n\t\t\t\t\t\t<\/div>\n\t\t\t\t<\/div>\n\t\t\t\t\t<\/div>\n\t\t<\/div>\n\t\t\t\t\t<\/div>\n\t\t<\/section>\n\t\t\t\t<section class=\"elementor-section elementor-top-section elementor-element elementor-element-9687948 elementor-section-boxed elementor-section-height-default elementor-section-height-default\" data-id=\"9687948\" data-element_type=\"section\" data-e-type=\"section\">\n\t\t\t\t\t\t<div class=\"elementor-container elementor-column-gap-default\">\n\t\t\t\t\t<div class=\"elementor-column elementor-col-100 elementor-top-column elementor-element elementor-element-6d6cde9\" data-id=\"6d6cde9\" data-element_type=\"column\" data-e-type=\"column\">\n\t\t\t<div class=\"elementor-widget-wrap elementor-element-populated\">\n\t\t\t\t\t\t<div class=\"elementor-element elementor-element-c20dc07 elementor-widget elementor-widget-heading\" data-id=\"c20dc07\" data-element_type=\"widget\" data-e-type=\"widget\" data-widget_type=\"heading.default\">\n\t\t\t\t<div class=\"elementor-widget-container\">\n\t\t\t\t\t<h1 class=\"elementor-heading-title elementor-size-default\">K\u00f6znevel\u00e9si projektek az Erasmus+ programban<\/h1>\t\t\t\t<\/div>\n\t\t\t\t<\/div>\n\t\t\t\t\t<\/div>\n\t\t<\/div>\n\t\t\t\t\t<\/div>\n\t\t<\/section>\n\t\t\t\t<section class=\"elementor-section elementor-top-section elementor-element elementor-element-bf6e66c elementor-section-boxed elementor-section-height-default elementor-section-height-default\" data-id=\"bf6e66c\" data-element_type=\"section\" data-e-type=\"section\">\n\t\t\t\t\t\t<div class=\"elementor-container elementor-column-gap-default\">\n\t\t\t\t\t<div class=\"elementor-column elementor-col-100 elementor-top-column elementor-element elementor-element-7b6dd75\" data-id=\"7b6dd75\" data-element_type=\"column\" data-e-type=\"column\">\n\t\t\t<div class=\"elementor-widget-wrap elementor-element-populated\">\n\t\t\t\t\t\t<div class=\"elementor-element elementor-element-3323bbe elementor-widget elementor-widget-text-editor\" data-id=\"3323bbe\" data-element_type=\"widget\" data-e-type=\"widget\" data-widget_type=\"text-editor.default\">\n\t\t\t\t<div class=\"elementor-widget-container\">\n\t\t\t\t\t\t\t\t\t<p>Az Erasmus+ program keret\u00e9ben a k\u00f6znevel\u00e9si-, illetve a k\u00f6znevel\u00e9s ter\u00e9n akt\u00edv int\u00e9zm\u00e9nyek szakmai fejleszt\u00e9si c\u00e9ljaik el\u00e9r\u00e9se \u00e9rdek\u00e9ben mobilit\u00e1si \u00e9s partners\u00e9gi projektek megval\u00f3s\u00edt\u00e1s\u00e1hoz k\u00e9rhetnek t\u00e1mogat\u00e1st. Ezek a projektek tulajdonk\u00e9ppen int\u00e9zm\u00e9nyi tanul\u00e1si form\u00e1k, melyekben sz\u00e1mos tanul\u00e1si alkalom azonos\u00edthat\u00f3.\u00a0<\/p>\t\t\t\t\t\t\t\t<\/div>\n\t\t\t\t<\/div>\n\t\t\t\t\t<\/div>\n\t\t<\/div>\n\t\t\t\t\t<\/div>\n\t\t<\/section>\n\t\t\t\t<section class=\"elementor-section elementor-top-section elementor-element elementor-element-f118bf7 elementor-section-boxed elementor-section-height-default elementor-section-height-default\" data-id=\"f118bf7\" data-element_type=\"section\" data-e-type=\"section\">\n\t\t\t\t\t\t<div class=\"elementor-container elementor-column-gap-default\">\n\t\t\t\t\t<div class=\"elementor-column elementor-col-100 elementor-top-column elementor-element elementor-element-8f65429\" data-id=\"8f65429\" data-element_type=\"column\" data-e-type=\"column\">\n\t\t\t<div class=\"elementor-widget-wrap elementor-element-populated\">\n\t\t\t\t\t\t<div class=\"elementor-element elementor-element-e83d472 elementor-widget elementor-widget-text-editor\" data-id=\"e83d472\" data-element_type=\"widget\" data-e-type=\"widget\" data-widget_type=\"text-editor.default\">\n\t\t\t\t<div class=\"elementor-widget-container\">\n\t\t\t\t\t\t\t\t\t<p>A mobilit\u00e1si p\u00e1ly\u00e1zatokban a k\u00fclf\u00f6ldi mobilit\u00e1s a projekt f\u0151 eleme, a legfontosabb tanul\u00e1si alkalom, s az \u00f6sszes t\u00f6bbi projekttev\u00e9kenys\u00e9g ennek el\u0151k\u00e9sz\u00edt\u00e9s\u00e9t, illetve az ennek sor\u00e1n szerzett tapasztalatok hasznos\u00edt\u00e1s\u00e1t \u00e9s terjeszt\u00e9s\u00e9t szolg\u00e1lja. A partners\u00e9gi projektekben a partnerek egy\u00fcttm\u0171k\u00f6d\u00e9s\u00e9n, a projektmunk\u00e1n van a hangs\u00faly, a k\u00fclf\u00f6ldi mobilit\u00e1s ennek az egy\u00fcttm\u0171k\u00f6d\u00e9snek a t\u00e1mogat\u00e1s\u00e1t szolg\u00e1lja.\u00a0<\/p>\t\t\t\t\t\t\t\t<\/div>\n\t\t\t\t<\/div>\n\t\t\t\t\t<\/div>\n\t\t<\/div>\n\t\t\t\t\t<\/div>\n\t\t<\/section>\n\t\t\t\t<section class=\"elementor-section elementor-top-section elementor-element elementor-element-7fa2b43 elementor-section-boxed elementor-section-height-default elementor-section-height-default\" data-id=\"7fa2b43\" data-element_type=\"section\" data-e-type=\"section\">\n\t\t\t\t\t\t<div class=\"elementor-container elementor-column-gap-default\">\n\t\t\t\t\t<div class=\"elementor-column elementor-col-100 elementor-top-column elementor-element elementor-element-fe025ad\" data-id=\"fe025ad\" data-element_type=\"column\" data-e-type=\"column\">\n\t\t\t<div class=\"elementor-widget-wrap elementor-element-populated\">\n\t\t\t\t\t\t<div class=\"elementor-element elementor-element-8ee6061 elementor-widget elementor-widget-text-editor\" data-id=\"8ee6061\" data-element_type=\"widget\" data-e-type=\"widget\" data-widget_type=\"text-editor.default\">\n\t\t\t\t<div class=\"elementor-widget-container\">\n\t\t\t\t\t\t\t\t\t<p><strong><em>A p\u00e1ly\u00e1zatok c\u00e9lja, hogy <\/em><\/strong>a tan\u00e1rok \u00e9s m\u00e1s munkat\u00e1rsak int\u00e9zm\u00e9nyi ig\u00e9nyekre \u00e9p\u00fcl\u0151 szakmai fejl\u0151d\u00e9s\u00e9t t\u00e1mogassa nemzetk\u00f6zi k\u00f6rnyezetben \u00e9s az eur\u00f3pai dimenzi\u00f3 er\u0151s\u00edt\u00e9se az \u00f3vod\u00e1kban \u00e9s az iskol\u00e1kban, illetve a k\u00f6znevel\u00e9si int\u00e9zm\u00e9nyek felruh\u00e1z\u00e1sa 21. sz\u00e1zadi k\u00e9szs\u00e9gekkel \u00e9s kompetenci\u00e1kkal. Tov\u00e1bb\u00e1 a p\u00e1ly\u00e1zat a k\u00f6znevel\u00e9sben lehet\u0151s\u00e9get biztos\u00edt \u00faj \u00e9s innovat\u00edv gyakorlatok, m\u00f3dszerek kidolgoz\u00e1s\u00e1ra, terjeszt\u00e9s\u00e9re \u00e9s alkalmaz\u00e1s\u00e1ra a k\u00f6znevel\u00e9si int\u00e9zm\u00e9nyek \u00e9s\/vagy m\u00e1s, a k\u00f6znevel\u00e9sben \u00e9rintett int\u00e9zm\u00e9nyek \u00e1ltal megval\u00f3s\u00edtott nemzetk\u00f6zi partners\u00e9gi projektek keret\u00e9ben.<\/p>\t\t\t\t\t\t\t\t<\/div>\n\t\t\t\t<\/div>\n\t\t\t\t\t<\/div>\n\t\t<\/div>\n\t\t\t\t\t<\/div>\n\t\t<\/section>\n\t\t\t\t<section class=\"elementor-section elementor-top-section elementor-element elementor-element-de4ec95 elementor-section-boxed elementor-section-height-default elementor-section-height-default\" data-id=\"de4ec95\" data-element_type=\"section\" data-e-type=\"section\">\n\t\t\t\t\t\t<div class=\"elementor-container elementor-column-gap-default\">\n\t\t\t\t\t<div class=\"elementor-column elementor-col-100 elementor-top-column elementor-element elementor-element-bb1ab3d\" data-id=\"bb1ab3d\" data-element_type=\"column\" data-e-type=\"column\">\n\t\t\t<div class=\"elementor-widget-wrap elementor-element-populated\">\n\t\t\t\t\t\t<div class=\"elementor-element elementor-element-1e3ae4f elementor-widget elementor-widget-text-editor\" data-id=\"1e3ae4f\" data-element_type=\"widget\" data-e-type=\"widget\" data-widget_type=\"text-editor.default\">\n\t\t\t\t<div class=\"elementor-widget-container\">\n\t\t\t\t\t\t\t\t\t<p><strong><em>T\u00e1mogathat\u00f3 tev\u00e9kenys\u00e9gek<\/em><\/strong> azok, amelyekben b\u00e1rmilyen t\u00e9m\u00e1j\u00fa projekt megval\u00f3s\u00edthat\u00f3, ami kapcsol\u00f3dik a k\u00f6znevel\u00e9shez, \u00f3vodai vagy iskolai keretek k\u00f6z\u00f6tt elv\u00e9gezhet\u0151 tev\u00e9kenys\u00e9gekre \u00e9p\u00fcl, \u00e9s \u00f6sszhangban van a Strat\u00e9giai partners\u00e9gek p\u00e1ly\u00e1zatt\u00edpus c\u00e9lkit\u0171z\u00e9seivel. A projektekben r\u00f6vid vagy hossz\u00fa t\u00e1v\u00fa k\u00fclf\u00f6ldi tan\u00e1ri, munkat\u00e1rsi \u00e9s tanul\u00f3i tev\u00e9kenys\u00e9gek is megval\u00f3s\u00edthat\u00f3k.<\/p>\t\t\t\t\t\t\t\t<\/div>\n\t\t\t\t<\/div>\n\t\t\t\t\t<\/div>\n\t\t<\/div>\n\t\t\t\t\t<\/div>\n\t\t<\/section>\n\t\t\t\t<\/div>\n\t\t","protected":false},"excerpt":{"rendered":"<p>K\u00f6znevel\u00e9si projektek az Erasmus+ programban Az Erasmus+ program keret\u00e9ben a k\u00f6znevel\u00e9si-, illetve a k\u00f6znevel\u00e9s ter\u00e9n akt\u00edv int\u00e9zm\u00e9nyek szakmai fejleszt\u00e9si c\u00e9ljaik el\u00e9r\u00e9se \u00e9rdek\u00e9ben mobilit\u00e1si \u00e9s partners\u00e9gi projektek megval\u00f3s\u00edt\u00e1s\u00e1hoz k\u00e9rhetnek t\u00e1mogat\u00e1st. Ezek a projektek tulajdonk\u00e9ppen int\u00e9zm\u00e9nyi tanul\u00e1si form\u00e1k, melyekben sz\u00e1mos tanul\u00e1si alkalom azonos\u00edthat\u00f3.\u00a0 A mobilit\u00e1si p\u00e1ly\u00e1zatokban a k\u00fclf\u00f6ldi mobilit\u00e1s a projekt f\u0151 eleme, a legfontosabb tanul\u00e1si alkalom, [&hellip;]<\/p>\n","protected":false},"author":4,"featured_media":0,"parent":0,"menu_order":0,"comment_status":"closed","ping_status":"closed","template":"","meta":{"footnotes":""},"class_list":["post-900","page","type-page","status-publish","hentry"],"_links":{"self":[{"href":"\/index.php\/wp-json\/wp\/v2\/pages\/900","targetHints":{"allow":["GET"]}}],"collection":[{"href":"\/index.php\/wp-json\/wp\/v2\/pages"}],"about":[{"href":"\/index.php\/wp-json\/wp\/v2\/types\/page"}],"author":[{"embeddable":true,"href":"\/index.php\/wp-json\/wp\/v2\/users\/4"}],"replies":[{"embeddable":true,"href":"\/index.php\/wp-json\/wp\/v2\/comments?post=900"}],"version-history":[{"count":5,"href":"\/index.php\/wp-json\/wp\/v2\/pages\/900\/revisions"}],"predecessor-version":[{"id":1154,"href":"\/index.php\/wp-json\/wp\/v2\/pages\/900\/revisions\/1154"}],"wp:attachment":[{"href":"\/index.php\/wp-json\/wp\/v2\/media?parent=900"}],"curies":[{"name":"wp","href":"https:\/\/api.w.org\/{rel}","templated":true}]}}