{"id":570,"date":"2020-04-22T14:52:13","date_gmt":"2020-04-22T13:52:13","guid":{"rendered":"\/?page_id=570"},"modified":"2021-12-16T10:07:19","modified_gmt":"2021-12-16T09:07:19","slug":"kepzeseink","status":"publish","type":"page","link":"\/index.php\/kepzeseink\/","title":{"rendered":"K\u00e9pz\u00e9seink"},"content":{"rendered":"<div data-post-id=\"176\" class=\"insert-page insert-page-176 \"><h1><a href=\"\/index.php\/technikum\/\">Technikum<\/a><\/h1>\n\t\t\t\t\t\t\t<p>A tanul\u00f3 el\u0151sz\u00f6r\u00a0\u00e1gazatot v\u00e1laszt, amivel a technikumban k\u00e9t \u00e9vig ismerkedik. 10. \u00e9vfolyam ut\u00e1n t\u00f6rt\u00e9nik a szakmav\u00e1laszt\u00e1s. A technikum\u00a0egyes\u00edti a gimn\u00e1zium \u00e9s a szakmatanul\u00e1s el\u0151nyeit. A k\u00e9pz\u00e9s sor\u00e1n matematik\u00e1b\u00f3l, magyarb\u00f3l, t\u00f6rt\u00e9nelemb\u0151l \u00e9s egy idegen nyelvb\u0151l ugyanazt a tananyagtartalmat, ugyanolyan \u00f3rasz\u00e1mban kell elsaj\u00e1t\u00edtani, mint a gimn\u00e1ziumban. Ezekb\u0151l a k\u00f6zismereti tant\u00e1rgyakb\u00f3l \u00e9retts\u00e9gi vizsg\u00e1val z\u00e1rul az oktat\u00e1s. \u00a0A technikumban [&hellip;]<\/p>\n<\/div>\n\n\n<div class=\"wp-block-group\"><div class=\"wp-block-group__inner-container is-layout-flow wp-block-group-is-layout-flow\">\n<figure class=\"wp-block-image size-large\"><img fetchpriority=\"high\" decoding=\"async\" width=\"1500\" height=\"765\" src=\"\/wp-content\/uploads\/2020\/04\/k\u00e9pz\u00e9seink-technikum.jpg\" alt=\"\" class=\"wp-image-598\" srcset=\"\/wp-content\/uploads\/2020\/04\/k\u00e9pz\u00e9seink-technikum.jpg 1500w, \/wp-content\/uploads\/2020\/04\/k\u00e9pz\u00e9seink-technikum-800x408.jpg 800w, \/wp-content\/uploads\/2020\/04\/k\u00e9pz\u00e9seink-technikum-768x392.jpg 768w\" sizes=\"(max-width: 1500px) 100vw, 1500px\" \/><\/figure>\n<\/div><\/div>\n\n\n\n<div style=\"height:50px\" aria-hidden=\"true\" class=\"wp-block-spacer\"><\/div>\n\n\n<div data-post-id=\"180\" class=\"insert-page insert-page-180 \"><h1><a href=\"\/index.php\/szakkepzo-iskola\/\">Szakk\u00e9pz\u0151 iskola<\/a><\/h1>\n\t\t\t\t\t\t\t<p>A szakk\u00e9pz\u0151 iskol\u00e1ban a mesteremberek k\u00e9pz\u00e9se t\u00f6rt\u00e9nik. Az\u00a0els\u0151 \u00e9v \u00e1gazati alapismereteket ad\u00f3 oktat\u00e1sb\u00f3l \u00e1ll, ezt k\u00f6vet\u0151en t\u00f6rt\u00e9nik a konkr\u00e9t szakma kiv\u00e1laszt\u00e1sa, \u00e9s a 9. \u00e9vfolyamot k\u00f6vet\u0151en m\u00e9g a\u00a0technikumi oktat\u00e1sba is v\u00e1ltani lehet. \u00a0A szakk\u00e9pz\u0151 iskola 9. \u00e9vfolyam\u00e1n az\u00a0\u00f6szt\u00f6nd\u00edj\u00a0havi 15 ezer forint minden tanul\u00f3 sz\u00e1m\u00e1ra, a 10. \u00e9s 11. \u00e9vfolyamra j\u00e1r\u00f3k pedig ak\u00e1r 10 \u00e9s 50 [&hellip;]<\/p>\n<\/div>\n\n\n<div class=\"wp-block-group\"><div class=\"wp-block-group__inner-container is-layout-flow wp-block-group-is-layout-flow\">\n<figure class=\"wp-block-image size-large\"><img decoding=\"async\" width=\"1500\" height=\"765\" src=\"\/wp-content\/uploads\/2020\/04\/k\u00e9pz\u00e9seink-szakk\u00e9pz\u0151-iskola.jpg\" alt=\"\" class=\"wp-image-512\" srcset=\"\/wp-content\/uploads\/2020\/04\/k\u00e9pz\u00e9seink-szakk\u00e9pz\u0151-iskola.jpg 1500w, \/wp-content\/uploads\/2020\/04\/k\u00e9pz\u00e9seink-szakk\u00e9pz\u0151-iskola-800x408.jpg 800w, \/wp-content\/uploads\/2020\/04\/k\u00e9pz\u00e9seink-szakk\u00e9pz\u0151-iskola-768x392.jpg 768w\" sizes=\"(max-width: 1500px) 100vw, 1500px\" \/><\/figure>\n\n\n\n<div class=\"wp-block-group\"><div class=\"wp-block-group__inner-container is-layout-flow wp-block-group-is-layout-flow\"><\/div><\/div>\n<\/div><\/div>\n\n\n\n<div style=\"height:50px\" aria-hidden=\"true\" class=\"wp-block-spacer\"><\/div>\n\n\n<div data-post-id=\"186\" class=\"insert-page insert-page-186 \"><h1><a href=\"\/index.php\/felnottkepzes\/\">Feln\u0151ttk\u00e9pz\u00e9s<\/a><\/h1>\n\t\t\t\t\t\t\t<p>Az \u00faj szakk\u00e9pz\u00e9si rendszer nagyobb rugalmass\u00e1got \u00e9s \u00e1tj\u00e1rhat\u00f3s\u00e1got biztos\u00edt a munkaer\u0151piacr\u00f3l az iskolarendszerbe, \u00edgy feln\u0151ttk\u00e9nt is lehet\u0151s\u00e9g van k\u00e9t szakma \u00e9s egy szakk\u00e9pes\u00edt\u00e9s ingyenes megszerz\u00e9s\u00e9re. Erre kiz\u00e1r\u00f3lag iskolai rendszer\u0171 szakk\u00e9pz\u00e9sben van lehet\u0151s\u00e9g, ez azonban nem jelenti, hogy a feln\u0151tteknek vissza kell \u00fclni az iskolapadba. A kell\u0151 rugalmass\u00e1g biztos\u00edt\u00e1sa \u00e9rdek\u00e9ben a szakmai oktat\u00e1s a feln\u0151ttek eset\u00e9ben [&hellip;]<\/p>\n<\/div>\n\n\n<div class=\"wp-block-group\"><div class=\"wp-block-group__inner-container is-layout-flow wp-block-group-is-layout-flow\">\n<figure class=\"wp-block-image size-large\"><img decoding=\"async\" width=\"1500\" height=\"765\" src=\"\/wp-content\/uploads\/2020\/07\/szakk\u00e9pz\u0151-pinc\u00e9r2.jpg\" alt=\"\" class=\"wp-image-1449\" srcset=\"\/wp-content\/uploads\/2020\/07\/szakk\u00e9pz\u0151-pinc\u00e9r2.jpg 1500w, \/wp-content\/uploads\/2020\/07\/szakk\u00e9pz\u0151-pinc\u00e9r2-800x408.jpg 800w, \/wp-content\/uploads\/2020\/07\/szakk\u00e9pz\u0151-pinc\u00e9r2-768x392.jpg 768w\" sizes=\"(max-width: 1500px) 100vw, 1500px\" \/><\/figure>\n<\/div><\/div>\n\n\n\n<div class=\"wp-block-group\"><div class=\"wp-block-group__inner-container is-layout-flow wp-block-group-is-layout-flow\">\n<div class=\"wp-block-group\"><div class=\"wp-block-group__inner-container is-layout-flow wp-block-group-is-layout-flow\"><\/div><\/div>\n<\/div><\/div>\n\n\n\n<p><\/p>\n","protected":false},"excerpt":{"rendered":"","protected":false},"author":4,"featured_media":767,"parent":0,"menu_order":0,"comment_status":"closed","ping_status":"closed","template":"","meta":{"footnotes":""},"class_list":["post-570","page","type-page","status-publish","has-post-thumbnail","hentry"],"_links":{"self":[{"href":"\/index.php\/wp-json\/wp\/v2\/pages\/570","targetHints":{"allow":["GET"]}}],"collection":[{"href":"\/index.php\/wp-json\/wp\/v2\/pages"}],"about":[{"href":"\/index.php\/wp-json\/wp\/v2\/types\/page"}],"author":[{"embeddable":true,"href":"\/index.php\/wp-json\/wp\/v2\/users\/4"}],"replies":[{"embeddable":true,"href":"\/index.php\/wp-json\/wp\/v2\/comments?post=570"}],"version-history":[{"count":9,"href":"\/index.php\/wp-json\/wp\/v2\/pages\/570\/revisions"}],"predecessor-version":[{"id":7649,"href":"\/index.php\/wp-json\/wp\/v2\/pages\/570\/revisions\/7649"}],"wp:featuredmedia":[{"embeddable":true,"href":"\/index.php\/wp-json\/wp\/v2\/media\/767"}],"wp:attachment":[{"href":"\/index.php\/wp-json\/wp\/v2\/media?parent=570"}],"curies":[{"name":"wp","href":"https:\/\/api.w.org\/{rel}","templated":true}]}}