{"id":49,"date":"2020-04-03T09:50:04","date_gmt":"2020-04-03T08:50:04","guid":{"rendered":"http:\/\/192.168.2.12\/?page_id=49"},"modified":"2024-09-30T14:03:23","modified_gmt":"2024-09-30T13:03:23","slug":"iskolank-tortenete","status":"publish","type":"page","link":"\/index.php\/iskolai-adatok\/iskolank-tortenete\/","title":{"rendered":"Iskol\u00e1nk t\u00f6rt\u00e9nete"},"content":{"rendered":"\t\t<div data-elementor-type=\"wp-page\" data-elementor-id=\"49\" class=\"elementor elementor-49\" data-elementor-post-type=\"page\">\n\t\t\t\t\t\t<section class=\"elementor-section elementor-top-section elementor-element elementor-element-d0ec4a4 elementor-section-boxed elementor-section-height-default elementor-section-height-default\" data-id=\"d0ec4a4\" data-element_type=\"section\" data-e-type=\"section\">\n\t\t\t\t\t\t<div class=\"elementor-container elementor-column-gap-default\">\n\t\t\t\t\t<div class=\"elementor-column elementor-col-100 elementor-top-column elementor-element elementor-element-4f36b6a\" data-id=\"4f36b6a\" data-element_type=\"column\" data-e-type=\"column\">\n\t\t\t<div class=\"elementor-widget-wrap elementor-element-populated\">\n\t\t\t\t\t\t<div class=\"elementor-element elementor-element-f3c9bcd elementor-widget elementor-widget-text-editor\" data-id=\"f3c9bcd\" data-element_type=\"widget\" data-e-type=\"widget\" data-widget_type=\"text-editor.default\">\n\t\t\t\t<div class=\"elementor-widget-container\">\n\t\t\t\t\t\t\t\t\t<p>Iskol\u00e1nk az 1954\/1955-\u00f6s tan\u00e9vben kezdte meg m\u0171k\u00f6d\u00e9s\u00e9t \u00c1llami Kereskedelmi Iskola n\u00e9ven. Az akkori 611-es Ipari Szakk\u00e9pz\u0151 Int\u00e9zetben kapott helyet a kereskedelmi \u00e9s vend\u00e9gl\u00e1t\u00f3ipari szakk\u00e9pz\u00e9s.<\/p>\t\t\t\t\t\t\t\t<\/div>\n\t\t\t\t<\/div>\n\t\t\t\t\t<\/div>\n\t\t<\/div>\n\t\t\t\t\t<\/div>\n\t\t<\/section>\n\t\t\t\t<section class=\"elementor-section elementor-top-section elementor-element elementor-element-604127b elementor-section-boxed elementor-section-height-default elementor-section-height-default\" data-id=\"604127b\" data-element_type=\"section\" data-e-type=\"section\">\n\t\t\t\t\t\t<div class=\"elementor-container elementor-column-gap-default\">\n\t\t\t\t\t<div class=\"elementor-column elementor-col-100 elementor-top-column elementor-element elementor-element-33b3254\" data-id=\"33b3254\" data-element_type=\"column\" data-e-type=\"column\">\n\t\t\t<div class=\"elementor-widget-wrap elementor-element-populated\">\n\t\t\t\t\t\t<div class=\"elementor-element elementor-element-255b88e elementor-widget elementor-widget-text-editor\" data-id=\"255b88e\" data-element_type=\"widget\" data-e-type=\"widget\" data-widget_type=\"text-editor.default\">\n\t\t\t\t<div class=\"elementor-widget-container\">\n\t\t\t\t\t\t\t\t\t<p><span style=\"font-size: inherit; text-align: inherit;\">Az 1966\/1967-es tan\u00e9vt\u0151l Kereskedelmi \u00e9s Vend\u00e9gl\u00e1t\u00f3ipari Szakmunk\u00e1sk\u00e9pz\u0151 Iskola n\u00e9ven m\u0171k\u00f6d\u00f6tt tov\u00e1bb az int\u00e9zm\u00e9ny.<\/span><\/p><p><span style=\"font-size: inherit; text-align: inherit;\">1973-t\u00f3l az iskola fel\u00fcgyelet\u00e9t a B\u00e9k\u00e9s Megyei Tan\u00e1cs V\u00e9grehajt\u00f3 Bizotts\u00e1ga M\u0171vel\u0151d\u00e9si Oszt\u00e1lya l\u00e1tta el. Ekkorra a tanul\u00f3l\u00e9tsz\u00e1m m\u00e1r 812 f\u0151 volt.<\/span><\/p>\t\t\t\t\t\t\t\t<\/div>\n\t\t\t\t<\/div>\n\t\t\t\t\t<\/div>\n\t\t<\/div>\n\t\t\t\t\t<\/div>\n\t\t<\/section>\n\t\t\t\t<section class=\"elementor-section elementor-top-section elementor-element elementor-element-fa73f7d elementor-section-boxed elementor-section-height-default elementor-section-height-default\" data-id=\"fa73f7d\" data-element_type=\"section\" data-e-type=\"section\">\n\t\t\t\t\t\t<div class=\"elementor-container elementor-column-gap-default\">\n\t\t\t\t\t<div class=\"elementor-column elementor-col-100 elementor-top-column elementor-element elementor-element-47b27b3\" data-id=\"47b27b3\" data-element_type=\"column\" data-e-type=\"column\">\n\t\t\t<div class=\"elementor-widget-wrap elementor-element-populated\">\n\t\t\t\t\t\t<div class=\"elementor-element elementor-element-71c4a19 elementor-widget elementor-widget-text-editor\" data-id=\"71c4a19\" data-element_type=\"widget\" data-e-type=\"widget\" data-widget_type=\"text-editor.default\">\n\t\t\t\t<div class=\"elementor-widget-container\">\n\t\t\t\t\t\t\t\t\t<p>Hossz\u00fa \u00e9vek ut\u00e1n \u2013 1975. janu\u00e1r 31-\u00e9n \u2013 \u00f6n\u00e1ll\u00f3 \u00e9p\u00fcletbe k\u00f6lt\u00f6zhettek a tanul\u00f3k \u00e9s oktat\u00f3k, birtokba vehett\u00e9k a Gyulai \u00fat 32. sz\u00e1m alatt l\u00e9trehozott \u00e9p\u00fcletet. Az \u00faj iskola\u00e9p\u00fcletben a tantermeken k\u00edv\u00fcl helyet kapott a k\u00f6nyvt\u00e1r, a tornaterem, \u00e9s kiszolg\u00e1l\u00f3 helyis\u00e9gek is biztos\u00edtott\u00e1k a korszer\u0171 m\u0171k\u00f6d\u00e9st. Kialak\u00edt\u00e1sra ker\u00fcltek a vend\u00e9gl\u00e1t\u00f3ipari oktat\u00f3termek \/tankonyha, cukr\u00e1szm\u0171hely\/, ami nagym\u00e9rt\u00e9kben hozz\u00e1j\u00e1rult a tanul\u00f3k sz\u00ednvonalas oktat\u00e1s\u00e1hoz.<\/p><p><span style=\"font-size: inherit; text-align: inherit;\">Az els\u0151 nagy oktat\u00e1sszervez\u00e9si v\u00e1ltoz\u00e1st az jelentette az int\u00e9zm\u00e9ny \u00e9let\u00e9ben, hogy az 1988\/1989-es tan\u00e9vben elindult a szakk\u00f6z\u00e9piskolai k\u00e9pz\u00e9s, emiatt Kereskedelmi \u00e9s Vend\u00e9gl\u00e1t\u00f3ipari Szakmunk\u00e1sk\u00e9pz\u0151 Iskola \u00e9s Kereskedelmi Szakk\u00f6z\u00e9piskol\u00e1ra v\u00e1ltozott az elnevez\u00e9s.<\/span><\/p>\t\t\t\t\t\t\t\t<\/div>\n\t\t\t\t<\/div>\n\t\t\t\t\t<\/div>\n\t\t<\/div>\n\t\t\t\t\t<\/div>\n\t\t<\/section>\n\t\t\t\t<section class=\"elementor-section elementor-top-section elementor-element elementor-element-3a7e2e1 elementor-section-boxed elementor-section-height-default elementor-section-height-default\" data-id=\"3a7e2e1\" data-element_type=\"section\" data-e-type=\"section\">\n\t\t\t\t\t\t<div class=\"elementor-container elementor-column-gap-default\">\n\t\t\t\t\t<div class=\"elementor-column elementor-col-100 elementor-top-column elementor-element elementor-element-f279a77\" data-id=\"f279a77\" data-element_type=\"column\" data-e-type=\"column\">\n\t\t\t<div class=\"elementor-widget-wrap elementor-element-populated\">\n\t\t\t\t\t\t<div class=\"elementor-element elementor-element-d1942e3 elementor-widget elementor-widget-text-editor\" data-id=\"d1942e3\" data-element_type=\"widget\" data-e-type=\"widget\" data-widget_type=\"text-editor.default\">\n\t\t\t\t<div class=\"elementor-widget-container\">\n\t\t\t\t\t\t\t\t\t<p><span style=\"font-size: inherit; text-align: inherit;\">Az 1998\/1999-es tan\u00e9vben csatlakozott az iskola a vil\u00e1gbanki k\u00e9pz\u00e9shez, mely azt jelentette, hogy a szakmai v\u00e9gzetts\u00e9get tov\u00e1bbi 1-2 \u00e9v tanul\u00e1st k\u00f6vet\u0151en lehetett megszerezni. Ugyanebben a tan\u00e9vben a Szolnoki Gazdas\u00e1gi F\u0151iskola mentor\u00e1l\u00e1s\u00e1val kereskedelmi szakmenedzser k\u00e9pz\u00e9s is indult, az iskola neve ekkor Kereskedelmi \u00e9s Vend\u00e9gl\u00e1t\u00f3ipari Szakk\u00e9pz\u0151 Iskola volt.<\/span><\/p>\t\t\t\t\t\t\t\t<\/div>\n\t\t\t\t<\/div>\n\t\t\t\t\t<\/div>\n\t\t<\/div>\n\t\t\t\t\t<\/div>\n\t\t<\/section>\n\t\t\t\t<section class=\"elementor-section elementor-top-section elementor-element elementor-element-2fae142 elementor-section-boxed elementor-section-height-default elementor-section-height-default\" data-id=\"2fae142\" data-element_type=\"section\" data-e-type=\"section\">\n\t\t\t\t\t\t<div class=\"elementor-container elementor-column-gap-default\">\n\t\t\t\t\t<div class=\"elementor-column elementor-col-100 elementor-top-column elementor-element elementor-element-32f37c2\" data-id=\"32f37c2\" data-element_type=\"column\" data-e-type=\"column\">\n\t\t\t<div class=\"elementor-widget-wrap elementor-element-populated\">\n\t\t\t\t\t\t<div class=\"elementor-element elementor-element-9dcc050 elementor-widget elementor-widget-text-editor\" data-id=\"9dcc050\" data-element_type=\"widget\" data-e-type=\"widget\" data-widget_type=\"text-editor.default\">\n\t\t\t\t<div class=\"elementor-widget-container\">\n\t\t\t\t\t\t\t\t\t<p><span style=\"white-space: pre-wrap;\">Az iskola 2004-ben \u00fcnnepelte fenn\u00e1ll\u00e1s\u00e1nak \u00f6tvenedik \u00e9vfordul\u00f3j\u00e1t. Ebb\u0151l az alkalomb\u00f3l febru\u00e1r 28-\u00e1n \u00fcnnep\u00e9lyes keretek k\u00f6z\u00f6tt felvette Zwack J\u00f3zsef \/1821-1915\/ nev\u00e9t. Az iskola \u00faj neve: Zwack J\u00f3zsef Kereskedelmi \u00e9s Vend\u00e9gl\u00e1t\u00f3ipari Szakk\u00e9pz\u0151 Iskola lett.<\/span><\/p>\t\t\t\t\t\t\t\t<\/div>\n\t\t\t\t<\/div>\n\t\t\t\t\t<\/div>\n\t\t<\/div>\n\t\t\t\t\t<\/div>\n\t\t<\/section>\n\t\t\t\t<section class=\"elementor-section elementor-top-section elementor-element elementor-element-1cf2ec8 elementor-section-boxed elementor-section-height-default elementor-section-height-default\" data-id=\"1cf2ec8\" data-element_type=\"section\" data-e-type=\"section\">\n\t\t\t\t\t\t<div class=\"elementor-container elementor-column-gap-default\">\n\t\t\t\t\t<div class=\"elementor-column elementor-col-100 elementor-top-column elementor-element elementor-element-441477a\" data-id=\"441477a\" data-element_type=\"column\" data-e-type=\"column\">\n\t\t\t<div class=\"elementor-widget-wrap elementor-element-populated\">\n\t\t\t\t\t\t<div class=\"elementor-element elementor-element-80354c9 elementor-widget elementor-widget-text-editor\" data-id=\"80354c9\" data-element_type=\"widget\" data-e-type=\"widget\" data-widget_type=\"text-editor.default\">\n\t\t\t\t<div class=\"elementor-widget-container\">\n\t\t\t\t\t\t\t\t\t<p><span style=\"font-size: inherit; text-align: inherit;\">2007. augusztus 1-\u00e9n h\u00e1rom iskola \u00f6sszevon\u00e1s\u00e1val j\u00f6tt l\u00e9tre a B\u00e9k\u00e9scsabai K\u00f6zponti Szakk\u00e9pz\u0151 Iskola \u00e9s Koll\u00e9gium, melynek a KERI is r\u00e9sze lett.<\/span><\/p>\n<p><span style=\"font-size: inherit; text-align: inherit;\">2013. szeptember 1-j\u00e9t\u0151l az iskola fenntart\u00f3ja a Klebelsberg Int\u00e9zm\u00e9nyfenntart\u00f3 K\u00f6zpont volt.<\/span><\/p>\n<p><span style=\"font-size: inherit; text-align: inherit;\">2014. febru\u00e1r 28-\u00e1n ker\u00fclt sor a n\u00e9vad\u00e1s 10. \u00e9vfordul\u00f3j\u00e1nak meg\u00fcnnepl\u00e9s\u00e9re a n\u00e9vad\u00f3 bronzszobr\u00e1nak felavat\u00e1s\u00e1val.<\/span><\/p>\n<p><span style=\"font-size: inherit; text-align: inherit;\">2015. j\u00falius 1-j\u00e9n \u00fajabb fenntart\u00f3v\u00e1lt\u00e1s k\u00f6vetkezett be, az iskola \u00faj neve: B\u00e9k\u00e9scsabai SZC&nbsp; Zwack J\u00f3zsef Kereskedelmi \u00e9s Vend\u00e9gl\u00e1t\u00f3ipari Szakk\u00e9pz\u0151 Iskol\u00e1ja.<\/span><span style=\"font-size: inherit; text-align: inherit;\"><br><\/span><\/p><p><span style=\"font-size: inherit; text-align: inherit;\">2016. szeptember 1-t\u0151l a <\/span><span style=\"font-size: inherit; text-align: inherit;\"><span style=\"font-size: inherit; text-align: inherit;\">B\u00e9k\u00e9scsabai SZC&nbsp; Zwack J\u00f3zsef Kereskedelmi \u00e9s Vend\u00e9gl\u00e1t\u00f3ipari Szakgimn\u00e1ziuma \u00e9s Szakk\u00f6z\u00e9piskol\u00e1ja nevet viselte iskol\u00e1nk eg\u00e9szen <\/span>2020. j\u00falius 1-ig, amikor is az \u00fajabb t\u00f6rv\u00e9nyi m\u00f3dos\u00edt\u00e1sok k\u00f6vetkezt\u00e9ben B\u00e9k\u00e9scsabai SZC&nbsp; Zwack J\u00f3zsef Technikum \u00e9s Szakk\u00e9pz\u0151 Iskola n\u00e9ven folytatja megszokott oktat\u00f3-nevel\u0151 munk\u00e1j\u00e1t.<\/span>\n<\/p>\t\t\t\t\t\t\t\t<\/div>\n\t\t\t\t<\/div>\n\t\t\t\t\t<\/div>\n\t\t<\/div>\n\t\t\t\t\t<\/div>\n\t\t<\/section>\n\t\t\t\t<section class=\"elementor-section elementor-top-section elementor-element elementor-element-9f3f44e elementor-section-boxed elementor-section-height-default elementor-section-height-default\" data-id=\"9f3f44e\" data-element_type=\"section\" data-e-type=\"section\">\n\t\t\t\t\t\t<div class=\"elementor-container elementor-column-gap-default\">\n\t\t\t\t\t<div class=\"elementor-column elementor-col-100 elementor-top-column elementor-element elementor-element-b2f67b5\" data-id=\"b2f67b5\" data-element_type=\"column\" data-e-type=\"column\">\n\t\t\t<div class=\"elementor-widget-wrap elementor-element-populated\">\n\t\t\t\t\t\t<div class=\"elementor-element elementor-element-7214f8b elementor-widget elementor-widget-text-editor\" data-id=\"7214f8b\" data-element_type=\"widget\" data-e-type=\"widget\" data-widget_type=\"text-editor.default\">\n\t\t\t\t<div class=\"elementor-widget-container\">\n\t\t\t\t\t\t\t\t\t<p>K\u00e9pz\u00e9si profilunk viszonylag \u00e1lland\u00f3, c\u00e9lunk a kereskedelmi \u00e9s vend\u00e9gl\u00e1t\u00f3ipari gazdas\u00e1gi t\u00e1rsas\u00e1gok r\u00e9sz\u00e9re professzion\u00e1lis szakemberek k\u00e9pz\u00e9se.<\/p>\t\t\t\t\t\t\t\t<\/div>\n\t\t\t\t<\/div>\n\t\t\t\t\t<\/div>\n\t\t<\/div>\n\t\t\t\t\t<\/div>\n\t\t<\/section>\n\t\t\t\t<section class=\"elementor-section elementor-top-section elementor-element elementor-element-1cab336 elementor-section-boxed elementor-section-height-default elementor-section-height-default\" data-id=\"1cab336\" data-element_type=\"section\" data-e-type=\"section\">\n\t\t\t\t\t\t<div class=\"elementor-container elementor-column-gap-default\">\n\t\t\t\t\t<div class=\"elementor-column elementor-col-100 elementor-top-column elementor-element elementor-element-79ab673\" data-id=\"79ab673\" data-element_type=\"column\" data-e-type=\"column\">\n\t\t\t<div class=\"elementor-widget-wrap elementor-element-populated\">\n\t\t\t\t\t\t<div class=\"elementor-element elementor-element-93ad126 elementor-widget elementor-widget-text-editor\" data-id=\"93ad126\" data-element_type=\"widget\" data-e-type=\"widget\" data-widget_type=\"text-editor.default\">\n\t\t\t\t<div class=\"elementor-widget-container\">\n\t\t\t\t\t\t\t\t\t<p>Az iskola igazgat\u00f3i (1954-2024)<\/p><p>\u00a0<\/p><p>1954-1963\u00a0\u00a0\u00a0\u00a0\u00a0\u00a0\u00a0 Befogad\u00f3 iskola igazgat\u00f3ja<\/p><p>1963-1975\u00a0\u00a0\u00a0\u00a0\u00a0\u00a0\u00a0 D\u00e9r M\u00e1ria<\/p><p>1975-1986\u00a0\u00a0\u00a0\u00a0\u00a0\u00a0\u00a0 Dr. Fekete Antaln\u00e9<\/p><p>1986-1987\u00a0\u00a0\u00a0\u00a0\u00a0\u00a0\u00a0 Zsil\u00e1k Gy\u00f6rgy mb.<\/p><p>1987-1997\u00a0\u00a0\u00a0\u00a0\u00a0\u00a0\u00a0 Lehoczki L\u00e1szl\u00f3 Mih\u00e1ly<\/p><p>1997-2014\u00a0\u00a0\u00a0\u00a0\u00a0\u00a0 Benk\u00f3n\u00e9 Dud\u00e1s Piroska<\/p><p>2014-\u00a0\u00a0\u00a0\u00a0\u00a0\u00a0\u00a0\u00a0\u00a0\u00a0\u00a0\u00a0\u00a0\u00a0\u00a0\u00a0 Eke Ibolya M\u00e1ria<\/p>\t\t\t\t\t\t\t\t<\/div>\n\t\t\t\t<\/div>\n\t\t\t\t\t<\/div>\n\t\t<\/div>\n\t\t\t\t\t<\/div>\n\t\t<\/section>\n\t\t\t\t<\/div>\n\t\t","protected":false},"excerpt":{"rendered":"<p>Iskol\u00e1nk az 1954\/1955-\u00f6s tan\u00e9vben kezdte meg m\u0171k\u00f6d\u00e9s\u00e9t \u00c1llami Kereskedelmi Iskola n\u00e9ven. Az akkori 611-es Ipari Szakk\u00e9pz\u0151 Int\u00e9zetben kapott helyet a kereskedelmi \u00e9s vend\u00e9gl\u00e1t\u00f3ipari szakk\u00e9pz\u00e9s. Az 1966\/1967-es tan\u00e9vt\u0151l Kereskedelmi \u00e9s Vend\u00e9gl\u00e1t\u00f3ipari Szakmunk\u00e1sk\u00e9pz\u0151 Iskola n\u00e9ven m\u0171k\u00f6d\u00f6tt tov\u00e1bb az int\u00e9zm\u00e9ny. 1973-t\u00f3l az iskola fel\u00fcgyelet\u00e9t a B\u00e9k\u00e9s Megyei Tan\u00e1cs V\u00e9grehajt\u00f3 Bizotts\u00e1ga M\u0171vel\u0151d\u00e9si Oszt\u00e1lya l\u00e1tta el. Ekkorra a tanul\u00f3l\u00e9tsz\u00e1m m\u00e1r [&hellip;]<\/p>\n","protected":false},"author":4,"featured_media":337,"parent":238,"menu_order":0,"comment_status":"closed","ping_status":"closed","template":"","meta":{"footnotes":""},"class_list":["post-49","page","type-page","status-publish","has-post-thumbnail","hentry"],"_links":{"self":[{"href":"\/index.php\/wp-json\/wp\/v2\/pages\/49","targetHints":{"allow":["GET"]}}],"collection":[{"href":"\/index.php\/wp-json\/wp\/v2\/pages"}],"about":[{"href":"\/index.php\/wp-json\/wp\/v2\/types\/page"}],"author":[{"embeddable":true,"href":"\/index.php\/wp-json\/wp\/v2\/users\/4"}],"replies":[{"embeddable":true,"href":"\/index.php\/wp-json\/wp\/v2\/comments?post=49"}],"version-history":[{"count":29,"href":"\/index.php\/wp-json\/wp\/v2\/pages\/49\/revisions"}],"predecessor-version":[{"id":43936,"href":"\/index.php\/wp-json\/wp\/v2\/pages\/49\/revisions\/43936"}],"up":[{"embeddable":true,"href":"\/index.php\/wp-json\/wp\/v2\/pages\/238"}],"wp:featuredmedia":[{"embeddable":true,"href":"\/index.php\/wp-json\/wp\/v2\/media\/337"}],"wp:attachment":[{"href":"\/index.php\/wp-json\/wp\/v2\/media?parent=49"}],"curies":[{"name":"wp","href":"https:\/\/api.w.org\/{rel}","templated":true}]}}