{"id":44576,"date":"2024-10-17T08:11:17","date_gmt":"2024-10-17T07:11:17","guid":{"rendered":"\/?page_id=44576"},"modified":"2025-09-11T21:41:37","modified_gmt":"2025-09-11T20:41:37","slug":"0310-fitness-wellness-instruktor","status":"publish","type":"page","link":"\/index.php\/0310-fitness-wellness-instruktor\/","title":{"rendered":"0310 Fitness-wellness instruktor"},"content":{"rendered":"\t\t<div data-elementor-type=\"wp-page\" data-elementor-id=\"44576\" class=\"elementor elementor-44576\" data-elementor-post-type=\"page\">\n\t\t\t\t\t\t<section class=\"elementor-section elementor-top-section elementor-element elementor-element-34c4f51 elementor-section-boxed elementor-section-height-default elementor-section-height-default\" data-id=\"34c4f51\" data-element_type=\"section\" data-e-type=\"section\">\n\t\t\t\t\t\t<div class=\"elementor-container elementor-column-gap-default\">\n\t\t\t\t\t<div class=\"elementor-column elementor-col-100 elementor-top-column elementor-element elementor-element-401bca6\" data-id=\"401bca6\" data-element_type=\"column\" data-e-type=\"column\">\n\t\t\t<div class=\"elementor-widget-wrap elementor-element-populated\">\n\t\t\t\t\t\t<div class=\"elementor-element elementor-element-555e95a elementor-widget elementor-widget-text-editor\" data-id=\"555e95a\" data-element_type=\"widget\" data-e-type=\"widget\" data-widget_type=\"text-editor.default\">\n\t\t\t\t<div class=\"elementor-widget-container\">\n\t\t\t\t\t\t\t\t\t<p>Sport \u00e1gazat k\u00e9pz\u00e9se, amely \u00e9retts\u00e9gi \u00e9s technikusi szint\u0171 szakk\u00e9pzetts\u00e9g megszerz\u00e9s\u00e9vel z\u00e1rul.<\/p><p>A \ufb01tness-wellness instruktor sz\u00e9les b\u00e1zis\u00fa sport- \u00e9s mozg\u00e1studom\u00e1nyi alaptud\u00e1s birtok\u00e1ban tervez, szervez \u00e9s vezet csoportos-, illetve egy\u00e9ni edz\u00e9seket, edz\u00e9sprogramokat rekre\u00e1ci\u00f3s sportl\u00e9tes\u00edtm\u00e9nyekben (pl.: \ufb01tnesz-, wellness klubok, sz\u00e1llod\u00e1k wellness r\u00e9szlegei, uszod\u00e1k, szabadid\u0151k\u00f6zpontok, tornatermek stb.). Tev\u00e9kenys\u00e9ge a lakoss\u00e1g eg\u00e9szs\u00e9gi \u00e1llapot\u00e1nak jav\u00edt\u00e1s\u00e1ra ir\u00e1nyul, n\u00e9pszer\u0171s\u00edti az eg\u00e9szs\u00e9ges \u00e9letm\u00f3dot, az eg\u00e9szs\u00e9gmeg\u0151rz\u00e9st \u00e9s a mozg\u00e1sprogramokat. Seg\u00edti az \u00fcgyfelet abban, hogy megtal\u00e1lja az \u00e9rdekl\u0151d\u00e9s\u00e9nek, az edzetts\u00e9gi szintj\u00e9nek, a testalkat\u00e1nak, a \ufb01zikai \u00e1llapot\u00e1nak megfelel\u0151 rekre\u00e1ci\u00f3s mozg\u00e1sprogramot.<\/p><p>A sportfoglalkoz\u00e1sok vezet\u00e9s\u00e9n t\u00fal az \u00e9rintett l\u00e9tes\u00edtm\u00e9nyekben \u00fcgyf\u00e9lszolg\u00e1lati, recepci\u00f3s \u00e9s marketingkommunik\u00e1ci\u00f3s feladatokat is ell\u00e1t. T\u00e1j\u00e9koztat\u00e1st ad az \u00fcgyfeleknek a \ufb01tnesz-wellness l\u00e9tes\u00edtm\u00e9ny balesetv\u00e9delmi \u00e9s biztons\u00e1gi el\u0151\u00edr\u00e1sair\u00f3l, szolg\u00e1ltat\u00e1sair\u00f3l, a g\u00e9ppark, az eszk\u00f6z\u00f6k \u00e9s a berendez\u00e9sek rendeltet\u00e9sszer\u0171 haszn\u00e1lat\u00e1r\u00f3l. A \ufb01tnesz-wellness l\u00e9tes\u00edtm\u00e9ny balesetv\u00e9delmi \u00e9s biztons\u00e1gi el\u0151\u00edr\u00e1sait betartja \u00e9s betartatja.<\/p><p>Aj\u00e1nlott minden fiatal sz\u00e1m\u00e1ra, akinek a sport, sportol\u00e1s ir\u00e1nti elk\u00f6telezetts\u00e9ge oly m\u00e9rt\u00e9k\u0171, hogy sz\u00edvesen v\u00e1lasztja ezt a ter\u00fcletet hivat\u00e1s\u00e1ul.<\/p>\t\t\t\t\t\t\t\t<\/div>\n\t\t\t\t<\/div>\n\t\t\t\t\t<\/div>\n\t\t<\/div>\n\t\t\t\t\t<\/div>\n\t\t<\/section>\n\t\t\t\t<section class=\"elementor-section elementor-top-section elementor-element elementor-element-1a16b24 elementor-section-boxed elementor-section-height-default elementor-section-height-default\" data-id=\"1a16b24\" data-element_type=\"section\" data-e-type=\"section\">\n\t\t\t\t\t\t<div class=\"elementor-container elementor-column-gap-default\">\n\t\t\t\t\t<div class=\"elementor-column elementor-col-100 elementor-top-column elementor-element elementor-element-770c4c7\" data-id=\"770c4c7\" data-element_type=\"column\" data-e-type=\"column\">\n\t\t\t<div class=\"elementor-widget-wrap elementor-element-populated\">\n\t\t\t\t\t\t<div class=\"elementor-element elementor-element-d5239c6 elementor-widget elementor-widget-text-editor\" data-id=\"d5239c6\" data-element_type=\"widget\" data-e-type=\"widget\" data-widget_type=\"text-editor.default\">\n\t\t\t\t<div class=\"elementor-widget-container\">\n\t\t\t\t\t\t\t\t\t<p><strong>Kompetenciaelv\u00e1r\u00e1s<\/strong><\/p><p>Kimagasl\u00f3 mozg\u00e1skoordin\u00e1ci\u00f3, sportokban val\u00f3 j\u00e1rtass\u00e1g, j\u00f3 \ufb01zikum \u00e9s ritmus\u00e9rz\u00e9k, kommunik\u00e1ci\u00f3s k\u00e9szs\u00e9g, szakmai fejl\u0151d\u00e9s ir\u00e1ny\u00edt\u00e1sa.<\/p>\t\t\t\t\t\t\t\t<\/div>\n\t\t\t\t<\/div>\n\t\t\t\t\t<\/div>\n\t\t<\/div>\n\t\t\t\t\t<\/div>\n\t\t<\/section>\n\t\t\t\t<section class=\"elementor-section elementor-top-section elementor-element elementor-element-b8829fa elementor-section-boxed elementor-section-height-default elementor-section-height-default\" data-id=\"b8829fa\" data-element_type=\"section\" data-e-type=\"section\">\n\t\t\t\t\t\t<div class=\"elementor-container elementor-column-gap-default\">\n\t\t\t\t\t<div class=\"elementor-column elementor-col-100 elementor-top-column elementor-element elementor-element-5c70046\" data-id=\"5c70046\" data-element_type=\"column\" data-e-type=\"column\">\n\t\t\t<div class=\"elementor-widget-wrap elementor-element-populated\">\n\t\t\t\t\t\t<div class=\"elementor-element elementor-element-3bb97e3 elementor-widget elementor-widget-text-editor\" data-id=\"3bb97e3\" data-element_type=\"widget\" data-e-type=\"widget\" data-widget_type=\"text-editor.default\">\n\t\t\t\t<div class=\"elementor-widget-container\">\n\t\t\t\t\t\t\t\t\t<p><strong>A szakk\u00e9pzetts\u00e9ggel rendelkez\u0151<\/strong><\/p><ul><li class=\"css-0\">a fizikai aktivit\u00e1s fontoss\u00e1g\u00e1t terjeszti, az \u00e1ltala oktatott mozg\u00e1sprogramokat n\u00e9pszer\u0171s\u00edti;<\/li><li class=\"css-0\">v\u00e1ltozatos hangulat\u00fa, dinamik\u00e1j\u00fa \u00e9s edz\u00e9s hat\u00e1s\u00fa zen\u00e9s \u00f3ra fajt\u00e1kat tart;<\/li><li class=\"css-0\">k\u00e9pes csoportos \u00e9s egy\u00e9ni v\u00edzi edz\u00e9sprogramokat vezetni;<\/li><li class=\"css-0\">a csoport tud\u00e1sszintj\u00e9nek megfelel\u0151 gyakorlat anyagot \u00e1ll\u00edt \u00f6ssze, a terhel\u00e9s intenzit\u00e1s megfelel\u0151 m\u00f3don szab\u00e1lyozza;<\/li><li class=\"css-0\">a gyakorlatokat bemutatja \u00e9s megtan\u00edtja;<\/li><li class=\"css-0\">a kellemes csoportl\u00e9gk\u00f6rt megteremti, a csoporttagokat motiv\u00e1lja;<\/li><li class=\"css-0\">\u00e9letkori saj\u00e1toss\u00e1goknak megfelel\u0151 \u00e9s egy\u00e9b speci\u00e1lis csoportos foglalkoz\u00e1sokat tervez \u00e9s vezet;<\/li><li class=\"css-0\">a hib\u00e1kat felismeri, kijav\u00edtja, a s\u00e9r\u00fcl\u00e9seket megel\u0151zi;<\/li><li class=\"css-0\">sz\u00fcks\u00e9g eset\u00e9n els\u0151seg\u00e9lyny\u00fajt\u00e1si feladatokat l\u00e1t el;<\/li><li class=\"css-0\">az er\u0151fejleszt\u0151 \u00e9s kardio-g\u00e9peken v\u00e9gzett egy\u00e9ni edz\u00e9seket szakszer\u0171en fel\u00fcgyeli;<\/li><li class=\"css-0\">kapcsol\u00f3d\u00f3 adminisztrat\u00edv feladatokat l\u00e1t el.<\/li><\/ul>\t\t\t\t\t\t\t\t<\/div>\n\t\t\t\t<\/div>\n\t\t\t\t\t<\/div>\n\t\t<\/div>\n\t\t\t\t\t<\/div>\n\t\t<\/section>\n\t\t\t\t<\/div>\n\t\t","protected":false},"excerpt":{"rendered":"<p>Sport \u00e1gazat k\u00e9pz\u00e9se, amely \u00e9retts\u00e9gi \u00e9s technikusi szint\u0171 szakk\u00e9pzetts\u00e9g megszerz\u00e9s\u00e9vel z\u00e1rul. A \ufb01tness-wellness instruktor sz\u00e9les b\u00e1zis\u00fa sport- \u00e9s mozg\u00e1studom\u00e1nyi alaptud\u00e1s birtok\u00e1ban tervez, szervez \u00e9s vezet csoportos-, illetve egy\u00e9ni edz\u00e9seket, edz\u00e9sprogramokat rekre\u00e1ci\u00f3s sportl\u00e9tes\u00edtm\u00e9nyekben (pl.: \ufb01tnesz-, wellness klubok, sz\u00e1llod\u00e1k wellness r\u00e9szlegei, uszod\u00e1k, szabadid\u0151k\u00f6zpontok, tornatermek stb.). Tev\u00e9kenys\u00e9ge a lakoss\u00e1g eg\u00e9szs\u00e9gi \u00e1llapot\u00e1nak jav\u00edt\u00e1s\u00e1ra ir\u00e1nyul, n\u00e9pszer\u0171s\u00edti az eg\u00e9szs\u00e9ges \u00e9letm\u00f3dot, az [&hellip;]<\/p>\n","protected":false},"author":4,"featured_media":0,"parent":0,"menu_order":0,"comment_status":"closed","ping_status":"closed","template":"","meta":{"footnotes":""},"class_list":["post-44576","page","type-page","status-publish","hentry"],"_links":{"self":[{"href":"\/index.php\/wp-json\/wp\/v2\/pages\/44576","targetHints":{"allow":["GET"]}}],"collection":[{"href":"\/index.php\/wp-json\/wp\/v2\/pages"}],"about":[{"href":"\/index.php\/wp-json\/wp\/v2\/types\/page"}],"author":[{"embeddable":true,"href":"\/index.php\/wp-json\/wp\/v2\/users\/4"}],"replies":[{"embeddable":true,"href":"\/index.php\/wp-json\/wp\/v2\/comments?post=44576"}],"version-history":[{"count":5,"href":"\/index.php\/wp-json\/wp\/v2\/pages\/44576\/revisions"}],"predecessor-version":[{"id":54125,"href":"\/index.php\/wp-json\/wp\/v2\/pages\/44576\/revisions\/54125"}],"wp:attachment":[{"href":"\/index.php\/wp-json\/wp\/v2\/media?parent=44576"}],"curies":[{"name":"wp","href":"https:\/\/api.w.org\/{rel}","templated":true}]}}