{"id":388,"date":"2020-04-15T14:01:04","date_gmt":"2020-04-15T13:01:04","guid":{"rendered":"\/?page_id=388"},"modified":"2025-09-11T20:37:24","modified_gmt":"2025-09-11T19:37:24","slug":"vendeglatoipar-elmelet-munkakozosseg","status":"publish","type":"page","link":"\/index.php\/vendeglatoipar-elmelet-munkakozosseg\/","title":{"rendered":"Vend\u00e9gl\u00e1t\u00f3ipar (elm\u00e9let) munkak\u00f6z\u00f6ss\u00e9g"},"content":{"rendered":"\t\t<div data-elementor-type=\"wp-page\" data-elementor-id=\"388\" class=\"elementor elementor-388\" data-elementor-post-type=\"page\">\n\t\t\t\t\t\t<section class=\"elementor-section elementor-top-section elementor-element elementor-element-8ef0534 elementor-section-boxed elementor-section-height-default elementor-section-height-default\" data-id=\"8ef0534\" data-element_type=\"section\" data-e-type=\"section\">\n\t\t\t\t\t\t<div class=\"elementor-container elementor-column-gap-default\">\n\t\t\t\t\t<div class=\"elementor-column elementor-col-100 elementor-top-column elementor-element elementor-element-309bcad\" data-id=\"309bcad\" data-element_type=\"column\" data-e-type=\"column\">\n\t\t\t<div class=\"elementor-widget-wrap elementor-element-populated\">\n\t\t\t\t\t\t<div class=\"elementor-element elementor-element-8777123 elementor-widget elementor-widget-text-editor\" data-id=\"8777123\" data-element_type=\"widget\" data-e-type=\"widget\" data-widget_type=\"text-editor.default\">\n\t\t\t\t<div class=\"elementor-widget-container\">\n\t\t\t\t\t\t\t\t\t<p style=\"text-align: center;\"><strong>Tisztelt L\u00e1togat\u00f3!<\/strong><\/p><p><em>\u201eVend\u00e9g\u00fcl l\u00e1tni valakit\u00a0annyi, mint felel\u0151ss\u00e9get v\u00e1llalni j\u00f3l\u00e9t\u00e9r\u0151l mindaddig, am\u00edg fedel\u00fcnk alatt marad\u201d<\/em><\/p><p style=\"text-align: right;\">\/Brillant-Savarin\/<\/p><p><span style=\"color: #000000;\">Munkak\u00f6z\u00f6ss\u00e9g\u00fcnk t\u00f6bb mint harminc \u00e9ve m\u0171k\u00f6dik a vend\u00e9gl\u00e1t\u00f3 szakmacsoportba tartoz\u00f3 szakk\u00e9pes\u00edt\u00e9sek biztos b\u00e1zisak\u00e9nt. \u00a0El\u0151deink \u00e9s jelenlegi koll\u00e9g\u00e1ink hatalmas tud\u00e1st, szakmai tapasztalatot halmoztak fel. Ezt a meg\u00fajul\u00f3 \u00e9s gazdagod\u00f3 ismerett\u00e1rat k\u00edn\u00e1ljuk hasznos\u00edt\u00e1sra tanul\u00f3ink kompetenci\u00e1inak fejleszt\u00e9s\u00e9hez.<\/span><\/p><p><span style=\"color: #000000;\"><strong>Munkak\u00f6z\u00f6ss\u00e9g\u00fcnk f\u0151 c\u00e9lkit\u0171z\u00e9sei:<\/strong><\/span><\/p><ol><li><span style=\"color: #000000;\"><strong>Fontosnak tartjuk a piaci ig\u00e9nyeknek val\u00f3 megfelel\u00e9st.<\/strong>\u00a0A vend\u00e9gl\u00e1t\u00e1s, idegenforgalom napjaink legdinamikusabban fejl\u0151d\u0151 gazdas\u00e1gi \u00e1gazata. Munkak\u00f6z\u00f6ss\u00e9g\u00fcnk a munkaer\u0151-piaci ig\u00e9nyekhez alkalmazkod\u00f3 t\u00e1rgyi, szem\u00e9lyi \u00e9s naprak\u00e9sz er\u0151forr\u00e1sokkal szolg\u00e1lja a tanul\u00f3k fejl\u0151d\u00e9s\u00e9t.<\/span><\/li><li><span style=\"color: #000000;\"><strong>Fontosnak tartjuk a min\u0151s\u00e9gi szakmai k\u00e9pz\u00e9st.<\/strong>\u00a0Szakmai programjainkat folyamatosan fel\u00fclvizsg\u00e1ljuk, modern, v\u00e1ltozatos, egy\u00e9nhez igazod\u00f3 szakmai m\u00f3dszertani palett\u00e1val rendelkez\u00fcnk.<\/span><\/li><li><span style=\"color: #000000;\"><strong>Fontosnak tartjuk a partnerekkel val\u00f3 kapcsolat\u00e1pol\u00e1st.\u00a0<\/strong>Kiv\u00e1l\u00f3 kapcsolatokat \u00e9p\u00edtett\u00fcnk ki r\u00e9gi\u00f3nk sikeresen m\u0171k\u00f6d\u0151 turisztikai v\u00e1llalkoz\u00e1saival, szakmai \u00e9rdekszervezetekkel. Iskol\u00e1nk tagja a Magyar Gasztron\u00f3miai Sz\u00f6vets\u00e9gnek.<\/span><\/li><li><span style=\"color: #000000;\"><strong>Fontosnak tarjuk az innovat\u00edv t\u00e1rgyi k\u00f6rnyezet megteremt\u00e9s\u00e9t.\u00a0<\/strong>Iskol\u00e1nk 3 tankonyh\u00e1val, modern tan-cukr\u00e1szm\u0171hellyel, \u00e9s 3 pinc\u00e9r kabinettel rendelkezik. Di\u00e1kjaink a legmodernebb eszk\u00f6z\u00f6kkel saj\u00e1t\u00edtj\u00e1k el szakm\u00e1juk fort\u00e9lyait.<\/span><\/li><li><span style=\"color: #000000;\"><strong>Fontosnak tartjuk koll\u00e9g\u00e1ink folyamatos szakmai fejl\u0151d\u00e9s\u00e9t.\u00a0<\/strong>Rendszeresen szervez\u00fcnk szakmai- \u00e9s pedag\u00f3giai tov\u00e1bbk\u00e9pz\u00e9seket, r\u00e9szt vesz\u00fcnk szakmai- \u00e9s tanulm\u00e1nyi versenyeken. El\u00e9rt eredm\u00e9nyeink igazolj\u00e1k a pedag\u00f3gusok \u00e9s di\u00e1kjaink elhivatotts\u00e1g\u00e1t.<\/span><\/li><li><span style=\"color: #000000;\"><strong>Fontosnak tarjuk di\u00e1kjaink szakmai motiv\u00e1ci\u00f3j\u00e1nak er\u0151s\u00edt\u00e9s\u00e9t.<\/strong>\u00a0A szakmai \u00e9letc\u00e9l felv\u00e1zol\u00e1s\u00e1val er\u0151s\u00edtj\u00fck di\u00e1kjaink fejl\u0151d\u00e9s\u00e9t. Tanul\u00f3ink elhelyezked\u00e9si es\u00e9lyei j\u00f3k, a tanul\u00f3 \u00e9veik alatt teljes\u00edtett \u00fczemi gyakorlat id\u0151tartama munkaviszonyk\u00e9nt elismert, versenyeken szerzett eredm\u00e9nyeik komoly szakmai elismer\u00e9sk\u00e9nt n\u00f6velik elhelyezked\u00e9si es\u00e9ly\u00fcket.<\/span><\/li><li><span style=\"color: #000000;\"><strong>Fontosnak tartjuk hagyom\u00e1nyaink \u00e1pol\u00e1s\u00e1t.<\/strong>\u00a0\u00c9vr\u0151l-\u00e9vre megrendezz\u00fck d\u00edszmunka-bemutat\u00f3nkat, ahol v\u00e9gz\u0151s di\u00e1kjaink mutatj\u00e1k meg szakmai felk\u00e9sz\u00fclts\u00e9g\u00fcket. 2009-ben ker\u00fclt el\u0151sz\u00f6r megrendez\u00e9sre a vend\u00e9gl\u00e1t\u00f3s napunk, mely azonnal hatalmas sikert aratott. A rendezv\u00e9ny hagyom\u00e1nyteremt\u0151, minden tavasszal v\u00e1rjuk a kedves \u00e9rdekl\u0151d\u0151ket. Az esem\u00e9ny aktu\u00e1lis id\u0151pontj\u00e1t honlapunkon megtal\u00e1lj\u00e1k.<\/span><\/li><\/ol><p><span style=\"color: #000000;\">A c\u00e9lok megval\u00f3s\u00edt\u00e1s\u00e1nak garanci\u00e1ja a szakmailag elhivatott, rendk\u00edv\u00fcl dinamikus, kreat\u00edv, alkot\u00f3 munkak\u00f6z\u00f6ss\u00e9g.<\/span><\/p><p><span style=\"color: #000000;\">Honlapunk tov\u00e1bbi oldalain \u00d6n r\u00e9szletesen megismerkedhet munk\u00e1nkkal, oktat\u00f3ink tev\u00e9kenys\u00e9g\u00e9vel, eredm\u00e9nyeinkkel, szolg\u00e1ltat\u00e1sainkkal.<\/span><\/p><p style=\"text-align: center;\"><span style=\"color: #000000;\">K\u00f6sz\u00f6nj\u00fck, hogy \u00e9rdekl\u0151d\u00e9s\u00e9vel megtisztelt benn\u00fcnket! B\u00edzunk benne, hogy \u00d6n is szakmai partner\u00fcnkk\u00e9, di\u00e1kk\u00f6z\u00f6ss\u00e9g\u00fcnk r\u00e9sz\u00e9v\u00e9 v\u00e1lik!<\/span><\/p>\t\t\t\t\t\t\t\t<\/div>\n\t\t\t\t<\/div>\n\t\t\t\t\t<\/div>\n\t\t<\/div>\n\t\t\t\t\t<\/div>\n\t\t<\/section>\n\t\t\t\t<section class=\"elementor-section elementor-top-section elementor-element elementor-element-2244c95 elementor-section-boxed elementor-section-height-default elementor-section-height-default\" data-id=\"2244c95\" data-element_type=\"section\" data-e-type=\"section\">\n\t\t\t\t\t\t<div class=\"elementor-container elementor-column-gap-default\">\n\t\t\t\t\t<div class=\"elementor-column elementor-col-100 elementor-top-column elementor-element elementor-element-f0cd559\" data-id=\"f0cd559\" data-element_type=\"column\" data-e-type=\"column\">\n\t\t\t<div class=\"elementor-widget-wrap\">\n\t\t\t\t\t\t\t<\/div>\n\t\t<\/div>\n\t\t\t\t\t<\/div>\n\t\t<\/section>\n\t\t\t\t<section class=\"elementor-section elementor-top-section elementor-element elementor-element-725386b elementor-section-boxed elementor-section-height-default elementor-section-height-default\" data-id=\"725386b\" data-element_type=\"section\" data-e-type=\"section\">\n\t\t\t\t\t\t<div class=\"elementor-container elementor-column-gap-default\">\n\t\t\t\t\t<div class=\"elementor-column elementor-col-100 elementor-top-column elementor-element elementor-element-612234d\" data-id=\"612234d\" data-element_type=\"column\" data-e-type=\"column\">\n\t\t\t<div class=\"elementor-widget-wrap elementor-element-populated\">\n\t\t\t\t\t\t<div class=\"elementor-element elementor-element-4fa0aab elementor-widget elementor-widget-text-editor\" data-id=\"4fa0aab\" data-element_type=\"widget\" data-e-type=\"widget\" data-widget_type=\"text-editor.default\">\n\t\t\t\t<div class=\"elementor-widget-container\">\n\t\t\t\t\t\t\t\t\t<p><strong>Munkak\u00f6z\u00f6ss\u00e9g\u00fcnk tagjai:<\/strong><\/p><p><b>\u00a0<\/b><\/p><p><b>Havas Istv\u00e1nn\u00e9<\/b><\/p><p style=\"padding-left: 40px;\">munkak\u00f6z\u00f6ss\u00e9g-vezet\u0151<\/p><p style=\"padding-left: 40px;\">k\u00f6zgazd\u00e1sz vend\u00e9gl\u00e1t\u00f3 \u00e9s sz\u00e1lloda szakon<\/p><p style=\"padding-left: 40px;\">k\u00f6zgazd\u00e1sz tan\u00e1r vend\u00e9gl\u00e1t\u00f3 \u00e9s sz\u00e1lloda szakon<\/p><p style=\"padding-left: 40px;\">okleveles k\u00f6zgazd\u00e1sztan\u00e1r (turizmus-vend\u00e9gl\u00e1t\u00e1s)<\/p><p style=\"padding-left: 40px;\">szakvizsg\u00e1zott pedag\u00f3gus, k\u00f6zoktat\u00e1si vezet\u0151<\/p><p><b>Bal\u00e1zs Katalin<\/b><\/p><p style=\"padding-left: 40px;\">okleveles \u00e9lelmiszertechnol\u00f3gus m\u00e9rn\u00f6k<\/p><p style=\"padding-left: 40px;\">m\u00e9rn\u00f6k-tan\u00e1r<\/p><p><b>Borb\u00e9ly-Kertes Kata<\/b><\/p><p style=\"padding-left: 40px;\">k\u00f6zgazd\u00e1sz turizmus-vend\u00e9gl\u00e1t\u00e1s alapk\u00e9pz\u00e9si szakon<\/p><p style=\"padding-left: 40px;\">okleveles k\u00f6zgazd\u00e1sz vezet\u00e9s \u00e9s szervez\u00e9s szakon<\/p><p><b>Dem\u00f3n\u00e9 Vig Gy\u00f6ngyi<\/b><\/p><p style=\"padding-left: 40px;\">okleveles k\u00f6zgazd\u00e1sztan\u00e1r<\/p><p style=\"padding-left: 40px;\">szem\u00e9ly\u00fcgyi szervez\u0151<\/p><p style=\"padding-left: 40px;\">gazd\u00e1lkod\u00e1si szakos k\u00f6zgazd\u00e1sz<\/p><p style=\"padding-left: 40px;\">okleveles k\u00f6zgazd\u00e1sz v\u00e1llakoz\u00e1sfejleszt\u00e9s szakir\u00e1ny<\/p><p><b>Dork\u00f3 Iv\u00e1n<\/b><\/p><p style=\"padding-left: 40px;\">vend\u00e9gl\u00e1t\u00f3ipari \u00fczemgazd\u00e1sz<\/p><p style=\"padding-left: 40px;\">\u00f6nkorm\u00e1nyzati v\u00e1llalkoz\u00f3i szak\u00fczemgazd\u00e1sz<\/p><p style=\"padding-left: 40px;\">k\u00f6zgazd\u00e1sz tan\u00e1r vend\u00e9gl\u00e1t\u00f3- \u00e9s sz\u00e1lloda szakon<\/p><p style=\"padding-left: 40px;\">k\u00f6zoktat\u00e1si vezet\u0151 \u00e9s pedag\u00f3gus szakvizsga<\/p><p><b>Gecsei Tam\u00e1sn\u00e9<\/b><\/p><p style=\"padding-left: 40px;\">pedag\u00f3gia alapszakos b\u00f6lcs\u00e9sz<\/p><p style=\"padding-left: 40px;\">cukr\u00e1szmester<\/p><p><b>Hars\u00e1nyi M\u00e1rton<\/b><\/p><p style=\"padding-left: 40px;\">vend\u00e9gl\u00e1t\u00f3 szakmenedzser<\/p><p style=\"padding-left: 40px;\">vend\u00e9gl\u00e1t\u00f3 technikus<\/p><p style=\"padding-left: 40px;\">okleveles k\u00f6zgazd\u00e1sztan\u00e1r (turizmus-vend\u00e9gl\u00e1t\u00e1s)<\/p><p><b>Moln\u00e1rn\u00e9 Iv\u00e1n \u00c9va<\/b><\/p><p style=\"padding-left: 40px;\">\u00e9lelmiszertechnol\u00f3gus \u00fczemm\u00e9rn\u00f6k<\/p><p style=\"padding-left: 40px;\">okleveles \u00e9lelmiszeripari marketing-menedzser szak\u00fczemm\u00e9rn\u00f6k<\/p><p style=\"padding-left: 40px;\">m\u00e9rn\u00f6k-tan\u00e1r<\/p><p><b>Sajti Gr\u00e9ta<\/b><\/p><p style=\"padding-left: 40px;\">anyag- \u00e9s \u00e1ruforgalmi \u00e9rt\u00e9kes\u00edt\u0151<\/p><p style=\"padding-left: 40px;\">kereskedelmi szakos k\u00f6zgazd\u00e1sz<\/p><p style=\"padding-left: 40px;\">okleveles k\u00f6zgazd\u00e1sztan\u00e1r (kereskedelem \u00e9s marketing)<\/p><p style=\"padding-left: 40px;\">okleveles k\u00f6zgazd\u00e1sz p\u00e9nz\u00fcgy-informatika szakon<\/p><p style=\"padding-left: 40px;\">szakvizsg\u00e1zott pedag\u00f3gus, k\u00f6zoktat\u00e1si vezet\u0151<\/p><p><b>Szasz\u00e1kn\u00e9 Pallag Erzs\u00e9bet<\/b><\/p><p style=\"padding-left: 40px;\">okleveles \u00e9lelmiszerm\u00e9rn\u00f6k<\/p><p style=\"padding-left: 40px;\">okleveles agr\u00e1rm\u00e9rn\u00f6ktan\u00e1r<\/p><p><b>Szab\u00f3 Dezs\u0151<\/b><\/p><p style=\"padding-left: 40px;\">okleveles vend\u00e9gl\u00e1t\u00f3ipari \u00fczemgazd\u00e1sz<\/p><p style=\"padding-left: 40px;\">k\u00f6zgazd\u00e1sz tan\u00e1r turizmus- \u00e9s vend\u00e9gl\u00e1t\u00f3 szakon<\/p><p style=\"padding-left: 40px;\">okleveles k\u00f6zgazd\u00e1sztan\u00e1r (turizmus-vend\u00e9gl\u00e1t\u00e1s)<\/p><p><b>Szlatki D\u00e1niel<\/b><\/p><p style=\"padding-left: 40px;\">\u00e9lelmiszerm\u00e9rn\u00f6k<\/p><p style=\"padding-left: 40px;\">HACCP rendszergazda<\/p><p style=\"padding-left: 40px;\">m\u00e9rn\u00f6k tan\u00e1r<\/p>\t\t\t\t\t\t\t\t<\/div>\n\t\t\t\t<\/div>\n\t\t\t\t\t<\/div>\n\t\t<\/div>\n\t\t\t\t\t<\/div>\n\t\t<\/section>\n\t\t\t\t<\/div>\n\t\t","protected":false},"excerpt":{"rendered":"<p>Tisztelt L\u00e1togat\u00f3! \u201eVend\u00e9g\u00fcl l\u00e1tni valakit\u00a0annyi, mint felel\u0151ss\u00e9get v\u00e1llalni j\u00f3l\u00e9t\u00e9r\u0151l mindaddig, am\u00edg fedel\u00fcnk alatt marad\u201d \/Brillant-Savarin\/ Munkak\u00f6z\u00f6ss\u00e9g\u00fcnk t\u00f6bb mint harminc \u00e9ve m\u0171k\u00f6dik a vend\u00e9gl\u00e1t\u00f3 szakmacsoportba tartoz\u00f3 szakk\u00e9pes\u00edt\u00e9sek biztos b\u00e1zisak\u00e9nt. \u00a0El\u0151deink \u00e9s jelenlegi koll\u00e9g\u00e1ink hatalmas tud\u00e1st, szakmai tapasztalatot halmoztak fel. Ezt a meg\u00fajul\u00f3 \u00e9s gazdagod\u00f3 ismerett\u00e1rat k\u00edn\u00e1ljuk hasznos\u00edt\u00e1sra tanul\u00f3ink kompetenci\u00e1inak fejleszt\u00e9s\u00e9hez. Munkak\u00f6z\u00f6ss\u00e9g\u00fcnk f\u0151 c\u00e9lkit\u0171z\u00e9sei: Fontosnak tartjuk a [&hellip;]<\/p>\n","protected":false},"author":4,"featured_media":0,"parent":0,"menu_order":0,"comment_status":"closed","ping_status":"closed","template":"","meta":{"footnotes":""},"class_list":["post-388","page","type-page","status-publish","hentry"],"_links":{"self":[{"href":"\/index.php\/wp-json\/wp\/v2\/pages\/388","targetHints":{"allow":["GET"]}}],"collection":[{"href":"\/index.php\/wp-json\/wp\/v2\/pages"}],"about":[{"href":"\/index.php\/wp-json\/wp\/v2\/types\/page"}],"author":[{"embeddable":true,"href":"\/index.php\/wp-json\/wp\/v2\/users\/4"}],"replies":[{"embeddable":true,"href":"\/index.php\/wp-json\/wp\/v2\/comments?post=388"}],"version-history":[{"count":98,"href":"\/index.php\/wp-json\/wp\/v2\/pages\/388\/revisions"}],"predecessor-version":[{"id":54078,"href":"\/index.php\/wp-json\/wp\/v2\/pages\/388\/revisions\/54078"}],"wp:attachment":[{"href":"\/index.php\/wp-json\/wp\/v2\/media?parent=388"}],"curies":[{"name":"wp","href":"https:\/\/api.w.org\/{rel}","templated":true}]}}