{"id":36236,"date":"2024-03-06T08:16:08","date_gmt":"2024-03-06T07:16:08","guid":{"rendered":"\/?page_id=36236"},"modified":"2024-03-06T08:19:02","modified_gmt":"2024-03-06T07:19:02","slug":"1966-szakacs","status":"publish","type":"page","link":"\/index.php\/1966-szakacs\/","title":{"rendered":"1966 szak\u00e1cs"},"content":{"rendered":"\t\t<div data-elementor-type=\"wp-page\" data-elementor-id=\"36236\" class=\"elementor elementor-36236\" data-elementor-post-type=\"page\">\n\t\t\t\t\t\t<section class=\"elementor-section elementor-top-section elementor-element elementor-element-e8be9aa elementor-section-boxed elementor-section-height-default elementor-section-height-default\" data-id=\"e8be9aa\" data-element_type=\"section\" data-e-type=\"section\">\n\t\t\t\t\t\t<div class=\"elementor-container elementor-column-gap-default\">\n\t\t\t\t\t<div class=\"elementor-column elementor-col-100 elementor-top-column elementor-element elementor-element-3fc119e\" data-id=\"3fc119e\" data-element_type=\"column\" data-e-type=\"column\">\n\t\t\t<div class=\"elementor-widget-wrap elementor-element-populated\">\n\t\t\t\t\t\t<div class=\"elementor-element elementor-element-9b38389 elementor-widget elementor-widget-spacer\" data-id=\"9b38389\" data-element_type=\"widget\" data-e-type=\"widget\" data-widget_type=\"spacer.default\">\n\t\t\t\t<div class=\"elementor-widget-container\">\n\t\t\t\t\t\t\t<div class=\"elementor-spacer\">\n\t\t\t<div class=\"elementor-spacer-inner\"><\/div>\n\t\t<\/div>\n\t\t\t\t\t\t<\/div>\n\t\t\t\t<\/div>\n\t\t\t\t\t<\/div>\n\t\t<\/div>\n\t\t\t\t\t<\/div>\n\t\t<\/section>\n\t\t\t\t<section class=\"elementor-section elementor-top-section elementor-element elementor-element-eca2c49 elementor-section-boxed elementor-section-height-default elementor-section-height-default\" data-id=\"eca2c49\" data-element_type=\"section\" data-e-type=\"section\">\n\t\t\t\t\t\t<div class=\"elementor-container elementor-column-gap-default\">\n\t\t\t\t\t<div class=\"elementor-column elementor-col-100 elementor-top-column elementor-element elementor-element-e502c72\" data-id=\"e502c72\" data-element_type=\"column\" data-e-type=\"column\">\n\t\t\t<div class=\"elementor-widget-wrap elementor-element-populated\">\n\t\t\t\t\t\t<div class=\"elementor-element elementor-element-dee5258 elementor-widget elementor-widget-heading\" data-id=\"dee5258\" data-element_type=\"widget\" data-e-type=\"widget\" data-widget_type=\"heading.default\">\n\t\t\t\t<div class=\"elementor-widget-container\">\n\t\t\t\t\t<h2 class=\"elementor-heading-title elementor-size-default\"><b>1965\/1966<\/b><\/h2>\t\t\t\t<\/div>\n\t\t\t\t<\/div>\n\t\t\t\t\t<\/div>\n\t\t<\/div>\n\t\t\t\t\t<\/div>\n\t\t<\/section>\n\t\t\t\t<section class=\"elementor-section elementor-top-section elementor-element elementor-element-6ca7d49 elementor-section-boxed elementor-section-height-default elementor-section-height-default\" data-id=\"6ca7d49\" data-element_type=\"section\" data-e-type=\"section\">\n\t\t\t\t\t\t<div class=\"elementor-container elementor-column-gap-default\">\n\t\t\t\t\t<div class=\"elementor-column elementor-col-100 elementor-top-column elementor-element elementor-element-ec4656b\" data-id=\"ec4656b\" data-element_type=\"column\" data-e-type=\"column\">\n\t\t\t<div class=\"elementor-widget-wrap elementor-element-populated\">\n\t\t\t\t\t\t<div class=\"elementor-element elementor-element-2507b34 elementor-widget elementor-widget-spacer\" data-id=\"2507b34\" data-element_type=\"widget\" data-e-type=\"widget\" data-widget_type=\"spacer.default\">\n\t\t\t\t<div class=\"elementor-widget-container\">\n\t\t\t\t\t\t\t<div class=\"elementor-spacer\">\n\t\t\t<div class=\"elementor-spacer-inner\"><\/div>\n\t\t<\/div>\n\t\t\t\t\t\t<\/div>\n\t\t\t\t<\/div>\n\t\t\t\t\t<\/div>\n\t\t<\/div>\n\t\t\t\t\t<\/div>\n\t\t<\/section>\n\t\t\t\t<section class=\"elementor-section elementor-top-section elementor-element elementor-element-4442af1 elementor-section-boxed elementor-section-height-default elementor-section-height-default\" data-id=\"4442af1\" data-element_type=\"section\" data-e-type=\"section\">\n\t\t\t\t\t\t<div class=\"elementor-container elementor-column-gap-default\">\n\t\t\t\t\t<div class=\"elementor-column elementor-col-100 elementor-top-column elementor-element elementor-element-1ee79ef\" data-id=\"1ee79ef\" data-element_type=\"column\" data-e-type=\"column\">\n\t\t\t<div class=\"elementor-widget-wrap elementor-element-populated\">\n\t\t\t\t\t\t<div class=\"elementor-element elementor-element-0b861db elementor-widget elementor-widget-heading\" data-id=\"0b861db\" data-element_type=\"widget\" data-e-type=\"widget\" data-widget_type=\"heading.default\">\n\t\t\t\t<div class=\"elementor-widget-container\">\n\t\t\t\t\t<h2 class=\"elementor-heading-title elementor-size-default\"><b>Szakma: szak\u00e1cs<\/b><\/h2>\t\t\t\t<\/div>\n\t\t\t\t<\/div>\n\t\t\t\t\t<\/div>\n\t\t<\/div>\n\t\t\t\t\t<\/div>\n\t\t<\/section>\n\t\t\t\t<section class=\"elementor-section elementor-top-section elementor-element elementor-element-c207280 elementor-section-boxed elementor-section-height-default elementor-section-height-default\" data-id=\"c207280\" data-element_type=\"section\" data-e-type=\"section\">\n\t\t\t\t\t\t<div class=\"elementor-container elementor-column-gap-default\">\n\t\t\t\t\t<div class=\"elementor-column elementor-col-100 elementor-top-column elementor-element elementor-element-e9289a4\" data-id=\"e9289a4\" data-element_type=\"column\" data-e-type=\"column\">\n\t\t\t<div class=\"elementor-widget-wrap elementor-element-populated\">\n\t\t\t\t\t\t<div class=\"elementor-element elementor-element-ab344f0 elementor-widget elementor-widget-spacer\" data-id=\"ab344f0\" data-element_type=\"widget\" data-e-type=\"widget\" data-widget_type=\"spacer.default\">\n\t\t\t\t<div class=\"elementor-widget-container\">\n\t\t\t\t\t\t\t<div class=\"elementor-spacer\">\n\t\t\t<div class=\"elementor-spacer-inner\"><\/div>\n\t\t<\/div>\n\t\t\t\t\t\t<\/div>\n\t\t\t\t<\/div>\n\t\t\t\t\t<\/div>\n\t\t<\/div>\n\t\t\t\t\t<\/div>\n\t\t<\/section>\n\t\t\t\t<section class=\"elementor-section elementor-top-section elementor-element elementor-element-ce66c71 elementor-section-boxed elementor-section-height-default elementor-section-height-default\" data-id=\"ce66c71\" data-element_type=\"section\" data-e-type=\"section\">\n\t\t\t\t\t\t<div class=\"elementor-container elementor-column-gap-default\">\n\t\t\t\t\t<div class=\"elementor-column elementor-col-100 elementor-top-column elementor-element elementor-element-db04d97\" data-id=\"db04d97\" data-element_type=\"column\" data-e-type=\"column\">\n\t\t\t<div class=\"elementor-widget-wrap elementor-element-populated\">\n\t\t\t\t\t\t<div class=\"elementor-element elementor-element-c0dba7a elementor-widget elementor-widget-heading\" data-id=\"c0dba7a\" data-element_type=\"widget\" data-e-type=\"widget\" data-widget_type=\"heading.default\">\n\t\t\t\t<div class=\"elementor-widget-container\">\n\t\t\t\t\t<h2 class=\"elementor-heading-title elementor-size-default\">1.\tAlexa J\u00e1nosn\u00e9<p>\n<\/p>2.\tAmbrus Istv\u00e1n\n<\/p>3.\tBabella Andr\u00e1sn\u00e9\n<\/p>4.\tBalla J\u00e1nosn\u00e9\n<\/p>5.\tBar\u00e1th M\u00e1ty\u00e1sn\u00e9\n<\/p>6.\tBarna Lajosn\u00e9\n<\/p>7.\tBela Mih\u00e1lyn\u00e9\n<\/p>8.\tBeraczka J\u00e1nosn\u00e9\n<\/p>9.\tB\u00edr\u00f3 K\u00e1rolyn\u00e9\n<\/p>10.\tBiros Andr\u00e1sn\u00e9\n<\/p>11.\tBorgulya Mih\u00e1lyn\u00e9\n<\/p>12.\tBott\u00f3 Gy\u00f6rgyn\u00e9\n<\/p>13.\tCzegl\u00e9di Mih\u00e1lyn\u00e9\n<\/p>14.\tF\u00e1bi\u00e1n L\u00e1szl\u00f3n\u00e9\n<\/p>15.\tFarkas Andr\u00e1sn\u00e9\n<\/p>16.\tFaulh\u00e1ber Ferencn\u00e9\n<\/p>17.\tFinta J\u00e1nosn\u00e9\n<\/p>18.\tG\u00e1lik P\u00e1l\n<\/p>19.\tGuly\u00e1s K\u00e1rolyn\u00e9\n<\/p>20.\tGyebn\u00e1r P\u00e1ln\u00e9\n<\/p>21.\tHagym\u00e1si Gyul\u00e1n\u00e9\n<\/p>22.\tHerczeg Imr\u00e9n\u00e9\n<\/p>23.\tJuh\u00e1sz Gy\u00f6rgyn\u00e9\n<\/p>24.\tKereki Ferencn\u00e9\n<\/p>25.\tKiss Istv\u00e1nn\u00e9\n<\/p>26.\tKiss Istv\u00e1nn\u00e9\n<\/p>27.\tKiss Lajosn\u00e9\n<\/p>28.\tKiszely J\u00e1nosn\u00e9\n<\/p>29.\tKolozsi J\u00f3zsefn\u00e9\n<\/p>30.\tKordov\u00e1nyi J\u00e1nosn\u00e9\n<\/p>31.\tKotrocz\u00f3 Mih\u00e1lyn\u00e9\n<\/p>32.\tKun Andr\u00e1sn\u00e9\n<\/p>33.\tKurucz Istv\u00e1nn\u00e9\n<\/p>34.\tLacz\u00f3 Mih\u00e1lyn\u00e9\n<\/p>35.\tLaurinyecz P\u00e1l\n<\/p>36.\tLocskai P\u00e1ln\u00e9\n<\/p>37.\tMaros\u00e1n Fl\u00f3ra\n<\/p>38.\tMaz\u00e1n P\u00e1l\n<\/p>39.\tMez\u0151 Antaln\u00e9\n<\/p>40.\tMisota Vilmosn\u00e9\n<\/p>41.\tMoln\u00e1r Imr\u00e9n\u00e9\n<\/p>42.\tMoln\u00e1r Zsuzsanna\n<\/p>43.\tMorocz L\u00e1szl\u00f3n\u00e9\n<\/p>44.\tMucsi Imr\u00e9n\u00e9\n<\/p>45.\tMurzsicz Andr\u00e1sn\u00e9\n<\/p>46.\tN\u00e1dasdi Andr\u00e1sn\u00e9\n<\/p>47.\tNagy B\u00e9l\u00e1n\u00e9\n<\/p>48.\tPapp J\u00f3zsefn\u00e9\n<\/p>49.\tPep\u00f3 Mih\u00e1lyn\u00e9\n<\/p>50.\tPruha J\u00f3zsefn\u00e9\n<\/p>51.\tSaitz Andr\u00e1sn\u00e9\n<\/p>52.\tSal\u00e1t Gy\u00f6rgyn\u00e9\n<\/p>53.\tSzab\u00f3 Mih\u00e1lyn\u00e9\n<\/p>54.\tSzasz\u00e1k Gy\u00f6rgyn\u00e9\n<\/p>55.\tSzek\u00e1n Gy\u00f6rgyn\u00e9\n<\/p>56.\tSz\u00e9kely K\u00e1rolyn\u00e9\n<\/p>57.\tSzekerc\u00e9s Julianna<\/h2>\t\t\t\t<\/div>\n\t\t\t\t<\/div>\n\t\t\t\t\t<\/div>\n\t\t<\/div>\n\t\t\t\t\t<\/div>\n\t\t<\/section>\n\t\t\t\t<\/div>\n\t\t","protected":false},"excerpt":{"rendered":"<p>1965\/1966 Szakma: szak\u00e1cs 1. Alexa J\u00e1nosn\u00e9 2. Ambrus Istv\u00e1n 3. Babella Andr\u00e1sn\u00e9 4. Balla J\u00e1nosn\u00e9 5. Bar\u00e1th M\u00e1ty\u00e1sn\u00e9 6. Barna Lajosn\u00e9 7. Bela Mih\u00e1lyn\u00e9 8. Beraczka J\u00e1nosn\u00e9 9. B\u00edr\u00f3 K\u00e1rolyn\u00e9 10. Biros Andr\u00e1sn\u00e9 11. Borgulya Mih\u00e1lyn\u00e9 12. Bott\u00f3 Gy\u00f6rgyn\u00e9 13. Czegl\u00e9di Mih\u00e1lyn\u00e9 14. F\u00e1bi\u00e1n L\u00e1szl\u00f3n\u00e9 15. Farkas Andr\u00e1sn\u00e9 16. Faulh\u00e1ber Ferencn\u00e9 17. Finta J\u00e1nosn\u00e9 18. [&hellip;]<\/p>\n","protected":false},"author":4,"featured_media":0,"parent":0,"menu_order":0,"comment_status":"closed","ping_status":"closed","template":"","meta":{"footnotes":""},"class_list":["post-36236","page","type-page","status-publish","hentry"],"_links":{"self":[{"href":"\/index.php\/wp-json\/wp\/v2\/pages\/36236","targetHints":{"allow":["GET"]}}],"collection":[{"href":"\/index.php\/wp-json\/wp\/v2\/pages"}],"about":[{"href":"\/index.php\/wp-json\/wp\/v2\/types\/page"}],"author":[{"embeddable":true,"href":"\/index.php\/wp-json\/wp\/v2\/users\/4"}],"replies":[{"embeddable":true,"href":"\/index.php\/wp-json\/wp\/v2\/comments?post=36236"}],"version-history":[{"count":4,"href":"\/index.php\/wp-json\/wp\/v2\/pages\/36236\/revisions"}],"predecessor-version":[{"id":36241,"href":"\/index.php\/wp-json\/wp\/v2\/pages\/36236\/revisions\/36241"}],"wp:attachment":[{"href":"\/index.php\/wp-json\/wp\/v2\/media?parent=36236"}],"curies":[{"name":"wp","href":"https:\/\/api.w.org\/{rel}","templated":true}]}}