{"id":35651,"date":"2024-02-01T15:56:43","date_gmt":"2024-02-01T14:56:43","guid":{"rendered":"\/?page_id=35651"},"modified":"2024-02-01T16:01:26","modified_gmt":"2024-02-01T15:01:26","slug":"1971-szakmai-vizsgat-tett","status":"publish","type":"page","link":"\/index.php\/1971-szakmai-vizsgat-tett\/","title":{"rendered":"1971 Szakmai vizsg\u00e1t tett"},"content":{"rendered":"\t\t<div data-elementor-type=\"wp-page\" data-elementor-id=\"35651\" class=\"elementor elementor-35651\" data-elementor-post-type=\"page\">\n\t\t\t\t\t\t<section class=\"elementor-section elementor-top-section elementor-element elementor-element-8f1f0f5 elementor-section-boxed elementor-section-height-default elementor-section-height-default\" data-id=\"8f1f0f5\" data-element_type=\"section\" data-e-type=\"section\">\n\t\t\t\t\t\t<div class=\"elementor-container elementor-column-gap-default\">\n\t\t\t\t\t<div class=\"elementor-column elementor-col-100 elementor-top-column elementor-element elementor-element-150cc62\" data-id=\"150cc62\" data-element_type=\"column\" data-e-type=\"column\">\n\t\t\t<div class=\"elementor-widget-wrap elementor-element-populated\">\n\t\t\t\t\t\t<div class=\"elementor-element elementor-element-0e243b2 elementor-widget elementor-widget-spacer\" data-id=\"0e243b2\" data-element_type=\"widget\" data-e-type=\"widget\" data-widget_type=\"spacer.default\">\n\t\t\t\t<div class=\"elementor-widget-container\">\n\t\t\t\t\t\t\t<div class=\"elementor-spacer\">\n\t\t\t<div class=\"elementor-spacer-inner\"><\/div>\n\t\t<\/div>\n\t\t\t\t\t\t<\/div>\n\t\t\t\t<\/div>\n\t\t\t\t\t<\/div>\n\t\t<\/div>\n\t\t\t\t\t<\/div>\n\t\t<\/section>\n\t\t\t\t<section class=\"elementor-section elementor-top-section elementor-element elementor-element-5463ac9 elementor-section-boxed elementor-section-height-default elementor-section-height-default\" data-id=\"5463ac9\" data-element_type=\"section\" data-e-type=\"section\">\n\t\t\t\t\t\t<div class=\"elementor-container elementor-column-gap-default\">\n\t\t\t\t\t<div class=\"elementor-column elementor-col-100 elementor-top-column elementor-element elementor-element-78374c4\" data-id=\"78374c4\" data-element_type=\"column\" data-e-type=\"column\">\n\t\t\t<div class=\"elementor-widget-wrap elementor-element-populated\">\n\t\t\t\t\t\t<div class=\"elementor-element elementor-element-349a82e elementor-widget elementor-widget-heading\" data-id=\"349a82e\" data-element_type=\"widget\" data-e-type=\"widget\" data-widget_type=\"heading.default\">\n\t\t\t\t<div class=\"elementor-widget-container\">\n\t\t\t\t\t<h2 class=\"elementor-heading-title elementor-size-default\"><b>1970\/1971<\/b><\/h2>\t\t\t\t<\/div>\n\t\t\t\t<\/div>\n\t\t\t\t\t<\/div>\n\t\t<\/div>\n\t\t\t\t\t<\/div>\n\t\t<\/section>\n\t\t\t\t<section class=\"elementor-section elementor-top-section elementor-element elementor-element-ebfcf3c elementor-section-boxed elementor-section-height-default elementor-section-height-default\" data-id=\"ebfcf3c\" data-element_type=\"section\" data-e-type=\"section\">\n\t\t\t\t\t\t<div class=\"elementor-container elementor-column-gap-default\">\n\t\t\t\t\t<div class=\"elementor-column elementor-col-100 elementor-top-column elementor-element elementor-element-9724b29\" data-id=\"9724b29\" data-element_type=\"column\" data-e-type=\"column\">\n\t\t\t<div class=\"elementor-widget-wrap elementor-element-populated\">\n\t\t\t\t\t\t<div class=\"elementor-element elementor-element-9131b9d elementor-widget elementor-widget-spacer\" data-id=\"9131b9d\" data-element_type=\"widget\" data-e-type=\"widget\" data-widget_type=\"spacer.default\">\n\t\t\t\t<div class=\"elementor-widget-container\">\n\t\t\t\t\t\t\t<div class=\"elementor-spacer\">\n\t\t\t<div class=\"elementor-spacer-inner\"><\/div>\n\t\t<\/div>\n\t\t\t\t\t\t<\/div>\n\t\t\t\t<\/div>\n\t\t\t\t\t<\/div>\n\t\t<\/div>\n\t\t\t\t\t<\/div>\n\t\t<\/section>\n\t\t\t\t<section class=\"elementor-section elementor-top-section elementor-element elementor-element-63780cc elementor-section-boxed elementor-section-height-default elementor-section-height-default\" data-id=\"63780cc\" data-element_type=\"section\" data-e-type=\"section\">\n\t\t\t\t\t\t<div class=\"elementor-container elementor-column-gap-default\">\n\t\t\t\t\t<div class=\"elementor-column elementor-col-100 elementor-top-column elementor-element elementor-element-bf53849\" data-id=\"bf53849\" data-element_type=\"column\" data-e-type=\"column\">\n\t\t\t<div class=\"elementor-widget-wrap elementor-element-populated\">\n\t\t\t\t\t\t<div class=\"elementor-element elementor-element-2b7cccc elementor-widget elementor-widget-heading\" data-id=\"2b7cccc\" data-element_type=\"widget\" data-e-type=\"widget\" data-widget_type=\"heading.default\">\n\t\t\t\t<div class=\"elementor-widget-container\">\n\t\t\t\t\t<h2 class=\"elementor-heading-title elementor-size-default\"><b>Szakmai vizsg\u00e1t tett<\/b><\/h2>\t\t\t\t<\/div>\n\t\t\t\t<\/div>\n\t\t\t\t\t<\/div>\n\t\t<\/div>\n\t\t\t\t\t<\/div>\n\t\t<\/section>\n\t\t\t\t<section class=\"elementor-section elementor-top-section elementor-element elementor-element-97fa849 elementor-section-boxed elementor-section-height-default elementor-section-height-default\" data-id=\"97fa849\" data-element_type=\"section\" data-e-type=\"section\">\n\t\t\t\t\t\t<div class=\"elementor-container elementor-column-gap-default\">\n\t\t\t\t\t<div class=\"elementor-column elementor-col-100 elementor-top-column elementor-element elementor-element-0ef6816\" data-id=\"0ef6816\" data-element_type=\"column\" data-e-type=\"column\">\n\t\t\t<div class=\"elementor-widget-wrap elementor-element-populated\">\n\t\t\t\t\t\t<div class=\"elementor-element elementor-element-f236b36 elementor-widget elementor-widget-spacer\" data-id=\"f236b36\" data-element_type=\"widget\" data-e-type=\"widget\" data-widget_type=\"spacer.default\">\n\t\t\t\t<div class=\"elementor-widget-container\">\n\t\t\t\t\t\t\t<div class=\"elementor-spacer\">\n\t\t\t<div class=\"elementor-spacer-inner\"><\/div>\n\t\t<\/div>\n\t\t\t\t\t\t<\/div>\n\t\t\t\t<\/div>\n\t\t\t\t\t<\/div>\n\t\t<\/div>\n\t\t\t\t\t<\/div>\n\t\t<\/section>\n\t\t\t\t<section class=\"elementor-section elementor-top-section elementor-element elementor-element-7a68d81 elementor-section-boxed elementor-section-height-default elementor-section-height-default\" data-id=\"7a68d81\" data-element_type=\"section\" data-e-type=\"section\">\n\t\t\t\t\t\t<div class=\"elementor-container elementor-column-gap-default\">\n\t\t\t\t\t<div class=\"elementor-column elementor-col-100 elementor-top-column elementor-element elementor-element-fb2f654\" data-id=\"fb2f654\" data-element_type=\"column\" data-e-type=\"column\">\n\t\t\t<div class=\"elementor-widget-wrap elementor-element-populated\">\n\t\t\t\t\t\t<div class=\"elementor-element elementor-element-6c4ce1d elementor-widget elementor-widget-heading\" data-id=\"6c4ce1d\" data-element_type=\"widget\" data-e-type=\"widget\" data-widget_type=\"heading.default\">\n\t\t\t\t<div class=\"elementor-widget-container\">\n\t\t\t\t\t<h5 class=\"elementor-heading-title elementor-size-default\">1.\tBenk\u00f3 Gyul\u00e1n\u00e9 Csabai Katalin\t\u00e9lelmiszer elad\u00f3<p>\n<\/p>2.\tKarkus Ilona Erzs\u00e9bet\t\u00e9lelmiszer elad\u00f3\n<\/p>3.\tCsompora Antal\t\u00e9lelmiszer elad\u00f3\n<\/p>4.\tDauda J\u00e1nosn\u00e9 Jancs\u00f3 Ilona\t\u00e9lelmiszer elad\u00f3\n<\/p>5.\tDebreceni J\u00e1nosn\u00e9 Kelemen Ilona\t\u00e9lelmiszer elad\u00f3\n<\/p>6.\tDud\u00e1s Andr\u00e1sn\u00e9 Ecker Edit Anna\t\u00e9lelmiszer elad\u00f3\n<\/p>7.\tFlinta P\u00e9tern\u00e9 Balogh M\u00e1ria\t\u00e9lelmiszer elad\u00f3\n<\/p>8.\tHermann J\u00f3zsefn\u00e9 Cs\u00edk Ibolya Piroska\t\u00e9lelmiszer elad\u00f3\n<\/p>9.\tHlobozs\u00e1nyi J\u00e1nosn\u00e9 Erdei Julianna\t\u00e9lelmiszer elad\u00f3\n<\/p>10.\tKer\u00e9kgy\u00e1rt\u00f3 K\u00e1rolyn\u00e9 Kenyeres M\u00e1ria\t\u00e9lelmiszer elad\u00f3\n<\/p>11.\tOrvos Gy\u00f6rgyn\u00e9 Kov\u00e1cs Etelka\t\u00e9lelmiszer elad\u00f3\n<\/p>12.\tKovan J\u00e1nos\t\u00e9lelmiszer elad\u00f3\n<\/p>13.\tDr Metyk\u00f3 B\u00e9l\u00e1n\u00e9 Enyedi M\u00e1ria\t\u00e9lelmiszer elad\u00f3\n<\/p>14.\tPlyesovszky P\u00e1ln\u00e9 Kurdel Anna \t\u00e9lelmiszer elad\u00f3\n<\/p>15.\tSomogyi J\u00f3zsefn\u00e9 <\/p>Ferv\u00e1gner Eszter Gizella\t\u00e9lelmiszer elad\u00f3\n<\/p>16.\tS\u00fcli Gy\u00f6rgy\t\u00e9lelmiszer elad\u00f3\n<\/p>17.\tVarga Andr\u00e1sn\u00e9 Zs\u00edros Zs\u00f3fia\t\u00e9lelmiszer elad\u00f3\n<\/p>18.\tVlad\u00e1r Istv\u00e1nn\u00e9 Keresztes Erzs\u00e9bet Julianna\t\u00e9lelmiszer elad\u00f3\n<\/p>19.\tCs\u0151ke J\u00f3zsefn\u00e9 Csonka R\u00f3za\t\u00e9lelmiszer elad\u00f3\n<\/p>20.\tBalog J\u00f3zsef L\u00e1szl\u00f3\truh\u00e1zati elad\u00f3\n<\/p>21.\tB\u00e1csi Lajosn\u00e9 Szab\u00f3 Zs\u00f3fia\truh\u00e1zati elad\u00f3\n<\/p>22.\tCs\u0171ri Lajosn\u00e9 Hajnal Katalin\truh\u00e1zati elad\u00f3\n<\/p>23.\tFenyvesi J\u00e1nosn\u00e9 Cs\u0151ke Kl\u00e1ra\truh\u00e1zati elad\u00f3\n<\/p>24.\tFur\u00e1k P\u00e1l\truh\u00e1zati elad\u00f3\n<\/p>25.\tGabnai Andr\u00e1sn\u00e9 Korcsok Zs\u00f3fia\truh\u00e1zati elad\u00f3\n<\/p>26.\tGabovicz M\u00e1ria\truh\u00e1zati elad\u00f3\n<\/p>27.\tHank\u00f3czi J\u00e1nosn\u00e9 Kvasz M\u00e1ria Ilona\truh\u00e1zati elad\u00f3\n<\/p>28.\tKocziszki Ferencn\u00e9 Pluk\u00e1r Judit\truh\u00e1zati elad\u00f3\n<\/p>29.\tKunos Lajosn\u00e9 L\u0151di Margit Julianna\truh\u00e1zati elad\u00f3\n<\/p>30.\tLipt\u00e1k Luk\u00e1csik Lajos\truh\u00e1zati elad\u00f3\n<\/p>31.\tMoln\u00e1r Gy\u00f6rgy\truh\u00e1zati elad\u00f3\n<\/p>32.\tSipiczki J\u00e1nos\truh\u00e1zati elad\u00f3\n<\/p>33.\tSipka J\u00e1nos\truh\u00e1zati elad\u00f3\n<\/p>34.\tSzab\u00f3 L\u00e1szl\u00f3 Mih\u00e1lyn\u00e9 Dumitr\u00e1s Katalin Piroska\truh\u00e1zati elad\u00f3\n<\/p>35.\tSzoll\u00e1r Mih\u00e1lyn\u00e9 Koll\u00e1r Eszter Anna\truh\u00e1zati elad\u00f3\n<\/p>36.\tVerbai Margit\truh\u00e1zati elad\u00f3\n<\/p>37.\tBar\u00e1th P\u00e9ter\tkozmetika-, vegyicikk elad\u00f3\n<\/p>38.\tBerke Rudolf Zolt\u00e1n\tkozmetika-, vegyicikk elad\u00f3\n<\/p>39.\tBorza P\u00e1l\tkozmetika-, vegyicikk elad\u00f3\n<\/p>40.\tKal\u00e1sz Istv\u00e1nn\u00e9 Makai Margit\tkozmetika-, vegyicikk elad\u00f3\n<\/p>41.\tPetri Andr\u00e1s\tkozmetika-, vegyicikk elad\u00f3\n<\/p>42.\tSeben Mih\u00e1ly\tkozmetika-, vegyicikk elad\u00f3\n<\/p>43.\tTar J\u00e1nosn\u00e9 Bucsku Erzs\u00e9bet\tkozmetika-, vegyicikk elad\u00f3\n<\/p>44.\tBencsik P\u00e1l\th\u00e1ztart\u00e1si felszerel\u00e9s elad\u00f3\n<\/p>45.\tGajdos Gyul\u00e1n\u00e9 Cserven\u00e1k Ilona\th\u00e1ztart\u00e1si felszerel\u00e9s elad\u00f3\n<\/p>46.\tKnyih\u00e1r P\u00e1l\th\u00e1ztart\u00e1si felszerel\u00e9s elad\u00f3\n<\/p>47.\tSus\u00e1nszki Imre\truh\u00e1zati elad\u00f3\n<\/p>48.\tAngusz J\u00f3zsefn\u00e9 Zsoldi Emilia\tszak\u00e1cs\n<\/p>49.\tBeinschr\u00e1th Ir\u00e9n\tszak\u00e1cs\n<\/p>50.\tBucsai L\u00e1szl\u00f3n\u00e9 Vid\u00f3 Ilona\tszak\u00e1cs\n<\/p>51.\tCzebe S\u00e1ndorn\u00e9 Patai Marcella\tszak\u00e1cs\n<\/p>52.\tGa\u00e1l M\u00f3zesn\u00e9 Holya Anna\tszak\u00e1cs\n<\/p>53.\tGal\u00f3 M\u00e1rtonn\u00e9 Hajk\u00f3 M\u00e1ria\tszak\u00e1cs\n<\/p>54.\tGoron S\u00e1ndorn\u00e9 Ruzsa Anna\tszak\u00e1cs\n<\/p>55.\tK\u00e1m\u00e1n Edit Judit\tszak\u00e1cs\n<\/p>56.\tKiss Istv\u00e1nn\u00e9 Sarkadi Zsuzsanna\tszak\u00e1cs\n<\/p>57.\tKolok J\u00f3zsefn\u00e9 Vaszk\u00f3 Margit\tszak\u00e1cs\n<\/p>58.\tKondacs J\u00e1nosn\u00e9 Demcs\u00e1k M\u00e1ria\tszak\u00e1cs\n<\/p>59.\tLesty\u00e1n Goda Mih\u00e1lyn\u00e9 T\u00f3th Katalin\tszak\u00e1cs\n<\/p>60.\tVer\u00e9b Istv\u00e1nn\u00e9 Sz\u0171cs M\u00e1ria\tszak\u00e1cs\n<\/p>61.\tNagy Istv\u00e1n\tszak\u00e1cs\n<\/p>62.\t\u00d6kr\u00f6s S\u00e1ndorn\u00e9 Matkocsik Ter\u00e9zia\tszak\u00e1cs\n<\/p>63.\tPusztai Istv\u00e1nn\u00e9 K\u00f3nya Lujza\tszak\u00e1cs\n<\/p>64.\tSajtos Gy\u00f6rgyn\u00e9 P\u00f3pa M\u00e1ria\tszak\u00e1cs\n<\/p>65.\tNagy Szkesz\u00e1r Gy\u00f6rgyn\u00e9 Alm\u00e1si Ter\u00e9zia\tszak\u00e1cs\n<\/p>66.\tSurin\u00e1s P\u00e1ln\u00e9 Botta Duk\u00e1t Ilona\tszak\u00e1cs\n<\/p>67.\tSzab\u00f3 Andr\u00e1sn\u00e9 J\u00e1mbor Ir\u00e9n\tszak\u00e1cs\n<\/p>68.\tVolent J\u00e1nosn\u00e9 Vir\u00e1gh Ilona\tszak\u00e1cs\n<\/p>69.\tF\u00fcl\u00f6p Imre\t\u00e9lelmiszer elad\u00f3\n<\/p>70.\tVarga Andr\u00e1s\tkozmetika-, vegyicikk elad\u00f3\n<\/p>71.\tT\u00f3th Gyula\tfelszolg\u00e1l\u00f3<\/h5>\t\t\t\t<\/div>\n\t\t\t\t<\/div>\n\t\t\t\t\t<\/div>\n\t\t<\/div>\n\t\t\t\t\t<\/div>\n\t\t<\/section>\n\t\t\t\t<\/div>\n\t\t","protected":false},"excerpt":{"rendered":"<p>1970\/1971 Szakmai vizsg\u00e1t tett 1. Benk\u00f3 Gyul\u00e1n\u00e9 Csabai Katalin \u00e9lelmiszer elad\u00f3 2. Karkus Ilona Erzs\u00e9bet \u00e9lelmiszer elad\u00f3 3. Csompora Antal \u00e9lelmiszer elad\u00f3 4. Dauda J\u00e1nosn\u00e9 Jancs\u00f3 Ilona \u00e9lelmiszer elad\u00f3 5. Debreceni J\u00e1nosn\u00e9 Kelemen Ilona \u00e9lelmiszer elad\u00f3 6. Dud\u00e1s Andr\u00e1sn\u00e9 Ecker Edit Anna \u00e9lelmiszer elad\u00f3 7. Flinta P\u00e9tern\u00e9 Balogh M\u00e1ria \u00e9lelmiszer elad\u00f3 8. Hermann J\u00f3zsefn\u00e9 Cs\u00edk [&hellip;]<\/p>\n","protected":false},"author":4,"featured_media":0,"parent":0,"menu_order":0,"comment_status":"closed","ping_status":"closed","template":"","meta":{"footnotes":""},"class_list":["post-35651","page","type-page","status-publish","hentry"],"_links":{"self":[{"href":"\/index.php\/wp-json\/wp\/v2\/pages\/35651","targetHints":{"allow":["GET"]}}],"collection":[{"href":"\/index.php\/wp-json\/wp\/v2\/pages"}],"about":[{"href":"\/index.php\/wp-json\/wp\/v2\/types\/page"}],"author":[{"embeddable":true,"href":"\/index.php\/wp-json\/wp\/v2\/users\/4"}],"replies":[{"embeddable":true,"href":"\/index.php\/wp-json\/wp\/v2\/comments?post=35651"}],"version-history":[{"count":10,"href":"\/index.php\/wp-json\/wp\/v2\/pages\/35651\/revisions"}],"predecessor-version":[{"id":35662,"href":"\/index.php\/wp-json\/wp\/v2\/pages\/35651\/revisions\/35662"}],"wp:attachment":[{"href":"\/index.php\/wp-json\/wp\/v2\/media?parent=35651"}],"curies":[{"name":"wp","href":"https:\/\/api.w.org\/{rel}","templated":true}]}}