{"id":35294,"date":"2024-01-30T11:09:53","date_gmt":"2024-01-30T10:09:53","guid":{"rendered":"\/?page_id=35294"},"modified":"2024-01-30T11:11:20","modified_gmt":"2024-01-30T10:11:20","slug":"1956-szakacs","status":"publish","type":"page","link":"\/index.php\/1956-szakacs\/","title":{"rendered":"1956 Szak\u00e1cs"},"content":{"rendered":"\t\t<div data-elementor-type=\"wp-page\" data-elementor-id=\"35294\" class=\"elementor elementor-35294\" data-elementor-post-type=\"page\">\n\t\t\t\t\t\t<section class=\"elementor-section elementor-top-section elementor-element elementor-element-9b48115 elementor-section-boxed elementor-section-height-default elementor-section-height-default\" data-id=\"9b48115\" data-element_type=\"section\" data-e-type=\"section\">\n\t\t\t\t\t\t<div class=\"elementor-container elementor-column-gap-default\">\n\t\t\t\t\t<div class=\"elementor-column elementor-col-100 elementor-top-column elementor-element elementor-element-351fe3f\" data-id=\"351fe3f\" data-element_type=\"column\" data-e-type=\"column\">\n\t\t\t<div class=\"elementor-widget-wrap elementor-element-populated\">\n\t\t\t\t\t\t<div class=\"elementor-element elementor-element-cfd7e2c elementor-widget elementor-widget-spacer\" data-id=\"cfd7e2c\" data-element_type=\"widget\" data-e-type=\"widget\" data-widget_type=\"spacer.default\">\n\t\t\t\t<div class=\"elementor-widget-container\">\n\t\t\t\t\t\t\t<div class=\"elementor-spacer\">\n\t\t\t<div class=\"elementor-spacer-inner\"><\/div>\n\t\t<\/div>\n\t\t\t\t\t\t<\/div>\n\t\t\t\t<\/div>\n\t\t\t\t\t<\/div>\n\t\t<\/div>\n\t\t\t\t\t<\/div>\n\t\t<\/section>\n\t\t\t\t<section class=\"elementor-section elementor-top-section elementor-element elementor-element-8bfaa6e elementor-section-boxed elementor-section-height-default elementor-section-height-default\" data-id=\"8bfaa6e\" data-element_type=\"section\" data-e-type=\"section\">\n\t\t\t\t\t\t<div class=\"elementor-container elementor-column-gap-default\">\n\t\t\t\t\t<div class=\"elementor-column elementor-col-100 elementor-top-column elementor-element elementor-element-63e2ea4\" data-id=\"63e2ea4\" data-element_type=\"column\" data-e-type=\"column\">\n\t\t\t<div class=\"elementor-widget-wrap elementor-element-populated\">\n\t\t\t\t\t\t<div class=\"elementor-element elementor-element-e54e3bb elementor-widget elementor-widget-heading\" data-id=\"e54e3bb\" data-element_type=\"widget\" data-e-type=\"widget\" data-widget_type=\"heading.default\">\n\t\t\t\t<div class=\"elementor-widget-container\">\n\t\t\t\t\t<h2 class=\"elementor-heading-title elementor-size-default\"><b>1955\/1956<\/b><\/h2>\t\t\t\t<\/div>\n\t\t\t\t<\/div>\n\t\t\t\t\t<\/div>\n\t\t<\/div>\n\t\t\t\t\t<\/div>\n\t\t<\/section>\n\t\t\t\t<section class=\"elementor-section elementor-top-section elementor-element elementor-element-b596da1 elementor-section-boxed elementor-section-height-default elementor-section-height-default\" data-id=\"b596da1\" data-element_type=\"section\" data-e-type=\"section\">\n\t\t\t\t\t\t<div class=\"elementor-container elementor-column-gap-default\">\n\t\t\t\t\t<div class=\"elementor-column elementor-col-100 elementor-top-column elementor-element elementor-element-2b93daf\" data-id=\"2b93daf\" data-element_type=\"column\" data-e-type=\"column\">\n\t\t\t<div class=\"elementor-widget-wrap elementor-element-populated\">\n\t\t\t\t\t\t<div class=\"elementor-element elementor-element-8eb67e2 elementor-widget elementor-widget-spacer\" data-id=\"8eb67e2\" data-element_type=\"widget\" data-e-type=\"widget\" data-widget_type=\"spacer.default\">\n\t\t\t\t<div class=\"elementor-widget-container\">\n\t\t\t\t\t\t\t<div class=\"elementor-spacer\">\n\t\t\t<div class=\"elementor-spacer-inner\"><\/div>\n\t\t<\/div>\n\t\t\t\t\t\t<\/div>\n\t\t\t\t<\/div>\n\t\t\t\t\t<\/div>\n\t\t<\/div>\n\t\t\t\t\t<\/div>\n\t\t<\/section>\n\t\t\t\t<section class=\"elementor-section elementor-top-section elementor-element elementor-element-c80942d elementor-section-boxed elementor-section-height-default elementor-section-height-default\" data-id=\"c80942d\" data-element_type=\"section\" data-e-type=\"section\">\n\t\t\t\t\t\t<div class=\"elementor-container elementor-column-gap-default\">\n\t\t\t\t\t<div class=\"elementor-column elementor-col-100 elementor-top-column elementor-element elementor-element-cd65571\" data-id=\"cd65571\" data-element_type=\"column\" data-e-type=\"column\">\n\t\t\t<div class=\"elementor-widget-wrap elementor-element-populated\">\n\t\t\t\t\t\t<div class=\"elementor-element elementor-element-611b00e elementor-widget elementor-widget-heading\" data-id=\"611b00e\" data-element_type=\"widget\" data-e-type=\"widget\" data-widget_type=\"heading.default\">\n\t\t\t\t<div class=\"elementor-widget-container\">\n\t\t\t\t\t<h2 class=\"elementor-heading-title elementor-size-default\"><b>Szakma: szak\u00e1cs<\/b><\/h2>\t\t\t\t<\/div>\n\t\t\t\t<\/div>\n\t\t\t\t\t<\/div>\n\t\t<\/div>\n\t\t\t\t\t<\/div>\n\t\t<\/section>\n\t\t\t\t<section class=\"elementor-section elementor-top-section elementor-element elementor-element-e5623eb elementor-section-boxed elementor-section-height-default elementor-section-height-default\" data-id=\"e5623eb\" data-element_type=\"section\" data-e-type=\"section\">\n\t\t\t\t\t\t<div class=\"elementor-container elementor-column-gap-default\">\n\t\t\t\t\t<div class=\"elementor-column elementor-col-100 elementor-top-column elementor-element elementor-element-264c514\" data-id=\"264c514\" data-element_type=\"column\" data-e-type=\"column\">\n\t\t\t<div class=\"elementor-widget-wrap elementor-element-populated\">\n\t\t\t\t\t\t<div class=\"elementor-element elementor-element-90a780a elementor-widget elementor-widget-spacer\" data-id=\"90a780a\" data-element_type=\"widget\" data-e-type=\"widget\" data-widget_type=\"spacer.default\">\n\t\t\t\t<div class=\"elementor-widget-container\">\n\t\t\t\t\t\t\t<div class=\"elementor-spacer\">\n\t\t\t<div class=\"elementor-spacer-inner\"><\/div>\n\t\t<\/div>\n\t\t\t\t\t\t<\/div>\n\t\t\t\t<\/div>\n\t\t\t\t\t<\/div>\n\t\t<\/div>\n\t\t\t\t\t<\/div>\n\t\t<\/section>\n\t\t\t\t<section class=\"elementor-section elementor-top-section elementor-element elementor-element-5c7435d elementor-section-boxed elementor-section-height-default elementor-section-height-default\" data-id=\"5c7435d\" data-element_type=\"section\" data-e-type=\"section\">\n\t\t\t\t\t\t<div class=\"elementor-container elementor-column-gap-default\">\n\t\t\t\t\t<div class=\"elementor-column elementor-col-100 elementor-top-column elementor-element elementor-element-5cfee72\" data-id=\"5cfee72\" data-element_type=\"column\" data-e-type=\"column\">\n\t\t\t<div class=\"elementor-widget-wrap elementor-element-populated\">\n\t\t\t\t\t\t<div class=\"elementor-element elementor-element-62fd2cc elementor-widget elementor-widget-heading\" data-id=\"62fd2cc\" data-element_type=\"widget\" data-e-type=\"widget\" data-widget_type=\"heading.default\">\n\t\t\t\t<div class=\"elementor-widget-container\">\n\t\t\t\t\t<h2 class=\"elementor-heading-title elementor-size-default\">1.\tB\u00e1nki Gy\u00f6rgyn\u00e9<p>\n<\/p>2.\tK\u00e1d\u00e1r Ilona\n<\/p>3.\tKatona Andr\u00e1s\n<\/p>4.\tKnyih\u00e1r Ilona\n<\/p>5.\tKov\u00e1cs Ferencn\u00e9\n<\/p>6.\tKov\u00e1cs J\u00f3zsefn\u00e9\n<\/p>7.\tM\u00e9hes Lajosn\u00e9\n<\/p>8.\tMikl\u00f3s Lajosn\u00e9\n<\/p>9.\tNagy Lajosn\u00e9\n<\/p>10.\tOndos P\u00e1ln\u00e9\n<\/p>11.\tOndrik Istv\u00e1nn\u00e9\n<\/p>12.\t\u00d3r\u00e9 Istv\u00e1nn\u00e9\n<\/p>13.\t\u00f6zv. P\u00e9li Gy\u00f6rgyn\u00e9\n<\/p>14.\tPog\u00e1nyi J\u00e1nosn\u00e9\n<\/p>15.\tPribolyszki J\u00e1nosn\u00e9\n<\/p>16.\tR\u00e1bai Gy\u00f6rgyn\u00e9\n<\/p>17.\tSajti S\u00e1ndorn\u00e9\n<\/p>18.\tSzab\u00f3 Ferencn\u00e9\n<\/p>19.\tT\u00f3th S\u00e1ndorn\u00e9<\/h2>\t\t\t\t<\/div>\n\t\t\t\t<\/div>\n\t\t\t\t\t<\/div>\n\t\t<\/div>\n\t\t\t\t\t<\/div>\n\t\t<\/section>\n\t\t\t\t<\/div>\n\t\t","protected":false},"excerpt":{"rendered":"<p>1955\/1956 Szakma: szak\u00e1cs 1. B\u00e1nki Gy\u00f6rgyn\u00e9 2. K\u00e1d\u00e1r Ilona 3. Katona Andr\u00e1s 4. Knyih\u00e1r Ilona 5. Kov\u00e1cs Ferencn\u00e9 6. Kov\u00e1cs J\u00f3zsefn\u00e9 7. M\u00e9hes Lajosn\u00e9 8. Mikl\u00f3s Lajosn\u00e9 9. Nagy Lajosn\u00e9 10. Ondos P\u00e1ln\u00e9 11. Ondrik Istv\u00e1nn\u00e9 12. \u00d3r\u00e9 Istv\u00e1nn\u00e9 13. \u00f6zv. P\u00e9li Gy\u00f6rgyn\u00e9 14. Pog\u00e1nyi J\u00e1nosn\u00e9 15. Pribolyszki J\u00e1nosn\u00e9 16. R\u00e1bai Gy\u00f6rgyn\u00e9 17. Sajti S\u00e1ndorn\u00e9 [&hellip;]<\/p>\n","protected":false},"author":4,"featured_media":0,"parent":0,"menu_order":0,"comment_status":"closed","ping_status":"closed","template":"","meta":{"footnotes":""},"class_list":["post-35294","page","type-page","status-publish","hentry"],"_links":{"self":[{"href":"\/index.php\/wp-json\/wp\/v2\/pages\/35294","targetHints":{"allow":["GET"]}}],"collection":[{"href":"\/index.php\/wp-json\/wp\/v2\/pages"}],"about":[{"href":"\/index.php\/wp-json\/wp\/v2\/types\/page"}],"author":[{"embeddable":true,"href":"\/index.php\/wp-json\/wp\/v2\/users\/4"}],"replies":[{"embeddable":true,"href":"\/index.php\/wp-json\/wp\/v2\/comments?post=35294"}],"version-history":[{"count":4,"href":"\/index.php\/wp-json\/wp\/v2\/pages\/35294\/revisions"}],"predecessor-version":[{"id":35299,"href":"\/index.php\/wp-json\/wp\/v2\/pages\/35294\/revisions\/35299"}],"wp:attachment":[{"href":"\/index.php\/wp-json\/wp\/v2\/media?parent=35294"}],"curies":[{"name":"wp","href":"https:\/\/api.w.org\/{rel}","templated":true}]}}