{"id":35138,"date":"2024-01-30T09:07:37","date_gmt":"2024-01-30T08:07:37","guid":{"rendered":"\/?page_id=35138"},"modified":"2024-01-30T09:10:02","modified_gmt":"2024-01-30T08:10:02","slug":"1958-felszolgalo","status":"publish","type":"page","link":"\/index.php\/1958-felszolgalo\/","title":{"rendered":"1958 Felszolg\u00e1l\u00f3"},"content":{"rendered":"\t\t<div data-elementor-type=\"wp-page\" data-elementor-id=\"35138\" class=\"elementor elementor-35138\" data-elementor-post-type=\"page\">\n\t\t\t\t\t\t<section class=\"elementor-section elementor-top-section elementor-element elementor-element-f5e931e elementor-section-boxed elementor-section-height-default elementor-section-height-default\" data-id=\"f5e931e\" data-element_type=\"section\" data-e-type=\"section\">\n\t\t\t\t\t\t<div class=\"elementor-container elementor-column-gap-default\">\n\t\t\t\t\t<div class=\"elementor-column elementor-col-100 elementor-top-column elementor-element elementor-element-ae23c64\" data-id=\"ae23c64\" data-element_type=\"column\" data-e-type=\"column\">\n\t\t\t<div class=\"elementor-widget-wrap elementor-element-populated\">\n\t\t\t\t\t\t<div class=\"elementor-element elementor-element-9da6518 elementor-widget elementor-widget-spacer\" data-id=\"9da6518\" data-element_type=\"widget\" data-e-type=\"widget\" data-widget_type=\"spacer.default\">\n\t\t\t\t<div class=\"elementor-widget-container\">\n\t\t\t\t\t\t\t<div class=\"elementor-spacer\">\n\t\t\t<div class=\"elementor-spacer-inner\"><\/div>\n\t\t<\/div>\n\t\t\t\t\t\t<\/div>\n\t\t\t\t<\/div>\n\t\t\t\t\t<\/div>\n\t\t<\/div>\n\t\t\t\t\t<\/div>\n\t\t<\/section>\n\t\t\t\t<section class=\"elementor-section elementor-top-section elementor-element elementor-element-f2c98f8 elementor-section-boxed elementor-section-height-default elementor-section-height-default\" data-id=\"f2c98f8\" data-element_type=\"section\" data-e-type=\"section\">\n\t\t\t\t\t\t<div class=\"elementor-container elementor-column-gap-default\">\n\t\t\t\t\t<div class=\"elementor-column elementor-col-100 elementor-top-column elementor-element elementor-element-d3d5337\" data-id=\"d3d5337\" data-element_type=\"column\" data-e-type=\"column\">\n\t\t\t<div class=\"elementor-widget-wrap elementor-element-populated\">\n\t\t\t\t\t\t<div class=\"elementor-element elementor-element-57f8c86 elementor-widget elementor-widget-heading\" data-id=\"57f8c86\" data-element_type=\"widget\" data-e-type=\"widget\" data-widget_type=\"heading.default\">\n\t\t\t\t<div class=\"elementor-widget-container\">\n\t\t\t\t\t<h2 class=\"elementor-heading-title elementor-size-default\"><b>1957\/1958<\/b><\/h2>\t\t\t\t<\/div>\n\t\t\t\t<\/div>\n\t\t\t\t\t<\/div>\n\t\t<\/div>\n\t\t\t\t\t<\/div>\n\t\t<\/section>\n\t\t\t\t<section class=\"elementor-section elementor-top-section elementor-element elementor-element-8fc82ed elementor-section-boxed elementor-section-height-default elementor-section-height-default\" data-id=\"8fc82ed\" data-element_type=\"section\" data-e-type=\"section\">\n\t\t\t\t\t\t<div class=\"elementor-container elementor-column-gap-default\">\n\t\t\t\t\t<div class=\"elementor-column elementor-col-100 elementor-top-column elementor-element elementor-element-c44d303\" data-id=\"c44d303\" data-element_type=\"column\" data-e-type=\"column\">\n\t\t\t<div class=\"elementor-widget-wrap elementor-element-populated\">\n\t\t\t\t\t\t<div class=\"elementor-element elementor-element-c378351 elementor-widget elementor-widget-spacer\" data-id=\"c378351\" data-element_type=\"widget\" data-e-type=\"widget\" data-widget_type=\"spacer.default\">\n\t\t\t\t<div class=\"elementor-widget-container\">\n\t\t\t\t\t\t\t<div class=\"elementor-spacer\">\n\t\t\t<div class=\"elementor-spacer-inner\"><\/div>\n\t\t<\/div>\n\t\t\t\t\t\t<\/div>\n\t\t\t\t<\/div>\n\t\t\t\t\t<\/div>\n\t\t<\/div>\n\t\t\t\t\t<\/div>\n\t\t<\/section>\n\t\t\t\t<section class=\"elementor-section elementor-top-section elementor-element elementor-element-26d4d44 elementor-section-boxed elementor-section-height-default elementor-section-height-default\" data-id=\"26d4d44\" data-element_type=\"section\" data-e-type=\"section\">\n\t\t\t\t\t\t<div class=\"elementor-container elementor-column-gap-default\">\n\t\t\t\t\t<div class=\"elementor-column elementor-col-100 elementor-top-column elementor-element elementor-element-b8fb36b\" data-id=\"b8fb36b\" data-element_type=\"column\" data-e-type=\"column\">\n\t\t\t<div class=\"elementor-widget-wrap elementor-element-populated\">\n\t\t\t\t\t\t<div class=\"elementor-element elementor-element-4f46361 elementor-widget elementor-widget-heading\" data-id=\"4f46361\" data-element_type=\"widget\" data-e-type=\"widget\" data-widget_type=\"heading.default\">\n\t\t\t\t<div class=\"elementor-widget-container\">\n\t\t\t\t\t<h2 class=\"elementor-heading-title elementor-size-default\"><b>Szakma: felszolg\u00e1l\u00f3<\/b><\/h2>\t\t\t\t<\/div>\n\t\t\t\t<\/div>\n\t\t\t\t\t<\/div>\n\t\t<\/div>\n\t\t\t\t\t<\/div>\n\t\t<\/section>\n\t\t\t\t<section class=\"elementor-section elementor-top-section elementor-element elementor-element-d48ca6c elementor-section-boxed elementor-section-height-default elementor-section-height-default\" data-id=\"d48ca6c\" data-element_type=\"section\" data-e-type=\"section\">\n\t\t\t\t\t\t<div class=\"elementor-container elementor-column-gap-default\">\n\t\t\t\t\t<div class=\"elementor-column elementor-col-100 elementor-top-column elementor-element elementor-element-a623207\" data-id=\"a623207\" data-element_type=\"column\" data-e-type=\"column\">\n\t\t\t<div class=\"elementor-widget-wrap elementor-element-populated\">\n\t\t\t\t\t\t<div class=\"elementor-element elementor-element-bda1519 elementor-widget elementor-widget-spacer\" data-id=\"bda1519\" data-element_type=\"widget\" data-e-type=\"widget\" data-widget_type=\"spacer.default\">\n\t\t\t\t<div class=\"elementor-widget-container\">\n\t\t\t\t\t\t\t<div class=\"elementor-spacer\">\n\t\t\t<div class=\"elementor-spacer-inner\"><\/div>\n\t\t<\/div>\n\t\t\t\t\t\t<\/div>\n\t\t\t\t<\/div>\n\t\t\t\t\t<\/div>\n\t\t<\/div>\n\t\t\t\t\t<\/div>\n\t\t<\/section>\n\t\t\t\t<section class=\"elementor-section elementor-top-section elementor-element elementor-element-e5ba47f elementor-section-boxed elementor-section-height-default elementor-section-height-default\" data-id=\"e5ba47f\" data-element_type=\"section\" data-e-type=\"section\">\n\t\t\t\t\t\t<div class=\"elementor-container elementor-column-gap-default\">\n\t\t\t\t\t<div class=\"elementor-column elementor-col-100 elementor-top-column elementor-element elementor-element-0c06f2a\" data-id=\"0c06f2a\" data-element_type=\"column\" data-e-type=\"column\">\n\t\t\t<div class=\"elementor-widget-wrap elementor-element-populated\">\n\t\t\t\t\t\t<div class=\"elementor-element elementor-element-a65f0e9 elementor-widget elementor-widget-heading\" data-id=\"a65f0e9\" data-element_type=\"widget\" data-e-type=\"widget\" data-widget_type=\"heading.default\">\n\t\t\t\t<div class=\"elementor-widget-container\">\n\t\t\t\t\t<h2 class=\"elementor-heading-title elementor-size-default\">1.\tB\u00e1donyi S\u00e1ndorn\u00e9<p>\n<\/p>2.\tCseh J\u00f3zsef\n<\/p>3.\tFarag\u00f3 Mih\u00e1ly\n<\/p>4.\tG\u00e1lik P\u00e1l\n<\/p>5.\tG\u00e1sp\u00e1r J\u00e1nos\n<\/p>6.\tHet\u00e9nyi Istv\u00e1n\n<\/p>7.\tHorv\u00e1th B\u00e9la\n<\/p>8.\tKalm\u00e1r Gyula\n<\/p>9.\tKond\u00e1cs P\u00e1ln\u00e9\n<\/p>10.\tOn\u00e1ka J\u00e1nos\n<\/p>11.\tPonta Antal\n<\/p>12.\tSz\u00e1nt\u00f3 J\u00f3zsefn\u00e9\n<\/p>13.\tSzemenyei Lajosn\u00e9\n<\/p>14.\tUnk S\u00e1ndorn\u00e9<\/h2>\t\t\t\t<\/div>\n\t\t\t\t<\/div>\n\t\t\t\t\t<\/div>\n\t\t<\/div>\n\t\t\t\t\t<\/div>\n\t\t<\/section>\n\t\t\t\t<\/div>\n\t\t","protected":false},"excerpt":{"rendered":"<p>1957\/1958 Szakma: felszolg\u00e1l\u00f3 1. B\u00e1donyi S\u00e1ndorn\u00e9 2. Cseh J\u00f3zsef 3. Farag\u00f3 Mih\u00e1ly 4. G\u00e1lik P\u00e1l 5. G\u00e1sp\u00e1r J\u00e1nos 6. Het\u00e9nyi Istv\u00e1n 7. Horv\u00e1th B\u00e9la 8. Kalm\u00e1r Gyula 9. Kond\u00e1cs P\u00e1ln\u00e9 10. On\u00e1ka J\u00e1nos 11. Ponta Antal 12. Sz\u00e1nt\u00f3 J\u00f3zsefn\u00e9 13. Szemenyei Lajosn\u00e9 14. Unk S\u00e1ndorn\u00e9<\/p>\n","protected":false},"author":4,"featured_media":0,"parent":0,"menu_order":0,"comment_status":"closed","ping_status":"closed","template":"","meta":{"footnotes":""},"class_list":["post-35138","page","type-page","status-publish","hentry"],"_links":{"self":[{"href":"\/index.php\/wp-json\/wp\/v2\/pages\/35138","targetHints":{"allow":["GET"]}}],"collection":[{"href":"\/index.php\/wp-json\/wp\/v2\/pages"}],"about":[{"href":"\/index.php\/wp-json\/wp\/v2\/types\/page"}],"author":[{"embeddable":true,"href":"\/index.php\/wp-json\/wp\/v2\/users\/4"}],"replies":[{"embeddable":true,"href":"\/index.php\/wp-json\/wp\/v2\/comments?post=35138"}],"version-history":[{"count":4,"href":"\/index.php\/wp-json\/wp\/v2\/pages\/35138\/revisions"}],"predecessor-version":[{"id":35143,"href":"\/index.php\/wp-json\/wp\/v2\/pages\/35138\/revisions\/35143"}],"wp:attachment":[{"href":"\/index.php\/wp-json\/wp\/v2\/media?parent=35138"}],"curies":[{"name":"wp","href":"https:\/\/api.w.org\/{rel}","templated":true}]}}