{"id":35010,"date":"2024-01-29T13:12:38","date_gmt":"2024-01-29T12:12:38","guid":{"rendered":"\/?page_id=35010"},"modified":"2024-01-29T13:18:14","modified_gmt":"2024-01-29T12:18:14","slug":"1959-szakacs","status":"publish","type":"page","link":"\/index.php\/1959-szakacs\/","title":{"rendered":"1959 Szak\u00e1cs"},"content":{"rendered":"\t\t<div data-elementor-type=\"wp-page\" data-elementor-id=\"35010\" class=\"elementor elementor-35010\" data-elementor-post-type=\"page\">\n\t\t\t\t\t\t<section class=\"elementor-section elementor-top-section elementor-element elementor-element-6c3de0d elementor-section-boxed elementor-section-height-default elementor-section-height-default\" data-id=\"6c3de0d\" data-element_type=\"section\" data-e-type=\"section\">\n\t\t\t\t\t\t<div class=\"elementor-container elementor-column-gap-default\">\n\t\t\t\t\t<div class=\"elementor-column elementor-col-100 elementor-top-column elementor-element elementor-element-905dab7\" data-id=\"905dab7\" data-element_type=\"column\" data-e-type=\"column\">\n\t\t\t<div class=\"elementor-widget-wrap elementor-element-populated\">\n\t\t\t\t\t\t<div class=\"elementor-element elementor-element-4a79ad6 elementor-widget elementor-widget-spacer\" data-id=\"4a79ad6\" data-element_type=\"widget\" data-e-type=\"widget\" data-widget_type=\"spacer.default\">\n\t\t\t\t<div class=\"elementor-widget-container\">\n\t\t\t\t\t\t\t<div class=\"elementor-spacer\">\n\t\t\t<div class=\"elementor-spacer-inner\"><\/div>\n\t\t<\/div>\n\t\t\t\t\t\t<\/div>\n\t\t\t\t<\/div>\n\t\t\t\t\t<\/div>\n\t\t<\/div>\n\t\t\t\t\t<\/div>\n\t\t<\/section>\n\t\t\t\t<section class=\"elementor-section elementor-top-section elementor-element elementor-element-90f6269 elementor-section-boxed elementor-section-height-default elementor-section-height-default\" data-id=\"90f6269\" data-element_type=\"section\" data-e-type=\"section\">\n\t\t\t\t\t\t<div class=\"elementor-container elementor-column-gap-default\">\n\t\t\t\t\t<div class=\"elementor-column elementor-col-100 elementor-top-column elementor-element elementor-element-1976918\" data-id=\"1976918\" data-element_type=\"column\" data-e-type=\"column\">\n\t\t\t<div class=\"elementor-widget-wrap elementor-element-populated\">\n\t\t\t\t\t\t<div class=\"elementor-element elementor-element-9e465c7 elementor-widget elementor-widget-heading\" data-id=\"9e465c7\" data-element_type=\"widget\" data-e-type=\"widget\" data-widget_type=\"heading.default\">\n\t\t\t\t<div class=\"elementor-widget-container\">\n\t\t\t\t\t<h2 class=\"elementor-heading-title elementor-size-default\"><b>1958\/1959<\/b><\/h2>\t\t\t\t<\/div>\n\t\t\t\t<\/div>\n\t\t\t\t\t<\/div>\n\t\t<\/div>\n\t\t\t\t\t<\/div>\n\t\t<\/section>\n\t\t\t\t<section class=\"elementor-section elementor-top-section elementor-element elementor-element-2913c21 elementor-section-boxed elementor-section-height-default elementor-section-height-default\" data-id=\"2913c21\" data-element_type=\"section\" data-e-type=\"section\">\n\t\t\t\t\t\t<div class=\"elementor-container elementor-column-gap-default\">\n\t\t\t\t\t<div class=\"elementor-column elementor-col-100 elementor-top-column elementor-element elementor-element-7b4add9\" data-id=\"7b4add9\" data-element_type=\"column\" data-e-type=\"column\">\n\t\t\t<div class=\"elementor-widget-wrap elementor-element-populated\">\n\t\t\t\t\t\t<div class=\"elementor-element elementor-element-e5bb3b6 elementor-widget elementor-widget-spacer\" data-id=\"e5bb3b6\" data-element_type=\"widget\" data-e-type=\"widget\" data-widget_type=\"spacer.default\">\n\t\t\t\t<div class=\"elementor-widget-container\">\n\t\t\t\t\t\t\t<div class=\"elementor-spacer\">\n\t\t\t<div class=\"elementor-spacer-inner\"><\/div>\n\t\t<\/div>\n\t\t\t\t\t\t<\/div>\n\t\t\t\t<\/div>\n\t\t\t\t\t<\/div>\n\t\t<\/div>\n\t\t\t\t\t<\/div>\n\t\t<\/section>\n\t\t\t\t<section class=\"elementor-section elementor-top-section elementor-element elementor-element-fe8d76c elementor-section-boxed elementor-section-height-default elementor-section-height-default\" data-id=\"fe8d76c\" data-element_type=\"section\" data-e-type=\"section\">\n\t\t\t\t\t\t<div class=\"elementor-container elementor-column-gap-default\">\n\t\t\t\t\t<div class=\"elementor-column elementor-col-100 elementor-top-column elementor-element elementor-element-57ebbe9\" data-id=\"57ebbe9\" data-element_type=\"column\" data-e-type=\"column\">\n\t\t\t<div class=\"elementor-widget-wrap elementor-element-populated\">\n\t\t\t\t\t\t<div class=\"elementor-element elementor-element-dcd0457 elementor-widget elementor-widget-heading\" data-id=\"dcd0457\" data-element_type=\"widget\" data-e-type=\"widget\" data-widget_type=\"heading.default\">\n\t\t\t\t<div class=\"elementor-widget-container\">\n\t\t\t\t\t<h2 class=\"elementor-heading-title elementor-size-default\"><b>Szakma: szak\u00e1cs<\/b><\/h2>\t\t\t\t<\/div>\n\t\t\t\t<\/div>\n\t\t\t\t\t<\/div>\n\t\t<\/div>\n\t\t\t\t\t<\/div>\n\t\t<\/section>\n\t\t\t\t<section class=\"elementor-section elementor-top-section elementor-element elementor-element-97282cf elementor-section-boxed elementor-section-height-default elementor-section-height-default\" data-id=\"97282cf\" data-element_type=\"section\" data-e-type=\"section\">\n\t\t\t\t\t\t<div class=\"elementor-container elementor-column-gap-default\">\n\t\t\t\t\t<div class=\"elementor-column elementor-col-100 elementor-top-column elementor-element elementor-element-4211881\" data-id=\"4211881\" data-element_type=\"column\" data-e-type=\"column\">\n\t\t\t<div class=\"elementor-widget-wrap elementor-element-populated\">\n\t\t\t\t\t\t<div class=\"elementor-element elementor-element-3bd74bd elementor-widget elementor-widget-spacer\" data-id=\"3bd74bd\" data-element_type=\"widget\" data-e-type=\"widget\" data-widget_type=\"spacer.default\">\n\t\t\t\t<div class=\"elementor-widget-container\">\n\t\t\t\t\t\t\t<div class=\"elementor-spacer\">\n\t\t\t<div class=\"elementor-spacer-inner\"><\/div>\n\t\t<\/div>\n\t\t\t\t\t\t<\/div>\n\t\t\t\t<\/div>\n\t\t\t\t\t<\/div>\n\t\t<\/div>\n\t\t\t\t\t<\/div>\n\t\t<\/section>\n\t\t\t\t<section class=\"elementor-section elementor-top-section elementor-element elementor-element-1baa907 elementor-section-boxed elementor-section-height-default elementor-section-height-default\" data-id=\"1baa907\" data-element_type=\"section\" data-e-type=\"section\">\n\t\t\t\t\t\t<div class=\"elementor-container elementor-column-gap-default\">\n\t\t\t\t\t<div class=\"elementor-column elementor-col-100 elementor-top-column elementor-element elementor-element-87179c9\" data-id=\"87179c9\" data-element_type=\"column\" data-e-type=\"column\">\n\t\t\t<div class=\"elementor-widget-wrap elementor-element-populated\">\n\t\t\t\t\t\t<div class=\"elementor-element elementor-element-74c113d elementor-widget elementor-widget-heading\" data-id=\"74c113d\" data-element_type=\"widget\" data-e-type=\"widget\" data-widget_type=\"heading.default\">\n\t\t\t\t<div class=\"elementor-widget-container\">\n\t\t\t\t\t<h2 class=\"elementor-heading-title elementor-size-default\">1.\tAdamik Gy\u00f6rgyn\u00e9<p>\n<\/p>2.\t\u00c1rgyel\u00e1n M\u00e1ria\n<\/p>3.\tBajv\u00edv\u00f3 P\u00e1ln\u00e9\n<\/p>4.\tB\u00e1nki Imr\u00e9n\u00e9\n<\/p>5.\tBereczki J\u00f3zsefn\u00e9\n<\/p>6.\tCs\u00edsz\u00e1r K\u00e1roly\n<\/p>7.\tDobos Ferenc\n<\/p>8.\tDomokos Mih\u00e1lyn\u00e9\n<\/p>9.\tFarkas K\u00e1rolyn\u00e9\n<\/p>10.\tFarmasi Julianna\n<\/p>11.\tFekete Istv\u00e1nn\u00e9\n<\/p>12.\tFelegyi Andr\u00e1sn\u00e9\n<\/p>13.\tFrancziszki P\u00e1ln\u00e9\n<\/p>14.\tGuglava Gy\u00f6rgyn\u00e9\n<\/p>15.\tGyarmati Lajosn\u00e9\n<\/p>16.\tGyuricza L\u00e1szl\u00f3n\u00e9\n<\/p>17.\tGy\u00fcre M\u00e1rton\n<\/p>18.\tHajnal J\u00falia\n<\/p>19.\tHaluska L\u00e1szl\u00f3n\u00e9\n<\/p>20.\tHank\u00f3 P\u00e1l\n<\/p>21.\tH\u00e1ri Istv\u00e1n\n<\/p>22.\tHegyesi K\u00e1rolyn\u00e9\n<\/p>23.\tH\u00edz\u00f3 Istv\u00e1nn\u00e9\n<\/p>24.\tHortob\u00e1gyi J\u00e1nosn\u00e9\n<\/p>25.\tHorv\u00e1th Katalin\n<\/p>26.\tK Szab\u00f3 Julianna\n<\/p>27.\tKalm\u00e1r Gyula\n<\/p>28.\tK\u00e1tai Istv\u00e1nn\u00e9\n<\/p>29.\tKem\u00e9ny L\u00e1szl\u00f3n\u00e9\n<\/p>30.\tKiss Istv\u00e1nn\u00e9\n<\/p>31.\tKnapp Elekn\u00e9\n<\/p>32.\tKom\u00e1romi G\u00e9z\u00e1n\u00e9\n<\/p>33.\tKomisz\u00e1r Gy\u00f6rgyn\u00e9\n<\/p>34.\tKond\u00e1cs Mih\u00e1lyn\u00e9\n<\/p>35.\tK\u00f3nya Mih\u00e1lyn\u00e9\n<\/p>36.\tKov\u00e1cs J\u00e1nosn\u00e9\n<\/p>37.\tKucsera Emil\n<\/p>38.\tKurta Andr\u00e1sn\u00e9\n<\/p>39.\tL\u00e1szl\u00f3 Zsuzsanna\n<\/p>40.\tMagyar Zsuzsanna\n<\/p>41.\tMeggyesi M\u00e1ty\u00e1sn\u00e9\n<\/p>42.\tN\u00e1dh\u00e1zi L\u00e1szl\u00f3n\u00e9\n<\/p>43.\tNagy B\u00e9l\u00e1n\u00e9\n<\/p>44.\tNagy Irma\n<\/p>45.\t\u00f6. Hangy\u00e1l K\u00e1rolyn\u00e9\n<\/p>46.\t\u00f6. Kov\u00e1cs J\u00f3zsefn\u00e9\n<\/p>47.\tPapp Ign\u00e1cn\u00e9\n<\/p>48.\tPomutz Gy\u00f6rgyn\u00e9\n<\/p>49.\tPongr\u00e1cz J\u00f3zsefn\u00e9\n<\/p>50.\tR\u00e1kos Istv\u00e1nn\u00e9\n<\/p>51.\tRusz Mikl\u00f3s\n<\/p>52.\tS\u00e1rk\u00e1ny M\u00e1ty\u00e1sn\u00e9\n<\/p>53.\tSereg\u0151 K\u00e1lm\u00e1nn\u00e9\n<\/p>54.\tSeres J\u00f3zsefn\u00e9\n<\/p>55.\tSomogyi Imre\n<\/p>56.\tSomogyi Istv\u00e1nn\u00e9\n<\/p>57.\tSzab\u00f3 J\u00e1nosn\u00e9\n<\/p>58.\tSzab\u00f3 Lajosn\u00e9\n<\/p>59.\tSzalai J\u00e1nosn\u00e9\n<\/p>60.\tSz\u00e1nt\u00f3 Lajosn\u00e9\n<\/p>61.\tSz\u00e1szhalmi Lajosn\u00e9\n<\/p>62.\tSz\u00e1va Gyul\u00e1n\u00e9\n<\/p>63.\tSzikora Mih\u00e1lyn\u00e9\n<\/p>64.\tTak\u00e1cs Andr\u00e1sn\u00e9\n<\/p>65.\tTihanyi J\u00e1nosn\u00e9\n<\/p>66.\tT\u00f3th K\u00e1rolyn\u00e9\n<\/p>67.\tT\u00f3th S\u00e1ndorn\u00e9\n<\/p>68.\tUrb\u00e1n Zsuzsanna\n<\/p>69.\tUzsoki K\u00e1rolyn\u00e9\n<\/p>70.\tValentinyi Andr\u00e1sn\u00e9\n<\/p>71.\tV\u00e1radi Mih\u00e1lyn\u00e9\n<\/p>72.\tV\u00e1rhegyi Ferencn\u00e9\n<\/p>73.\tV\u00edgh Gy S\u00e1ndorn\u00e9\n<\/p>74.\tVince P\u00e9tern\u00e9\n<\/p>75.\tZalai Imre<\/h2>\t\t\t\t<\/div>\n\t\t\t\t<\/div>\n\t\t\t\t\t<\/div>\n\t\t<\/div>\n\t\t\t\t\t<\/div>\n\t\t<\/section>\n\t\t\t\t<\/div>\n\t\t","protected":false},"excerpt":{"rendered":"<p>1958\/1959 Szakma: szak\u00e1cs 1. Adamik Gy\u00f6rgyn\u00e9 2. \u00c1rgyel\u00e1n M\u00e1ria 3. Bajv\u00edv\u00f3 P\u00e1ln\u00e9 4. B\u00e1nki Imr\u00e9n\u00e9 5. Bereczki J\u00f3zsefn\u00e9 6. Cs\u00edsz\u00e1r K\u00e1roly 7. Dobos Ferenc 8. Domokos Mih\u00e1lyn\u00e9 9. Farkas K\u00e1rolyn\u00e9 10. Farmasi Julianna 11. Fekete Istv\u00e1nn\u00e9 12. Felegyi Andr\u00e1sn\u00e9 13. Francziszki P\u00e1ln\u00e9 14. Guglava Gy\u00f6rgyn\u00e9 15. Gyarmati Lajosn\u00e9 16. Gyuricza L\u00e1szl\u00f3n\u00e9 17. Gy\u00fcre M\u00e1rton 18. [&hellip;]<\/p>\n","protected":false},"author":4,"featured_media":0,"parent":0,"menu_order":0,"comment_status":"closed","ping_status":"closed","template":"","meta":{"footnotes":""},"class_list":["post-35010","page","type-page","status-publish","hentry"],"_links":{"self":[{"href":"\/index.php\/wp-json\/wp\/v2\/pages\/35010","targetHints":{"allow":["GET"]}}],"collection":[{"href":"\/index.php\/wp-json\/wp\/v2\/pages"}],"about":[{"href":"\/index.php\/wp-json\/wp\/v2\/types\/page"}],"author":[{"embeddable":true,"href":"\/index.php\/wp-json\/wp\/v2\/users\/4"}],"replies":[{"embeddable":true,"href":"\/index.php\/wp-json\/wp\/v2\/comments?post=35010"}],"version-history":[{"count":13,"href":"\/index.php\/wp-json\/wp\/v2\/pages\/35010\/revisions"}],"predecessor-version":[{"id":35028,"href":"\/index.php\/wp-json\/wp\/v2\/pages\/35010\/revisions\/35028"}],"wp:attachment":[{"href":"\/index.php\/wp-json\/wp\/v2\/media?parent=35010"}],"curies":[{"name":"wp","href":"https:\/\/api.w.org\/{rel}","templated":true}]}}