{"id":34879,"date":"2024-01-29T09:13:09","date_gmt":"2024-01-29T08:13:09","guid":{"rendered":"\/?page_id=34879"},"modified":"2024-01-29T09:18:18","modified_gmt":"2024-01-29T08:18:18","slug":"1961-ruhazati-elado-vegyes","status":"publish","type":"page","link":"\/index.php\/1961-ruhazati-elado-vegyes\/","title":{"rendered":"1961 Ruh\u00e1zati elad\u00f3 (vegyes)"},"content":{"rendered":"\t\t<div data-elementor-type=\"wp-page\" data-elementor-id=\"34879\" class=\"elementor elementor-34879\" data-elementor-post-type=\"page\">\n\t\t\t\t\t\t<section class=\"elementor-section elementor-top-section elementor-element elementor-element-0aeaa11 elementor-section-boxed elementor-section-height-default elementor-section-height-default\" data-id=\"0aeaa11\" data-element_type=\"section\" data-e-type=\"section\">\n\t\t\t\t\t\t<div class=\"elementor-container elementor-column-gap-default\">\n\t\t\t\t\t<div class=\"elementor-column elementor-col-100 elementor-top-column elementor-element elementor-element-e798fe2\" data-id=\"e798fe2\" data-element_type=\"column\" data-e-type=\"column\">\n\t\t\t<div class=\"elementor-widget-wrap elementor-element-populated\">\n\t\t\t\t\t\t<div class=\"elementor-element elementor-element-4be9f74 elementor-widget elementor-widget-spacer\" data-id=\"4be9f74\" data-element_type=\"widget\" data-e-type=\"widget\" data-widget_type=\"spacer.default\">\n\t\t\t\t<div class=\"elementor-widget-container\">\n\t\t\t\t\t\t\t<div class=\"elementor-spacer\">\n\t\t\t<div class=\"elementor-spacer-inner\"><\/div>\n\t\t<\/div>\n\t\t\t\t\t\t<\/div>\n\t\t\t\t<\/div>\n\t\t\t\t\t<\/div>\n\t\t<\/div>\n\t\t\t\t\t<\/div>\n\t\t<\/section>\n\t\t\t\t<section class=\"elementor-section elementor-top-section elementor-element elementor-element-c1ed6ad elementor-section-boxed elementor-section-height-default elementor-section-height-default\" data-id=\"c1ed6ad\" data-element_type=\"section\" data-e-type=\"section\">\n\t\t\t\t\t\t<div class=\"elementor-container elementor-column-gap-default\">\n\t\t\t\t\t<div class=\"elementor-column elementor-col-100 elementor-top-column elementor-element elementor-element-43d4f79\" data-id=\"43d4f79\" data-element_type=\"column\" data-e-type=\"column\">\n\t\t\t<div class=\"elementor-widget-wrap elementor-element-populated\">\n\t\t\t\t\t\t<div class=\"elementor-element elementor-element-cfb1092 elementor-widget elementor-widget-heading\" data-id=\"cfb1092\" data-element_type=\"widget\" data-e-type=\"widget\" data-widget_type=\"heading.default\">\n\t\t\t\t<div class=\"elementor-widget-container\">\n\t\t\t\t\t<h2 class=\"elementor-heading-title elementor-size-default\"><b>1960\/1961<\/b><\/h2>\t\t\t\t<\/div>\n\t\t\t\t<\/div>\n\t\t\t\t\t<\/div>\n\t\t<\/div>\n\t\t\t\t\t<\/div>\n\t\t<\/section>\n\t\t\t\t<section class=\"elementor-section elementor-top-section elementor-element elementor-element-1f1f239 elementor-section-boxed elementor-section-height-default elementor-section-height-default\" data-id=\"1f1f239\" data-element_type=\"section\" data-e-type=\"section\">\n\t\t\t\t\t\t<div class=\"elementor-container elementor-column-gap-default\">\n\t\t\t\t\t<div class=\"elementor-column elementor-col-100 elementor-top-column elementor-element elementor-element-b50b4ec\" data-id=\"b50b4ec\" data-element_type=\"column\" data-e-type=\"column\">\n\t\t\t<div class=\"elementor-widget-wrap elementor-element-populated\">\n\t\t\t\t\t\t<div class=\"elementor-element elementor-element-f34bcab elementor-widget elementor-widget-spacer\" data-id=\"f34bcab\" data-element_type=\"widget\" data-e-type=\"widget\" data-widget_type=\"spacer.default\">\n\t\t\t\t<div class=\"elementor-widget-container\">\n\t\t\t\t\t\t\t<div class=\"elementor-spacer\">\n\t\t\t<div class=\"elementor-spacer-inner\"><\/div>\n\t\t<\/div>\n\t\t\t\t\t\t<\/div>\n\t\t\t\t<\/div>\n\t\t\t\t\t<\/div>\n\t\t<\/div>\n\t\t\t\t\t<\/div>\n\t\t<\/section>\n\t\t\t\t<section class=\"elementor-section elementor-top-section elementor-element elementor-element-837df98 elementor-section-boxed elementor-section-height-default elementor-section-height-default\" data-id=\"837df98\" data-element_type=\"section\" data-e-type=\"section\">\n\t\t\t\t\t\t<div class=\"elementor-container elementor-column-gap-default\">\n\t\t\t\t\t<div class=\"elementor-column elementor-col-100 elementor-top-column elementor-element elementor-element-1e4b18d\" data-id=\"1e4b18d\" data-element_type=\"column\" data-e-type=\"column\">\n\t\t\t<div class=\"elementor-widget-wrap elementor-element-populated\">\n\t\t\t\t\t\t<div class=\"elementor-element elementor-element-27dedc3 elementor-widget elementor-widget-heading\" data-id=\"27dedc3\" data-element_type=\"widget\" data-e-type=\"widget\" data-widget_type=\"heading.default\">\n\t\t\t\t<div class=\"elementor-widget-container\">\n\t\t\t\t\t<h2 class=\"elementor-heading-title elementor-size-default\"><b>Szakma: ruh\u00e1zati elad\u00f3 (vegyes)<\/b><\/h2>\t\t\t\t<\/div>\n\t\t\t\t<\/div>\n\t\t\t\t\t<\/div>\n\t\t<\/div>\n\t\t\t\t\t<\/div>\n\t\t<\/section>\n\t\t\t\t<section class=\"elementor-section elementor-top-section elementor-element elementor-element-ffc18bf elementor-section-boxed elementor-section-height-default elementor-section-height-default\" data-id=\"ffc18bf\" data-element_type=\"section\" data-e-type=\"section\">\n\t\t\t\t\t\t<div class=\"elementor-container elementor-column-gap-default\">\n\t\t\t\t\t<div class=\"elementor-column elementor-col-100 elementor-top-column elementor-element elementor-element-0746b9b\" data-id=\"0746b9b\" data-element_type=\"column\" data-e-type=\"column\">\n\t\t\t<div class=\"elementor-widget-wrap elementor-element-populated\">\n\t\t\t\t\t\t<div class=\"elementor-element elementor-element-73643f1 elementor-widget elementor-widget-spacer\" data-id=\"73643f1\" data-element_type=\"widget\" data-e-type=\"widget\" data-widget_type=\"spacer.default\">\n\t\t\t\t<div class=\"elementor-widget-container\">\n\t\t\t\t\t\t\t<div class=\"elementor-spacer\">\n\t\t\t<div class=\"elementor-spacer-inner\"><\/div>\n\t\t<\/div>\n\t\t\t\t\t\t<\/div>\n\t\t\t\t<\/div>\n\t\t\t\t\t<\/div>\n\t\t<\/div>\n\t\t\t\t\t<\/div>\n\t\t<\/section>\n\t\t\t\t<section class=\"elementor-section elementor-top-section elementor-element elementor-element-e712e12 elementor-section-boxed elementor-section-height-default elementor-section-height-default\" data-id=\"e712e12\" data-element_type=\"section\" data-e-type=\"section\">\n\t\t\t\t\t\t<div class=\"elementor-container elementor-column-gap-default\">\n\t\t\t\t\t<div class=\"elementor-column elementor-col-100 elementor-top-column elementor-element elementor-element-b355284\" data-id=\"b355284\" data-element_type=\"column\" data-e-type=\"column\">\n\t\t\t<div class=\"elementor-widget-wrap elementor-element-populated\">\n\t\t\t\t\t\t<div class=\"elementor-element elementor-element-7cbbbe5 elementor-widget elementor-widget-heading\" data-id=\"7cbbbe5\" data-element_type=\"widget\" data-e-type=\"widget\" data-widget_type=\"heading.default\">\n\t\t\t\t<div class=\"elementor-widget-container\">\n\t\t\t\t\t<h2 class=\"elementor-heading-title elementor-size-default\">1.\tBencsik Ilona<p>\n<\/p>2.\tDebreczeni J\u00f3zsefn\u00e9\n<\/p>3.\tF\u00f3ri S\u00e1ndorn\u00e9\n<\/p>4.\tGajd\u00e1cs P\u00e1l\n<\/p>5.\tGerebenics Andr\u00e1sn\u00e9\n<\/p>6.\tGubics Andr\u00e1sn\u00e9\n<\/p>7.\tGyepes G\u00e9z\u00e1n\u00e9\n<\/p>8.\tKocsa Mih\u00e1ly\n<\/p>9.\tLipt\u00e1k J\u00e1nos\n<\/p>10.\tLiszkai Lajosn\u00e9\n<\/p>11.\tMoln\u00e1r Mih\u00e1lyn\u00e9\n<\/p>12.\tNagy Lajosn\u00e9\n<\/p>13.\tPint\u00e9r Gyul\u00e1n\u00e9\n<\/p>14.\tSata J\u00e1nosn\u00e9\n<\/p>15.\tSzab\u00f3 Mih\u00e1lyn\u00e9\n<\/p>16.\tTasn\u00e1di P\u00e1ln\u00e9\n<\/p>17.\tV\u00edgh K\u00e1rolyn\u00e9\n<\/p>18.\tWallfisch P\u00e1l<\/h2>\t\t\t\t<\/div>\n\t\t\t\t<\/div>\n\t\t\t\t\t<\/div>\n\t\t<\/div>\n\t\t\t\t\t<\/div>\n\t\t<\/section>\n\t\t\t\t<\/div>\n\t\t","protected":false},"excerpt":{"rendered":"<p>1960\/1961 Szakma: ruh\u00e1zati elad\u00f3 (vegyes) 1. Bencsik Ilona 2. Debreczeni J\u00f3zsefn\u00e9 3. F\u00f3ri S\u00e1ndorn\u00e9 4. Gajd\u00e1cs P\u00e1l 5. Gerebenics Andr\u00e1sn\u00e9 6. Gubics Andr\u00e1sn\u00e9 7. Gyepes G\u00e9z\u00e1n\u00e9 8. Kocsa Mih\u00e1ly 9. Lipt\u00e1k J\u00e1nos 10. Liszkai Lajosn\u00e9 11. Moln\u00e1r Mih\u00e1lyn\u00e9 12. Nagy Lajosn\u00e9 13. Pint\u00e9r Gyul\u00e1n\u00e9 14. Sata J\u00e1nosn\u00e9 15. Szab\u00f3 Mih\u00e1lyn\u00e9 16. Tasn\u00e1di P\u00e1ln\u00e9 17. V\u00edgh [&hellip;]<\/p>\n","protected":false},"author":4,"featured_media":0,"parent":0,"menu_order":0,"comment_status":"closed","ping_status":"closed","template":"","meta":{"footnotes":""},"class_list":["post-34879","page","type-page","status-publish","hentry"],"_links":{"self":[{"href":"\/index.php\/wp-json\/wp\/v2\/pages\/34879","targetHints":{"allow":["GET"]}}],"collection":[{"href":"\/index.php\/wp-json\/wp\/v2\/pages"}],"about":[{"href":"\/index.php\/wp-json\/wp\/v2\/types\/page"}],"author":[{"embeddable":true,"href":"\/index.php\/wp-json\/wp\/v2\/users\/4"}],"replies":[{"embeddable":true,"href":"\/index.php\/wp-json\/wp\/v2\/comments?post=34879"}],"version-history":[{"count":4,"href":"\/index.php\/wp-json\/wp\/v2\/pages\/34879\/revisions"}],"predecessor-version":[{"id":34884,"href":"\/index.php\/wp-json\/wp\/v2\/pages\/34879\/revisions\/34884"}],"wp:attachment":[{"href":"\/index.php\/wp-json\/wp\/v2\/media?parent=34879"}],"curies":[{"name":"wp","href":"https:\/\/api.w.org\/{rel}","templated":true}]}}