{"id":34701,"date":"2024-01-26T10:57:44","date_gmt":"2024-01-26T09:57:44","guid":{"rendered":"\/?page_id=34701"},"modified":"2024-01-26T13:12:53","modified_gmt":"2024-01-26T12:12:53","slug":"1962-iii-a","status":"publish","type":"page","link":"\/index.php\/1962-iii-a\/","title":{"rendered":"1962 III.A"},"content":{"rendered":"\t\t<div data-elementor-type=\"wp-page\" data-elementor-id=\"34701\" class=\"elementor elementor-34701\" data-elementor-post-type=\"page\">\n\t\t\t\t\t\t<section class=\"elementor-section elementor-top-section elementor-element elementor-element-0210dc4 elementor-section-boxed elementor-section-height-default elementor-section-height-default\" data-id=\"0210dc4\" data-element_type=\"section\" data-e-type=\"section\">\n\t\t\t\t\t\t<div class=\"elementor-container elementor-column-gap-default\">\n\t\t\t\t\t<div class=\"elementor-column elementor-col-100 elementor-top-column elementor-element elementor-element-5215fa5\" data-id=\"5215fa5\" data-element_type=\"column\" data-e-type=\"column\">\n\t\t\t<div class=\"elementor-widget-wrap elementor-element-populated\">\n\t\t\t\t\t\t<div class=\"elementor-element elementor-element-d431050 elementor-widget elementor-widget-spacer\" data-id=\"d431050\" data-element_type=\"widget\" data-e-type=\"widget\" data-widget_type=\"spacer.default\">\n\t\t\t\t<div class=\"elementor-widget-container\">\n\t\t\t\t\t\t\t<div class=\"elementor-spacer\">\n\t\t\t<div class=\"elementor-spacer-inner\"><\/div>\n\t\t<\/div>\n\t\t\t\t\t\t<\/div>\n\t\t\t\t<\/div>\n\t\t\t\t\t<\/div>\n\t\t<\/div>\n\t\t\t\t\t<\/div>\n\t\t<\/section>\n\t\t\t\t<section class=\"elementor-section elementor-top-section elementor-element elementor-element-009c130 elementor-section-boxed elementor-section-height-default elementor-section-height-default\" data-id=\"009c130\" data-element_type=\"section\" data-e-type=\"section\">\n\t\t\t\t\t\t<div class=\"elementor-container elementor-column-gap-default\">\n\t\t\t\t\t<div class=\"elementor-column elementor-col-100 elementor-top-column elementor-element elementor-element-87bf8ea\" data-id=\"87bf8ea\" data-element_type=\"column\" data-e-type=\"column\">\n\t\t\t<div class=\"elementor-widget-wrap elementor-element-populated\">\n\t\t\t\t\t\t<div class=\"elementor-element elementor-element-6abb684 elementor-widget elementor-widget-heading\" data-id=\"6abb684\" data-element_type=\"widget\" data-e-type=\"widget\" data-widget_type=\"heading.default\">\n\t\t\t\t<div class=\"elementor-widget-container\">\n\t\t\t\t\t<h2 class=\"elementor-heading-title elementor-size-default\"><b>1961\/1962<\/b><\/h2>\t\t\t\t<\/div>\n\t\t\t\t<\/div>\n\t\t\t\t\t<\/div>\n\t\t<\/div>\n\t\t\t\t\t<\/div>\n\t\t<\/section>\n\t\t\t\t<section class=\"elementor-section elementor-top-section elementor-element elementor-element-0635d54 elementor-section-boxed elementor-section-height-default elementor-section-height-default\" data-id=\"0635d54\" data-element_type=\"section\" data-e-type=\"section\">\n\t\t\t\t\t\t<div class=\"elementor-container elementor-column-gap-default\">\n\t\t\t\t\t<div class=\"elementor-column elementor-col-100 elementor-top-column elementor-element elementor-element-83ff4dd\" data-id=\"83ff4dd\" data-element_type=\"column\" data-e-type=\"column\">\n\t\t\t<div class=\"elementor-widget-wrap elementor-element-populated\">\n\t\t\t\t\t\t<div class=\"elementor-element elementor-element-1c28393 elementor-widget elementor-widget-spacer\" data-id=\"1c28393\" data-element_type=\"widget\" data-e-type=\"widget\" data-widget_type=\"spacer.default\">\n\t\t\t\t<div class=\"elementor-widget-container\">\n\t\t\t\t\t\t\t<div class=\"elementor-spacer\">\n\t\t\t<div class=\"elementor-spacer-inner\"><\/div>\n\t\t<\/div>\n\t\t\t\t\t\t<\/div>\n\t\t\t\t<\/div>\n\t\t\t\t\t<\/div>\n\t\t<\/div>\n\t\t\t\t\t<\/div>\n\t\t<\/section>\n\t\t\t\t<section class=\"elementor-section elementor-top-section elementor-element elementor-element-473099b elementor-section-boxed elementor-section-height-default elementor-section-height-default\" data-id=\"473099b\" data-element_type=\"section\" data-e-type=\"section\">\n\t\t\t\t\t\t<div class=\"elementor-container elementor-column-gap-default\">\n\t\t\t\t\t<div class=\"elementor-column elementor-col-100 elementor-top-column elementor-element elementor-element-575a581\" data-id=\"575a581\" data-element_type=\"column\" data-e-type=\"column\">\n\t\t\t<div class=\"elementor-widget-wrap elementor-element-populated\">\n\t\t\t\t\t\t<div class=\"elementor-element elementor-element-7134ad2 elementor-widget elementor-widget-heading\" data-id=\"7134ad2\" data-element_type=\"widget\" data-e-type=\"widget\" data-widget_type=\"heading.default\">\n\t\t\t\t<div class=\"elementor-widget-container\">\n\t\t\t\t\t<h2 class=\"elementor-heading-title elementor-size-default\"><b>III.a oszt\u00e1ly<\/b><\/h2>\t\t\t\t<\/div>\n\t\t\t\t<\/div>\n\t\t\t\t\t<\/div>\n\t\t<\/div>\n\t\t\t\t\t<\/div>\n\t\t<\/section>\n\t\t\t\t<section class=\"elementor-section elementor-top-section elementor-element elementor-element-f1a7cc6 elementor-section-boxed elementor-section-height-default elementor-section-height-default\" data-id=\"f1a7cc6\" data-element_type=\"section\" data-e-type=\"section\">\n\t\t\t\t\t\t<div class=\"elementor-container elementor-column-gap-default\">\n\t\t\t\t\t<div class=\"elementor-column elementor-col-100 elementor-top-column elementor-element elementor-element-643651c\" data-id=\"643651c\" data-element_type=\"column\" data-e-type=\"column\">\n\t\t\t<div class=\"elementor-widget-wrap elementor-element-populated\">\n\t\t\t\t\t\t<div class=\"elementor-element elementor-element-39bfa55 elementor-widget elementor-widget-spacer\" data-id=\"39bfa55\" data-element_type=\"widget\" data-e-type=\"widget\" data-widget_type=\"spacer.default\">\n\t\t\t\t<div class=\"elementor-widget-container\">\n\t\t\t\t\t\t\t<div class=\"elementor-spacer\">\n\t\t\t<div class=\"elementor-spacer-inner\"><\/div>\n\t\t<\/div>\n\t\t\t\t\t\t<\/div>\n\t\t\t\t<\/div>\n\t\t\t\t\t<\/div>\n\t\t<\/div>\n\t\t\t\t\t<\/div>\n\t\t<\/section>\n\t\t\t\t<section class=\"elementor-section elementor-top-section elementor-element elementor-element-3ea5fac elementor-section-boxed elementor-section-height-default elementor-section-height-default\" data-id=\"3ea5fac\" data-element_type=\"section\" data-e-type=\"section\">\n\t\t\t\t\t\t<div class=\"elementor-container elementor-column-gap-default\">\n\t\t\t\t\t<div class=\"elementor-column elementor-col-100 elementor-top-column elementor-element elementor-element-6afd36d\" data-id=\"6afd36d\" data-element_type=\"column\" data-e-type=\"column\">\n\t\t\t<div class=\"elementor-widget-wrap elementor-element-populated\">\n\t\t\t\t\t\t<div class=\"elementor-element elementor-element-408a808 elementor-widget elementor-widget-heading\" data-id=\"408a808\" data-element_type=\"widget\" data-e-type=\"widget\" data-widget_type=\"heading.default\">\n\t\t\t\t<div class=\"elementor-widget-container\">\n\t\t\t\t\t<h2 class=\"elementor-heading-title elementor-size-default\"><b>Oszt\u00e1lyf\u0151n\u00f6k: Zsil\u00e1k Gy\u00f6rgy<\/b><\/h2>\t\t\t\t<\/div>\n\t\t\t\t<\/div>\n\t\t\t\t\t<\/div>\n\t\t<\/div>\n\t\t\t\t\t<\/div>\n\t\t<\/section>\n\t\t\t\t<section class=\"elementor-section elementor-top-section elementor-element elementor-element-daf735e elementor-section-boxed elementor-section-height-default elementor-section-height-default\" data-id=\"daf735e\" data-element_type=\"section\" data-e-type=\"section\">\n\t\t\t\t\t\t<div class=\"elementor-container elementor-column-gap-default\">\n\t\t\t\t\t<div class=\"elementor-column elementor-col-100 elementor-top-column elementor-element elementor-element-ff9152c\" data-id=\"ff9152c\" data-element_type=\"column\" data-e-type=\"column\">\n\t\t\t<div class=\"elementor-widget-wrap elementor-element-populated\">\n\t\t\t\t\t\t<div class=\"elementor-element elementor-element-50977ce elementor-widget elementor-widget-spacer\" data-id=\"50977ce\" data-element_type=\"widget\" data-e-type=\"widget\" data-widget_type=\"spacer.default\">\n\t\t\t\t<div class=\"elementor-widget-container\">\n\t\t\t\t\t\t\t<div class=\"elementor-spacer\">\n\t\t\t<div class=\"elementor-spacer-inner\"><\/div>\n\t\t<\/div>\n\t\t\t\t\t\t<\/div>\n\t\t\t\t<\/div>\n\t\t\t\t\t<\/div>\n\t\t<\/div>\n\t\t\t\t\t<\/div>\n\t\t<\/section>\n\t\t\t\t<section class=\"elementor-section elementor-top-section elementor-element elementor-element-bb57093 elementor-section-boxed elementor-section-height-default elementor-section-height-default\" data-id=\"bb57093\" data-element_type=\"section\" data-e-type=\"section\">\n\t\t\t\t\t\t<div class=\"elementor-container elementor-column-gap-default\">\n\t\t\t\t\t<div class=\"elementor-column elementor-col-100 elementor-top-column elementor-element elementor-element-af7920e\" data-id=\"af7920e\" data-element_type=\"column\" data-e-type=\"column\">\n\t\t\t<div class=\"elementor-widget-wrap elementor-element-populated\">\n\t\t\t\t\t\t<div class=\"elementor-element elementor-element-275b104 elementor-widget elementor-widget-heading\" data-id=\"275b104\" data-element_type=\"widget\" data-e-type=\"widget\" data-widget_type=\"heading.default\">\n\t\t\t\t<div class=\"elementor-widget-container\">\n\t\t\t\t\t<h2 class=\"elementor-heading-title elementor-size-default\"><b>Szakma: f\u0171szer-\u00e9s csemege elad\u00f3<\/b><\/h2>\t\t\t\t<\/div>\n\t\t\t\t<\/div>\n\t\t\t\t\t<\/div>\n\t\t<\/div>\n\t\t\t\t\t<\/div>\n\t\t<\/section>\n\t\t\t\t<section class=\"elementor-section elementor-top-section elementor-element elementor-element-6f8c8ed elementor-section-boxed elementor-section-height-default elementor-section-height-default\" data-id=\"6f8c8ed\" data-element_type=\"section\" data-e-type=\"section\">\n\t\t\t\t\t\t<div class=\"elementor-container elementor-column-gap-default\">\n\t\t\t\t\t<div class=\"elementor-column elementor-col-100 elementor-top-column elementor-element elementor-element-cdc2aad\" data-id=\"cdc2aad\" data-element_type=\"column\" data-e-type=\"column\">\n\t\t\t<div class=\"elementor-widget-wrap elementor-element-populated\">\n\t\t\t\t\t\t<div class=\"elementor-element elementor-element-a4e4460 elementor-widget elementor-widget-spacer\" data-id=\"a4e4460\" data-element_type=\"widget\" data-e-type=\"widget\" data-widget_type=\"spacer.default\">\n\t\t\t\t<div class=\"elementor-widget-container\">\n\t\t\t\t\t\t\t<div class=\"elementor-spacer\">\n\t\t\t<div class=\"elementor-spacer-inner\"><\/div>\n\t\t<\/div>\n\t\t\t\t\t\t<\/div>\n\t\t\t\t<\/div>\n\t\t\t\t\t<\/div>\n\t\t<\/div>\n\t\t\t\t\t<\/div>\n\t\t<\/section>\n\t\t\t\t<section class=\"elementor-section elementor-top-section elementor-element elementor-element-0c5b20c elementor-section-boxed elementor-section-height-default elementor-section-height-default\" data-id=\"0c5b20c\" data-element_type=\"section\" data-e-type=\"section\">\n\t\t\t\t\t\t<div class=\"elementor-container elementor-column-gap-default\">\n\t\t\t\t\t<div class=\"elementor-column elementor-col-100 elementor-top-column elementor-element elementor-element-553efbf\" data-id=\"553efbf\" data-element_type=\"column\" data-e-type=\"column\">\n\t\t\t<div class=\"elementor-widget-wrap elementor-element-populated\">\n\t\t\t\t\t\t<div class=\"elementor-element elementor-element-07503cb elementor-widget elementor-widget-heading\" data-id=\"07503cb\" data-element_type=\"widget\" data-e-type=\"widget\" data-widget_type=\"heading.default\">\n\t\t\t\t<div class=\"elementor-widget-container\">\n\t\t\t\t\t<h2 class=\"elementor-heading-title elementor-size-default\">1.\tAlbert Katalin<p>\n<\/p>2.\tArn\u00f3czki Ilona\n<\/p>3.\tBiliczky Ilona\n<\/p>4.\tBoldizs\u00e1r Antal\n<\/p>5.\tDajk\u00f3 \u00c9va\n<\/p>6.\tD\u00e9nes B\u00e1lint\n<\/p>7.\tFrank\u00f3 Erzs\u00e9bet\n<\/p>8.\tGara Gizella\n<\/p>9.\tHidasi Erzs\u00e9bet\n<\/p>10.\tJuh\u00e1sz-Nagy B\u00e9la\n<\/p>11.\tKall\u00f3 Julianna\n<\/p>12.\tKincses Jol\u00e1n\n<\/p>13.\tKiszely Mih\u00e1ly\n<\/p>14.\tKoml\u00f3si Erzs\u00e9bet\n<\/p>15.\tLitauszki Anna\n<\/p>16.\tMegyeri Ilona\n<\/p>17.\tNiedermayer \u00c1d\u00e1m\n<\/p>18.\tOrem Ilona\n<\/p>19.\tPar\u00fak J\u00e1nos\n<\/p>20.\tPongr\u00e1cz Erzs\u00e9bet\n<\/p>21.\tP\u00f3pa J\u00f3zsef\n<\/p>22.\tSink\u00f3 Gyula\n<\/p>23.\tSomogyi Erzs\u00e9bet\n<\/p>24.\tSz\u00e1nt\u00f3 Gy\u00f6rgy\n<\/p>25.\tSzebenyi Gyula\n<\/p>26.\tSz\u00e9plaki R\u00f3z\u00e1lia\n<\/p>27.\tUhlj\u00e1r Gy\u00f6rgy\n<\/p>28.\tUrbancsek S\u00e1ndor\n<\/p>29.\tValentyik Erzs\u00e9bet\n<\/p>30.\tVaszk\u00f3 J\u00e1nos\n<\/p>31.\tZeleny\u00e1nszki Dorottya<\/h2>\t\t\t\t<\/div>\n\t\t\t\t<\/div>\n\t\t\t\t\t<\/div>\n\t\t<\/div>\n\t\t\t\t\t<\/div>\n\t\t<\/section>\n\t\t\t\t<\/div>\n\t\t","protected":false},"excerpt":{"rendered":"<p>1961\/1962 III.a oszt\u00e1ly Oszt\u00e1lyf\u0151n\u00f6k: Zsil\u00e1k Gy\u00f6rgy Szakma: f\u0171szer-\u00e9s csemege elad\u00f3 1. Albert Katalin 2. Arn\u00f3czki Ilona 3. Biliczky Ilona 4. Boldizs\u00e1r Antal 5. Dajk\u00f3 \u00c9va 6. D\u00e9nes B\u00e1lint 7. Frank\u00f3 Erzs\u00e9bet 8. Gara Gizella 9. Hidasi Erzs\u00e9bet 10. Juh\u00e1sz-Nagy B\u00e9la 11. Kall\u00f3 Julianna 12. Kincses Jol\u00e1n 13. Kiszely Mih\u00e1ly 14. Koml\u00f3si Erzs\u00e9bet 15. Litauszki Anna [&hellip;]<\/p>\n","protected":false},"author":4,"featured_media":0,"parent":0,"menu_order":0,"comment_status":"closed","ping_status":"closed","template":"","meta":{"footnotes":""},"class_list":["post-34701","page","type-page","status-publish","hentry"],"_links":{"self":[{"href":"\/index.php\/wp-json\/wp\/v2\/pages\/34701","targetHints":{"allow":["GET"]}}],"collection":[{"href":"\/index.php\/wp-json\/wp\/v2\/pages"}],"about":[{"href":"\/index.php\/wp-json\/wp\/v2\/types\/page"}],"author":[{"embeddable":true,"href":"\/index.php\/wp-json\/wp\/v2\/users\/4"}],"replies":[{"embeddable":true,"href":"\/index.php\/wp-json\/wp\/v2\/comments?post=34701"}],"version-history":[{"count":7,"href":"\/index.php\/wp-json\/wp\/v2\/pages\/34701\/revisions"}],"predecessor-version":[{"id":34721,"href":"\/index.php\/wp-json\/wp\/v2\/pages\/34701\/revisions\/34721"}],"wp:attachment":[{"href":"\/index.php\/wp-json\/wp\/v2\/media?parent=34701"}],"curies":[{"name":"wp","href":"https:\/\/api.w.org\/{rel}","templated":true}]}}