{"id":34601,"date":"2024-01-24T11:46:27","date_gmt":"2024-01-24T10:46:27","guid":{"rendered":"\/?page_id=34601"},"modified":"2024-01-26T10:47:58","modified_gmt":"2024-01-26T09:47:58","slug":"1963-vendeglatoipari-elado","status":"publish","type":"page","link":"\/index.php\/1963-vendeglatoipari-elado\/","title":{"rendered":"1963 Vend\u00e9gl\u00e1t\u00f3ipari elad\u00f3"},"content":{"rendered":"\t\t<div data-elementor-type=\"wp-page\" data-elementor-id=\"34601\" class=\"elementor elementor-34601\" data-elementor-post-type=\"page\">\n\t\t\t\t\t\t<section class=\"elementor-section elementor-top-section elementor-element elementor-element-2b40bbc elementor-section-boxed elementor-section-height-default elementor-section-height-default\" data-id=\"2b40bbc\" data-element_type=\"section\" data-e-type=\"section\">\n\t\t\t\t\t\t<div class=\"elementor-container elementor-column-gap-default\">\n\t\t\t\t\t<div class=\"elementor-column elementor-col-100 elementor-top-column elementor-element elementor-element-8f72426\" data-id=\"8f72426\" data-element_type=\"column\" data-e-type=\"column\">\n\t\t\t<div class=\"elementor-widget-wrap elementor-element-populated\">\n\t\t\t\t\t\t<div class=\"elementor-element elementor-element-d890b2f elementor-widget elementor-widget-spacer\" data-id=\"d890b2f\" data-element_type=\"widget\" data-e-type=\"widget\" data-widget_type=\"spacer.default\">\n\t\t\t\t<div class=\"elementor-widget-container\">\n\t\t\t\t\t\t\t<div class=\"elementor-spacer\">\n\t\t\t<div class=\"elementor-spacer-inner\"><\/div>\n\t\t<\/div>\n\t\t\t\t\t\t<\/div>\n\t\t\t\t<\/div>\n\t\t\t\t\t<\/div>\n\t\t<\/div>\n\t\t\t\t\t<\/div>\n\t\t<\/section>\n\t\t\t\t<section class=\"elementor-section elementor-top-section elementor-element elementor-element-9f7ce59 elementor-section-boxed elementor-section-height-default elementor-section-height-default\" data-id=\"9f7ce59\" data-element_type=\"section\" data-e-type=\"section\">\n\t\t\t\t\t\t<div class=\"elementor-container elementor-column-gap-default\">\n\t\t\t\t\t<div class=\"elementor-column elementor-col-100 elementor-top-column elementor-element elementor-element-a164a1c\" data-id=\"a164a1c\" data-element_type=\"column\" data-e-type=\"column\">\n\t\t\t<div class=\"elementor-widget-wrap elementor-element-populated\">\n\t\t\t\t\t\t<div class=\"elementor-element elementor-element-65207d1 elementor-widget elementor-widget-heading\" data-id=\"65207d1\" data-element_type=\"widget\" data-e-type=\"widget\" data-widget_type=\"heading.default\">\n\t\t\t\t<div class=\"elementor-widget-container\">\n\t\t\t\t\t<h2 class=\"elementor-heading-title elementor-size-default\"><b>1962\/1963<\/b><\/h2>\t\t\t\t<\/div>\n\t\t\t\t<\/div>\n\t\t\t\t\t<\/div>\n\t\t<\/div>\n\t\t\t\t\t<\/div>\n\t\t<\/section>\n\t\t\t\t<section class=\"elementor-section elementor-top-section elementor-element elementor-element-d3a1abf elementor-section-boxed elementor-section-height-default elementor-section-height-default\" data-id=\"d3a1abf\" data-element_type=\"section\" data-e-type=\"section\">\n\t\t\t\t\t\t<div class=\"elementor-container elementor-column-gap-default\">\n\t\t\t\t\t<div class=\"elementor-column elementor-col-100 elementor-top-column elementor-element elementor-element-fb45b49\" data-id=\"fb45b49\" data-element_type=\"column\" data-e-type=\"column\">\n\t\t\t<div class=\"elementor-widget-wrap elementor-element-populated\">\n\t\t\t\t\t\t<div class=\"elementor-element elementor-element-7ae7f4a elementor-widget elementor-widget-spacer\" data-id=\"7ae7f4a\" data-element_type=\"widget\" data-e-type=\"widget\" data-widget_type=\"spacer.default\">\n\t\t\t\t<div class=\"elementor-widget-container\">\n\t\t\t\t\t\t\t<div class=\"elementor-spacer\">\n\t\t\t<div class=\"elementor-spacer-inner\"><\/div>\n\t\t<\/div>\n\t\t\t\t\t\t<\/div>\n\t\t\t\t<\/div>\n\t\t\t\t\t<\/div>\n\t\t<\/div>\n\t\t\t\t\t<\/div>\n\t\t<\/section>\n\t\t\t\t<section class=\"elementor-section elementor-top-section elementor-element elementor-element-f5c8c4e elementor-section-boxed elementor-section-height-default elementor-section-height-default\" data-id=\"f5c8c4e\" data-element_type=\"section\" data-e-type=\"section\">\n\t\t\t\t\t\t<div class=\"elementor-container elementor-column-gap-default\">\n\t\t\t\t\t<div class=\"elementor-column elementor-col-100 elementor-top-column elementor-element elementor-element-384e2d6\" data-id=\"384e2d6\" data-element_type=\"column\" data-e-type=\"column\">\n\t\t\t<div class=\"elementor-widget-wrap elementor-element-populated\">\n\t\t\t\t\t\t<div class=\"elementor-element elementor-element-71a50fa elementor-widget elementor-widget-heading\" data-id=\"71a50fa\" data-element_type=\"widget\" data-e-type=\"widget\" data-widget_type=\"heading.default\">\n\t\t\t\t<div class=\"elementor-widget-container\">\n\t\t\t\t\t<h2 class=\"elementor-heading-title elementor-size-default\"><b>Szakma: vend\u00e9gl\u00e1t\u00f3ipari elad\u00f3<\/b><\/h2>\t\t\t\t<\/div>\n\t\t\t\t<\/div>\n\t\t\t\t\t<\/div>\n\t\t<\/div>\n\t\t\t\t\t<\/div>\n\t\t<\/section>\n\t\t\t\t<section class=\"elementor-section elementor-top-section elementor-element elementor-element-b29546b elementor-section-boxed elementor-section-height-default elementor-section-height-default\" data-id=\"b29546b\" data-element_type=\"section\" data-e-type=\"section\">\n\t\t\t\t\t\t<div class=\"elementor-container elementor-column-gap-default\">\n\t\t\t\t\t<div class=\"elementor-column elementor-col-100 elementor-top-column elementor-element elementor-element-5536672\" data-id=\"5536672\" data-element_type=\"column\" data-e-type=\"column\">\n\t\t\t<div class=\"elementor-widget-wrap elementor-element-populated\">\n\t\t\t\t\t\t<div class=\"elementor-element elementor-element-159f3de elementor-widget elementor-widget-spacer\" data-id=\"159f3de\" data-element_type=\"widget\" data-e-type=\"widget\" data-widget_type=\"spacer.default\">\n\t\t\t\t<div class=\"elementor-widget-container\">\n\t\t\t\t\t\t\t<div class=\"elementor-spacer\">\n\t\t\t<div class=\"elementor-spacer-inner\"><\/div>\n\t\t<\/div>\n\t\t\t\t\t\t<\/div>\n\t\t\t\t<\/div>\n\t\t\t\t\t<\/div>\n\t\t<\/div>\n\t\t\t\t\t<\/div>\n\t\t<\/section>\n\t\t\t\t<section class=\"elementor-section elementor-top-section elementor-element elementor-element-faa81b7 elementor-section-boxed elementor-section-height-default elementor-section-height-default\" data-id=\"faa81b7\" data-element_type=\"section\" data-e-type=\"section\">\n\t\t\t\t\t\t<div class=\"elementor-container elementor-column-gap-default\">\n\t\t\t\t\t<div class=\"elementor-column elementor-col-100 elementor-top-column elementor-element elementor-element-40c1515\" data-id=\"40c1515\" data-element_type=\"column\" data-e-type=\"column\">\n\t\t\t<div class=\"elementor-widget-wrap elementor-element-populated\">\n\t\t\t\t\t\t<div class=\"elementor-element elementor-element-01031f7 elementor-widget elementor-widget-heading\" data-id=\"01031f7\" data-element_type=\"widget\" data-e-type=\"widget\" data-widget_type=\"heading.default\">\n\t\t\t\t<div class=\"elementor-widget-container\">\n\t\t\t\t\t<h2 class=\"elementor-heading-title elementor-size-default\">1.\tD\u00e9nes Istv\u00e1nn\u00e9<p>\n<\/p>2.\tKardhord\u00f3 Rezs\u0151n\u00e9\n<\/p>3.\tKili\u00e1n L\u00e1szl\u00f3\n<\/p>4.\tKraszk\u00f3 M\u00e1ria\n<\/p>5.\tM\u00e1t\u00e9 S\u00e1ndorn\u00e9\n<\/p>6.\tMedvegy P\u00e1ln\u00e9\n<\/p>7.\tMikl\u00f3s Lajosn\u00e9\n<\/p>8.\tNagy Ferencn\u00e9\n<\/p>9.\tOl\u00e1h Gy\u00f6rgyn\u00e9\n<\/p>10.\tRemeczky J\u00e1nosn\u00e9\n<\/p>11.\tRenner Istv\u00e1nn\u00e9\n<\/p>12.\tSeret\u00e1r G\u00e9z\u00e1n\u00e9\n<\/p>13.\tSo\u00f3s Antal\n<\/p>14.\tSzab\u00f3 Ilona\n<\/p>15.\tSzab\u00f3 J\u00e1nosn\u00e9\n<\/p>16.\tVarga M\u00e1ria<\/h2>\t\t\t\t<\/div>\n\t\t\t\t<\/div>\n\t\t\t\t\t<\/div>\n\t\t<\/div>\n\t\t\t\t\t<\/div>\n\t\t<\/section>\n\t\t\t\t<\/div>\n\t\t","protected":false},"excerpt":{"rendered":"<p>1962\/1963 Szakma: vend\u00e9gl\u00e1t\u00f3ipari elad\u00f3 1. D\u00e9nes Istv\u00e1nn\u00e9 2. Kardhord\u00f3 Rezs\u0151n\u00e9 3. Kili\u00e1n L\u00e1szl\u00f3 4. Kraszk\u00f3 M\u00e1ria 5. M\u00e1t\u00e9 S\u00e1ndorn\u00e9 6. Medvegy P\u00e1ln\u00e9 7. Mikl\u00f3s Lajosn\u00e9 8. Nagy Ferencn\u00e9 9. Ol\u00e1h Gy\u00f6rgyn\u00e9 10. Remeczky J\u00e1nosn\u00e9 11. Renner Istv\u00e1nn\u00e9 12. Seret\u00e1r G\u00e9z\u00e1n\u00e9 13. So\u00f3s Antal 14. Szab\u00f3 Ilona 15. Szab\u00f3 J\u00e1nosn\u00e9 16. Varga M\u00e1ria<\/p>\n","protected":false},"author":4,"featured_media":0,"parent":0,"menu_order":0,"comment_status":"closed","ping_status":"closed","template":"","meta":{"footnotes":""},"class_list":["post-34601","page","type-page","status-publish","hentry"],"_links":{"self":[{"href":"\/index.php\/wp-json\/wp\/v2\/pages\/34601","targetHints":{"allow":["GET"]}}],"collection":[{"href":"\/index.php\/wp-json\/wp\/v2\/pages"}],"about":[{"href":"\/index.php\/wp-json\/wp\/v2\/types\/page"}],"author":[{"embeddable":true,"href":"\/index.php\/wp-json\/wp\/v2\/users\/4"}],"replies":[{"embeddable":true,"href":"\/index.php\/wp-json\/wp\/v2\/comments?post=34601"}],"version-history":[{"count":7,"href":"\/index.php\/wp-json\/wp\/v2\/pages\/34601\/revisions"}],"predecessor-version":[{"id":34697,"href":"\/index.php\/wp-json\/wp\/v2\/pages\/34601\/revisions\/34697"}],"wp:attachment":[{"href":"\/index.php\/wp-json\/wp\/v2\/media?parent=34601"}],"curies":[{"name":"wp","href":"https:\/\/api.w.org\/{rel}","templated":true}]}}