{"id":286,"date":"2020-04-08T13:46:41","date_gmt":"2020-04-08T12:46:41","guid":{"rendered":"\/?page_id=286"},"modified":"2020-10-18T14:14:46","modified_gmt":"2020-10-18T13:14:46","slug":"0315-szakacs-turizmus-vendeglatas-agazat","status":"publish","type":"page","link":"\/index.php\/szakkepzo-iskola\/0315-szakacs-turizmus-vendeglatas-agazat\/","title":{"rendered":"0315 Szak\u00e1cs"},"content":{"rendered":"\t\t<div data-elementor-type=\"wp-page\" data-elementor-id=\"286\" class=\"elementor elementor-286\" data-elementor-post-type=\"page\">\n\t\t\t\t\t\t<section class=\"elementor-section elementor-top-section elementor-element elementor-element-69382b3 elementor-section-boxed elementor-section-height-default elementor-section-height-default\" data-id=\"69382b3\" data-element_type=\"section\" data-e-type=\"section\">\n\t\t\t\t\t\t<div class=\"elementor-container elementor-column-gap-default\">\n\t\t\t\t\t<div class=\"elementor-column elementor-col-100 elementor-top-column elementor-element elementor-element-32afc73\" data-id=\"32afc73\" data-element_type=\"column\" data-e-type=\"column\">\n\t\t\t<div class=\"elementor-widget-wrap elementor-element-populated\">\n\t\t\t\t\t\t<div class=\"elementor-element elementor-element-020b7eb elementor-widget elementor-widget-text-editor\" data-id=\"020b7eb\" data-element_type=\"widget\" data-e-type=\"widget\" data-widget_type=\"text-editor.default\">\n\t\t\t\t<div class=\"elementor-widget-container\">\n\t\t\t\t\t\t\t\t\t<p>A turizmus-vend\u00e9gl\u00e1t\u00e1s \u00e1gazat szakm\u00e1i k\u00f6z\u00fcl 3 \u00e9v alatt elsaj\u00e1t\u00edthat\u00f3 a <strong>szak\u00e1cs<\/strong> szakma, melyet azoknak a kreat\u00edv fiataloknak aj\u00e1nljuk, akik szeretnek alkotni, folyamatos fejl\u0151d\u00e9sre \u00e9s v\u00e1ltozatos munk\u00e1ra v\u00e1gynak, \u00e9rdekli \u0151ket a gasztron\u00f3mia. Kitart\u00f3ak, szeretnek alkotni, folyamatos fejl\u0151d\u00e9sre \u00e9s v\u00e1ltozatos munk\u00e1ra v\u00e1gynak. A szak\u00e1cs szakma kem\u00e9ny munk\u00e1t ig\u00e9nyel, de manaps\u00e1g a s\u00e9fek m\u00e1r egyre t\u00f6bbet mozognak a vend\u00e9gt\u00e9rben is, sz\u00f3beli aj\u00e1nl\u00e1ssal k\u00edn\u00e1lj\u00e1k az egyes professzion\u00e1lisan megjelen\u00edtett fog\u00e1sokat, melyre egyre nagyobb ig\u00e9ny mutatkozik. Tankonyh\u00e1nkon \u00e9s a du\u00e1lis k\u00e9pz\u00e9s gyakorlati helyein a legmodernebb technikai eszk\u00f6z\u00f6kkel \u00e9s technol\u00f3gi\u00e1kkal, illetve a leg\u00fajabb konyhai fort\u00e9lyokkal, nemzetk\u00f6zi kulin\u00e1ris trendekkel is megismerkedhetnek tanul\u00f3ink.<\/p>\t\t\t\t\t\t\t\t<\/div>\n\t\t\t\t<\/div>\n\t\t\t\t\t<\/div>\n\t\t<\/div>\n\t\t\t\t\t<\/div>\n\t\t<\/section>\n\t\t\t\t<section class=\"elementor-section elementor-top-section elementor-element elementor-element-3dc4486 elementor-section-boxed elementor-section-height-default elementor-section-height-default\" data-id=\"3dc4486\" data-element_type=\"section\" data-e-type=\"section\">\n\t\t\t\t\t\t<div class=\"elementor-container elementor-column-gap-default\">\n\t\t\t\t\t<div class=\"elementor-column elementor-col-100 elementor-top-column elementor-element elementor-element-3fa21fc\" data-id=\"3fa21fc\" data-element_type=\"column\" data-e-type=\"column\">\n\t\t\t<div class=\"elementor-widget-wrap elementor-element-populated\">\n\t\t\t\t\t\t<div class=\"elementor-element elementor-element-9e61953 elementor-widget elementor-widget-text-editor\" data-id=\"9e61953\" data-element_type=\"widget\" data-e-type=\"widget\" data-widget_type=\"text-editor.default\">\n\t\t\t\t<div class=\"elementor-widget-container\">\n\t\t\t\t\t\t\t\t\t<p>KOMPETENCIAELV\u00c1R\u00c1S<\/p>\t\t\t\t\t\t\t\t<\/div>\n\t\t\t\t<\/div>\n\t\t\t\t\t<\/div>\n\t\t<\/div>\n\t\t\t\t\t<\/div>\n\t\t<\/section>\n\t\t\t\t<section class=\"elementor-section elementor-top-section elementor-element elementor-element-48757fd elementor-section-boxed elementor-section-height-default elementor-section-height-default\" data-id=\"48757fd\" data-element_type=\"section\" data-e-type=\"section\">\n\t\t\t\t\t\t<div class=\"elementor-container elementor-column-gap-default\">\n\t\t\t\t\t<div class=\"elementor-column elementor-col-100 elementor-top-column elementor-element elementor-element-91d4b48\" data-id=\"91d4b48\" data-element_type=\"column\" data-e-type=\"column\">\n\t\t\t<div class=\"elementor-widget-wrap elementor-element-populated\">\n\t\t\t\t\t\t<div class=\"elementor-element elementor-element-06864bb elementor-widget elementor-widget-text-editor\" data-id=\"06864bb\" data-element_type=\"widget\" data-e-type=\"widget\" data-widget_type=\"text-editor.default\">\n\t\t\t\t<div class=\"elementor-widget-container\">\n\t\t\t\t\t\t\t\t\t<p style=\"box-sizing: border-box; margin: 10px 0px; padding: 0px; outline: none; font-size: 18px; line-height: normal; font-weight: 400; text-align: justify; color: #003b43; font-family: Alegreya; font-style: normal; font-variant-ligatures: normal; font-variant-caps: normal; letter-spacing: normal; orphans: 2; text-indent: 0px; text-transform: none; white-space: normal; widows: 2; word-spacing: 0px; -webkit-text-stroke-width: 0px; background-color: #ffffff; text-decoration-style: initial; text-decoration-color: initial;\">Remek \u00edz\u00e9rz\u00e9k, nagy terhelhet\u0151s\u00e9g, j\u00f3 stresszt\u0171r\u0151 k\u00e9pess\u00e9g, j\u00f3 kommunik\u00e1ci\u00f3s k\u00e9szs\u00e9g, a szakma \u00e9s a koll\u00e9g\u00e1k ir\u00e1nt tan\u00fas\u00edtott al\u00e1zat, j\u00f3 probl\u00e9mamegold\u00f3 k\u00e9pess\u00e9g, kreativit\u00e1s, egy\u00fcttm\u0171k\u00f6d\u0151 k\u00e9pess\u00e9g.<\/p>\t\t\t\t\t\t\t\t<\/div>\n\t\t\t\t<\/div>\n\t\t\t\t\t<\/div>\n\t\t<\/div>\n\t\t\t\t\t<\/div>\n\t\t<\/section>\n\t\t\t\t<section class=\"elementor-section elementor-top-section elementor-element elementor-element-f3fc42c elementor-section-boxed elementor-section-height-default elementor-section-height-default\" data-id=\"f3fc42c\" data-element_type=\"section\" data-e-type=\"section\">\n\t\t\t\t\t\t<div class=\"elementor-container elementor-column-gap-default\">\n\t\t\t\t\t<div class=\"elementor-column elementor-col-100 elementor-top-column elementor-element elementor-element-db28dc5\" data-id=\"db28dc5\" data-element_type=\"column\" data-e-type=\"column\">\n\t\t\t<div class=\"elementor-widget-wrap elementor-element-populated\">\n\t\t\t\t\t\t<div class=\"elementor-element elementor-element-5a553ae elementor-widget elementor-widget-text-editor\" data-id=\"5a553ae\" data-element_type=\"widget\" data-e-type=\"widget\" data-widget_type=\"text-editor.default\">\n\t\t\t\t<div class=\"elementor-widget-container\">\n\t\t\t\t\t\t\t\t\t<p>A SZAKK\u00c9PZETTS\u00c9GGEL RENDELKEZ\u0150<\/p>\t\t\t\t\t\t\t\t<\/div>\n\t\t\t\t<\/div>\n\t\t\t\t\t<\/div>\n\t\t<\/div>\n\t\t\t\t\t<\/div>\n\t\t<\/section>\n\t\t\t\t<section class=\"elementor-section elementor-top-section elementor-element elementor-element-d8d01ab elementor-section-boxed elementor-section-height-default elementor-section-height-default\" data-id=\"d8d01ab\" data-element_type=\"section\" data-e-type=\"section\">\n\t\t\t\t\t\t<div class=\"elementor-container elementor-column-gap-default\">\n\t\t\t\t\t<div class=\"elementor-column elementor-col-100 elementor-top-column elementor-element elementor-element-a428a64\" data-id=\"a428a64\" data-element_type=\"column\" data-e-type=\"column\">\n\t\t\t<div class=\"elementor-widget-wrap elementor-element-populated\">\n\t\t\t\t\t\t<div class=\"elementor-element elementor-element-c267877 elementor-widget elementor-widget-text-editor\" data-id=\"c267877\" data-element_type=\"widget\" data-e-type=\"widget\" data-widget_type=\"text-editor.default\">\n\t\t\t\t<div class=\"elementor-widget-container\">\n\t\t\t\t\t\t\t\t\t<ul>\n<li>a vezet\u0151szak\u00e1cs utas\u00edt\u00e1sait k\u00f6vetve \u00e9telt k\u00e9sz\u00edt, t\u00e1lal, d\u00edsz\u00edt a\u00a0szakmais\u00e1g, a praktikuss\u00e1g \u00e9s az eszt\u00e9tikuss\u00e1g figyelembev\u00e9tel\u00e9vel;<\/li>\n<li>el\u0151k\u00e9sz\u00edt\u0151, elk\u00e9sz\u00edt\u0151 \u00e9s befejez\u0151 m\u0171veleteket hajt v\u00e9gre;<\/li>\n<li>\u00e1rut rendel, \u00e1rut vesz \u00e1t, \u00e1rut rakt\u00e1roz szakos\u00edtva;<\/li>\n<li>betartja \u00e9s betartatja a HACCP szab\u00e1lyzatot;<\/li>\n<li>anyagi \u00e9s erk\u00f6lcsi felel\u0151ss\u00e9get v\u00e1llal a r\u00e1b\u00edzott javak\u00e9rt;<\/li>\n<li>a konyhatechnol\u00f3giai elj\u00e1r\u00e1sokat tudatosan alkalmazza;<\/li>\n<li>k\u00e9pes a seg\u00e9dszem\u00e9lyzet munk\u00e1j\u00e1t \u00f6sszehangolni, ir\u00e1ny\u00edtani.<\/li>\n<\/ul>\t\t\t\t\t\t\t\t<\/div>\n\t\t\t\t<\/div>\n\t\t\t\t\t<\/div>\n\t\t<\/div>\n\t\t\t\t\t<\/div>\n\t\t<\/section>\n\t\t\t\t<section class=\"elementor-section elementor-top-section elementor-element elementor-element-672399a elementor-section-boxed elementor-section-height-default elementor-section-height-default\" data-id=\"672399a\" data-element_type=\"section\" data-e-type=\"section\">\n\t\t\t\t\t\t<div class=\"elementor-container elementor-column-gap-default\">\n\t\t\t\t\t<div class=\"elementor-column elementor-col-100 elementor-top-column elementor-element elementor-element-4ea716cd\" data-id=\"4ea716cd\" data-element_type=\"column\" data-e-type=\"column\">\n\t\t\t<div class=\"elementor-widget-wrap elementor-element-populated\">\n\t\t\t\t\t\t<div class=\"elementor-element elementor-element-135f25cb elementor-widget elementor-widget-text-editor\" data-id=\"135f25cb\" data-element_type=\"widget\" data-e-type=\"widget\" data-widget_type=\"text-editor.default\">\n\t\t\t\t<div class=\"elementor-widget-container\">\n\t\t\t\t\t\t\t\t\t<p><\/p>\n<p><\/p>\n<p><\/p>\n<p><span style=\"color: #003b43; font-family: Alegreya; font-size: 18px; text-align: justify;\">Azoknak a kreat\u00edv fiataloknak aj\u00e1nljuk, akik szeretnek alkotni. Folyamatos fejl\u0151d\u00e9sre \u00e9s v\u00e1ltozatos munk\u00e1ra v\u00e1gynak. A j\u00f3 szak\u00e1cs egy\u00e9nis\u00e9ge felismerhet\u0151 az \u00e1ltala k\u00e9sz\u00edtett \u00e9telben.<\/span><\/p>\n<p><\/p>\t\t\t\t\t\t\t\t<\/div>\n\t\t\t\t<\/div>\n\t\t\t\t\t<\/div>\n\t\t<\/div>\n\t\t\t\t\t<\/div>\n\t\t<\/section>\n\t\t\t\t<\/div>\n\t\t","protected":false},"excerpt":{"rendered":"<p>A turizmus-vend\u00e9gl\u00e1t\u00e1s \u00e1gazat szakm\u00e1i k\u00f6z\u00fcl 3 \u00e9v alatt elsaj\u00e1t\u00edthat\u00f3 a szak\u00e1cs szakma, melyet azoknak a kreat\u00edv fiataloknak aj\u00e1nljuk, akik szeretnek alkotni, folyamatos fejl\u0151d\u00e9sre \u00e9s v\u00e1ltozatos munk\u00e1ra v\u00e1gynak, \u00e9rdekli \u0151ket a gasztron\u00f3mia. Kitart\u00f3ak, szeretnek alkotni, folyamatos fejl\u0151d\u00e9sre \u00e9s v\u00e1ltozatos munk\u00e1ra v\u00e1gynak. A szak\u00e1cs szakma kem\u00e9ny munk\u00e1t ig\u00e9nyel, de manaps\u00e1g a s\u00e9fek m\u00e1r egyre t\u00f6bbet mozognak a [&hellip;]<\/p>\n","protected":false},"author":4,"featured_media":755,"parent":180,"menu_order":0,"comment_status":"closed","ping_status":"closed","template":"","meta":{"footnotes":""},"class_list":["post-286","page","type-page","status-publish","has-post-thumbnail","hentry"],"_links":{"self":[{"href":"\/index.php\/wp-json\/wp\/v2\/pages\/286","targetHints":{"allow":["GET"]}}],"collection":[{"href":"\/index.php\/wp-json\/wp\/v2\/pages"}],"about":[{"href":"\/index.php\/wp-json\/wp\/v2\/types\/page"}],"author":[{"embeddable":true,"href":"\/index.php\/wp-json\/wp\/v2\/users\/4"}],"replies":[{"embeddable":true,"href":"\/index.php\/wp-json\/wp\/v2\/comments?post=286"}],"version-history":[{"count":7,"href":"\/index.php\/wp-json\/wp\/v2\/pages\/286\/revisions"}],"predecessor-version":[{"id":1705,"href":"\/index.php\/wp-json\/wp\/v2\/pages\/286\/revisions\/1705"}],"up":[{"embeddable":true,"href":"\/index.php\/wp-json\/wp\/v2\/pages\/180"}],"wp:featuredmedia":[{"embeddable":true,"href":"\/index.php\/wp-json\/wp\/v2\/media\/755"}],"wp:attachment":[{"href":"\/index.php\/wp-json\/wp\/v2\/media?parent=286"}],"curies":[{"name":"wp","href":"https:\/\/api.w.org\/{rel}","templated":true}]}}