{"id":282,"date":"2020-04-08T13:42:38","date_gmt":"2020-04-08T12:42:38","guid":{"rendered":"\/?page_id=282"},"modified":"2020-10-18T14:10:48","modified_gmt":"2020-10-18T13:10:48","slug":"0313-cukrasz-turizmus-vendeglatas-agazat","status":"publish","type":"page","link":"\/index.php\/szakkepzo-iskola\/0313-cukrasz-turizmus-vendeglatas-agazat\/","title":{"rendered":"0313 Cukr\u00e1sz"},"content":{"rendered":"\t\t<div data-elementor-type=\"wp-page\" data-elementor-id=\"282\" class=\"elementor elementor-282\" data-elementor-post-type=\"page\">\n\t\t\t\t\t\t<section class=\"elementor-section elementor-top-section elementor-element elementor-element-fc49650 elementor-section-boxed elementor-section-height-default elementor-section-height-default\" data-id=\"fc49650\" data-element_type=\"section\" data-e-type=\"section\">\n\t\t\t\t\t\t<div class=\"elementor-container elementor-column-gap-default\">\n\t\t\t\t\t<div class=\"elementor-column elementor-col-100 elementor-top-column elementor-element elementor-element-e358b45\" data-id=\"e358b45\" data-element_type=\"column\" data-e-type=\"column\">\n\t\t\t<div class=\"elementor-widget-wrap elementor-element-populated\">\n\t\t\t\t\t\t<div class=\"elementor-element elementor-element-53ec0c9 elementor-widget elementor-widget-text-editor\" data-id=\"53ec0c9\" data-element_type=\"widget\" data-e-type=\"widget\" data-widget_type=\"text-editor.default\">\n\t\t\t\t<div class=\"elementor-widget-container\">\n\t\t\t\t\t\t\t\t\t<p>A 3 \u00e9ves<b> cukr\u00e1sz<\/b> k\u00e9pz\u00e9s\u00fcnk \u00fajra igen csak n\u00e9pszer\u0171. Ezt a szakm\u00e1t els\u0151sorban azoknak aj\u00e1nljuk, akik nyitottak a v\u00e1ltozatos, \u00f6n\u00e1ll\u00f3, kreat\u00edv munk\u00e1ra, k\u00e9z\u00fcgyess\u00e9g\u00fcket szeretn\u00e9k tov\u00e1bb fejleszteni a cukr\u00e1szs\u00fctem\u00e9ny, fagylalt, bonbon vagy d\u00edszmunka elk\u00e9sz\u00edt\u00e9se sor\u00e1n. A kreativit\u00e1snak \u00e9s a fant\u00e1zi\u00e1nak csak a csillagos \u00e9g szabhat hat\u00e1rt, a cukr\u00e1sz ak\u00e1r m\u0171v\u00e9ssz\u00e9 is v\u00e1lhat, hiszen sokf\u00e9le alapanyag tartogat v\u00e9gtelen lehet\u0151s\u00e9get sz\u00e1m\u00e1ra.<\/p>\t\t\t\t\t\t\t\t<\/div>\n\t\t\t\t<\/div>\n\t\t\t\t\t<\/div>\n\t\t<\/div>\n\t\t\t\t\t<\/div>\n\t\t<\/section>\n\t\t\t\t<section class=\"elementor-section elementor-top-section elementor-element elementor-element-3ed8e5e elementor-section-boxed elementor-section-height-default elementor-section-height-default\" data-id=\"3ed8e5e\" data-element_type=\"section\" data-e-type=\"section\">\n\t\t\t\t\t\t<div class=\"elementor-container elementor-column-gap-default\">\n\t\t\t\t\t<div class=\"elementor-column elementor-col-100 elementor-top-column elementor-element elementor-element-7a74d61\" data-id=\"7a74d61\" data-element_type=\"column\" data-e-type=\"column\">\n\t\t\t<div class=\"elementor-widget-wrap elementor-element-populated\">\n\t\t\t\t\t\t<div class=\"elementor-element elementor-element-f3f3e96 elementor-widget elementor-widget-text-editor\" data-id=\"f3f3e96\" data-element_type=\"widget\" data-e-type=\"widget\" data-widget_type=\"text-editor.default\">\n\t\t\t\t<div class=\"elementor-widget-container\">\n\t\t\t\t\t\t\t\t\t<p>KOMPETENCIAELV\u00c1R\u00c1S<\/p>\t\t\t\t\t\t\t\t<\/div>\n\t\t\t\t<\/div>\n\t\t\t\t\t<\/div>\n\t\t<\/div>\n\t\t\t\t\t<\/div>\n\t\t<\/section>\n\t\t\t\t<section class=\"elementor-section elementor-top-section elementor-element elementor-element-bb91146 elementor-section-boxed elementor-section-height-default elementor-section-height-default\" data-id=\"bb91146\" data-element_type=\"section\" data-e-type=\"section\">\n\t\t\t\t\t\t<div class=\"elementor-container elementor-column-gap-default\">\n\t\t\t\t\t<div class=\"elementor-column elementor-col-100 elementor-top-column elementor-element elementor-element-bd6ba9e\" data-id=\"bd6ba9e\" data-element_type=\"column\" data-e-type=\"column\">\n\t\t\t<div class=\"elementor-widget-wrap elementor-element-populated\">\n\t\t\t\t\t\t<div class=\"elementor-element elementor-element-fd53a3f elementor-widget elementor-widget-text-editor\" data-id=\"fd53a3f\" data-element_type=\"widget\" data-e-type=\"widget\" data-widget_type=\"text-editor.default\">\n\t\t\t\t<div class=\"elementor-widget-container\">\n\t\t\t\t\t\t\t\t\t<p style=\"box-sizing: border-box; margin: 10px 0px; padding: 0px; outline: none; font-size: 18px; line-height: normal; font-weight: 400; text-align: justify; color: #003b43; font-family: Alegreya; font-style: normal; font-variant-ligatures: normal; font-variant-caps: normal; letter-spacing: normal; orphans: 2; text-indent: 0px; text-transform: none; white-space: normal; widows: 2; word-spacing: 0px; -webkit-text-stroke-width: 0px; background-color: #ffffff; text-decoration-style: initial; text-decoration-color: initial;\">Kreativit\u00e1s, j\u00f3 probl\u00e9mamegold\u00f3-, stresszt\u0171r\u0151, egy\u00fcttm\u0171k\u00f6d\u0151 k\u00e9pess\u00e9g, j\u00f3 szervez\u0151k\u00e9szs\u00e9g, nagy terhelhet\u0151s\u00e9g.<\/p>\t\t\t\t\t\t\t\t<\/div>\n\t\t\t\t<\/div>\n\t\t\t\t\t<\/div>\n\t\t<\/div>\n\t\t\t\t\t<\/div>\n\t\t<\/section>\n\t\t\t\t<section class=\"elementor-section elementor-top-section elementor-element elementor-element-4a587c1 elementor-section-boxed elementor-section-height-default elementor-section-height-default\" data-id=\"4a587c1\" data-element_type=\"section\" data-e-type=\"section\">\n\t\t\t\t\t\t<div class=\"elementor-container elementor-column-gap-default\">\n\t\t\t\t\t<div class=\"elementor-column elementor-col-100 elementor-top-column elementor-element elementor-element-54269dc\" data-id=\"54269dc\" data-element_type=\"column\" data-e-type=\"column\">\n\t\t\t<div class=\"elementor-widget-wrap elementor-element-populated\">\n\t\t\t\t\t\t<div class=\"elementor-element elementor-element-6ecf4ce elementor-widget elementor-widget-text-editor\" data-id=\"6ecf4ce\" data-element_type=\"widget\" data-e-type=\"widget\" data-widget_type=\"text-editor.default\">\n\t\t\t\t<div class=\"elementor-widget-container\">\n\t\t\t\t\t\t\t\t\t<p>A SZAKK\u00c9PZETTS\u00c9GGEL RENDELKEZ\u0150<\/p>\t\t\t\t\t\t\t\t<\/div>\n\t\t\t\t<\/div>\n\t\t\t\t\t<\/div>\n\t\t<\/div>\n\t\t\t\t\t<\/div>\n\t\t<\/section>\n\t\t\t\t<section class=\"elementor-section elementor-top-section elementor-element elementor-element-08d44c6 elementor-section-boxed elementor-section-height-default elementor-section-height-default\" data-id=\"08d44c6\" data-element_type=\"section\" data-e-type=\"section\">\n\t\t\t\t\t\t<div class=\"elementor-container elementor-column-gap-default\">\n\t\t\t\t\t<div class=\"elementor-column elementor-col-100 elementor-top-column elementor-element elementor-element-295cfa9\" data-id=\"295cfa9\" data-element_type=\"column\" data-e-type=\"column\">\n\t\t\t<div class=\"elementor-widget-wrap elementor-element-populated\">\n\t\t\t\t\t\t<div class=\"elementor-element elementor-element-9018bd6 elementor-widget elementor-widget-text-editor\" data-id=\"9018bd6\" data-element_type=\"widget\" data-e-type=\"widget\" data-widget_type=\"text-editor.default\">\n\t\t\t\t<div class=\"elementor-widget-container\">\n\t\t\t\t\t\t\t\t\t<ul>\n<li>felveszi a megrendel\u00e9seket;<\/li>\n<li>kiv\u00e1lasztja a sz\u00fcks\u00e9ges alapanyagokat;<\/li>\n<li>kisz\u00e1m\u00edtja \u00e9s el\u0151k\u00e9sz\u00edti az elk\u00e9sz\u00edtend\u0151 term\u00e9kekhez a hozz\u00e1val\u00f3 mennyis\u00e9geket;<\/li>\n<li>elk\u00e9sz\u00edti a t\u00e9szt\u00e1kat, t\u00f6ltel\u00e9keket, bevonatokat;<\/li>\n<li>munk\u00e1j\u00e1t k\u00e9zzel \u00e9s g\u00e9pekkel v\u00e9gzi pl. gy\u00far\u00f3-, kever\u0151 ny\u00fajt\u00f3g\u00e9pet haszn\u00e1l;<\/li>\n<li>s\u00fct\u00e9si \u00e9s f\u0151z\u00e9si m\u0171veleteket v\u00e9gez;<\/li>\n<li>k\u00e9ziszersz\u00e1mok seg\u00edts\u00e9g\u00e9vel a term\u00e9keket megadott m\u00e9ret\u0171re alak\u00edtja, form\u00e1zza, d\u00edsz\u00edti;<\/li>\n<li>az \u00f6sszetettebb term\u00e9kekn\u00e9l, a kis\u00fclt t\u00e9szt\u00e1kat kr\u00e9mekkel r\u00e9tegezi, dermeszti, majd a term\u00e9ket bevonja \u00e9s d\u00edsz\u00edti;<\/li>\n<li>alkalmi megrendel\u00e9sekre a megrendel\u0151 k\u00edv\u00e1ns\u00e1ga szerint eszt\u00e9tikus, \u00f6tletes d\u00edszmunk\u00e1kat k\u00e9sz\u00edt;<\/li>\n<li>fagylaltokat f\u0151z \u00e9s fagyaszt;<\/li>\n<li>csokol\u00e1d\u00e9b\u00f3l bonbonokat, d\u00edszeket k\u00e9sz\u00edt.<\/li>\n<\/ul>\t\t\t\t\t\t\t\t<\/div>\n\t\t\t\t<\/div>\n\t\t\t\t\t<\/div>\n\t\t<\/div>\n\t\t\t\t\t<\/div>\n\t\t<\/section>\n\t\t\t\t<section class=\"elementor-section elementor-top-section elementor-element elementor-element-7aa13e7a elementor-section-boxed elementor-section-height-default elementor-section-height-default\" data-id=\"7aa13e7a\" data-element_type=\"section\" data-e-type=\"section\">\n\t\t\t\t\t\t<div class=\"elementor-container elementor-column-gap-default\">\n\t\t\t\t\t<div class=\"elementor-column elementor-col-100 elementor-top-column elementor-element elementor-element-17c18bc7\" data-id=\"17c18bc7\" data-element_type=\"column\" data-e-type=\"column\">\n\t\t\t<div class=\"elementor-widget-wrap elementor-element-populated\">\n\t\t\t\t\t\t<div class=\"elementor-element elementor-element-5c406c7b elementor-widget elementor-widget-text-editor\" data-id=\"5c406c7b\" data-element_type=\"widget\" data-e-type=\"widget\" data-widget_type=\"text-editor.default\">\n\t\t\t\t<div class=\"elementor-widget-container\">\n\t\t\t\t\t\t\t\t\t<p><\/p>\n<p><\/p>\n<p><\/p>\n<div><span style=\"color: #003b43; font-family: Alegreya; font-size: 18px; text-align: justify;\">A szakm\u00e1t azoknak a fiataloknak aj\u00e1nljuk, akik fejleszteni szeretn\u00e9k a k\u00e9z\u00fcgyess\u00e9g\u00fcket, eszt\u00e9tikai \u00e9rz\u00e9k\u00fcket \u00e9s kreativit\u00e1sukat. Folyamatosan fejl\u0151dni szeretn\u00e9nek, v\u00e1ltozatos munk\u00e1ra v\u00e1gynak.<\/span><\/div>\n<p><\/p>\t\t\t\t\t\t\t\t<\/div>\n\t\t\t\t<\/div>\n\t\t\t\t\t<\/div>\n\t\t<\/div>\n\t\t\t\t\t<\/div>\n\t\t<\/section>\n\t\t\t\t<\/div>\n\t\t","protected":false},"excerpt":{"rendered":"<p>A 3 \u00e9ves cukr\u00e1sz k\u00e9pz\u00e9s\u00fcnk \u00fajra igen csak n\u00e9pszer\u0171. Ezt a szakm\u00e1t els\u0151sorban azoknak aj\u00e1nljuk, akik nyitottak a v\u00e1ltozatos, \u00f6n\u00e1ll\u00f3, kreat\u00edv munk\u00e1ra, k\u00e9z\u00fcgyess\u00e9g\u00fcket szeretn\u00e9k tov\u00e1bb fejleszteni a cukr\u00e1szs\u00fctem\u00e9ny, fagylalt, bonbon vagy d\u00edszmunka elk\u00e9sz\u00edt\u00e9se sor\u00e1n. A kreativit\u00e1snak \u00e9s a fant\u00e1zi\u00e1nak csak a csillagos \u00e9g szabhat hat\u00e1rt, a cukr\u00e1sz ak\u00e1r m\u0171v\u00e9ssz\u00e9 is v\u00e1lhat, hiszen sokf\u00e9le alapanyag tartogat [&hellip;]<\/p>\n","protected":false},"author":4,"featured_media":751,"parent":180,"menu_order":0,"comment_status":"closed","ping_status":"closed","template":"","meta":{"footnotes":""},"class_list":["post-282","page","type-page","status-publish","has-post-thumbnail","hentry"],"_links":{"self":[{"href":"\/index.php\/wp-json\/wp\/v2\/pages\/282","targetHints":{"allow":["GET"]}}],"collection":[{"href":"\/index.php\/wp-json\/wp\/v2\/pages"}],"about":[{"href":"\/index.php\/wp-json\/wp\/v2\/types\/page"}],"author":[{"embeddable":true,"href":"\/index.php\/wp-json\/wp\/v2\/users\/4"}],"replies":[{"embeddable":true,"href":"\/index.php\/wp-json\/wp\/v2\/comments?post=282"}],"version-history":[{"count":6,"href":"\/index.php\/wp-json\/wp\/v2\/pages\/282\/revisions"}],"predecessor-version":[{"id":1701,"href":"\/index.php\/wp-json\/wp\/v2\/pages\/282\/revisions\/1701"}],"up":[{"embeddable":true,"href":"\/index.php\/wp-json\/wp\/v2\/pages\/180"}],"wp:featuredmedia":[{"embeddable":true,"href":"\/index.php\/wp-json\/wp\/v2\/media\/751"}],"wp:attachment":[{"href":"\/index.php\/wp-json\/wp\/v2\/media?parent=282"}],"curies":[{"name":"wp","href":"https:\/\/api.w.org\/{rel}","templated":true}]}}