{"id":27054,"date":"2023-05-22T07:49:16","date_gmt":"2023-05-22T06:49:16","guid":{"rendered":"\/?page_id=27054"},"modified":"2025-08-04T07:41:16","modified_gmt":"2025-08-04T06:41:16","slug":"esti-erettsegi-kepzesre-2023-2024","status":"publish","type":"page","link":"\/index.php\/esti-erettsegi-kepzesre-2023-2024\/","title":{"rendered":"Esti \u00e9retts\u00e9gi k\u00e9pz\u00e9sre  2025\/2026"},"content":{"rendered":"\t\t<div data-elementor-type=\"wp-page\" data-elementor-id=\"27054\" class=\"elementor elementor-27054\" data-elementor-post-type=\"page\">\n\t\t\t\t\t\t<section class=\"elementor-section elementor-top-section elementor-element elementor-element-e58cfc6 elementor-section-boxed elementor-section-height-default elementor-section-height-default\" data-id=\"e58cfc6\" data-element_type=\"section\" data-e-type=\"section\">\n\t\t\t\t\t\t<div class=\"elementor-container elementor-column-gap-default\">\n\t\t\t\t\t<div class=\"elementor-column elementor-col-100 elementor-top-column elementor-element elementor-element-5e96f7b\" data-id=\"5e96f7b\" data-element_type=\"column\" data-e-type=\"column\">\n\t\t\t<div class=\"elementor-widget-wrap elementor-element-populated\">\n\t\t\t\t\t\t<div class=\"elementor-element elementor-element-6fe5bfa elementor-widget elementor-widget-spacer\" data-id=\"6fe5bfa\" data-element_type=\"widget\" data-e-type=\"widget\" data-widget_type=\"spacer.default\">\n\t\t\t\t<div class=\"elementor-widget-container\">\n\t\t\t\t\t\t\t<div class=\"elementor-spacer\">\n\t\t\t<div class=\"elementor-spacer-inner\"><\/div>\n\t\t<\/div>\n\t\t\t\t\t\t<\/div>\n\t\t\t\t<\/div>\n\t\t\t\t\t<\/div>\n\t\t<\/div>\n\t\t\t\t\t<\/div>\n\t\t<\/section>\n\t\t\t\t<section class=\"elementor-section elementor-top-section elementor-element elementor-element-a50e412 elementor-section-boxed elementor-section-height-default elementor-section-height-default\" data-id=\"a50e412\" data-element_type=\"section\" data-e-type=\"section\">\n\t\t\t\t\t\t<div class=\"elementor-container elementor-column-gap-default\">\n\t\t\t\t\t<div class=\"elementor-column elementor-col-100 elementor-top-column elementor-element elementor-element-bec01ce\" data-id=\"bec01ce\" data-element_type=\"column\" data-e-type=\"column\">\n\t\t\t<div class=\"elementor-widget-wrap elementor-element-populated\">\n\t\t\t\t\t\t<div class=\"elementor-element elementor-element-ff668b8 elementor-widget elementor-widget-heading\" data-id=\"ff668b8\" data-element_type=\"widget\" data-e-type=\"widget\" data-widget_type=\"heading.default\">\n\t\t\t\t<div class=\"elementor-widget-container\">\n\t\t\t\t\t<h4 class=\"elementor-heading-title elementor-size-default\">Kedves Jelentkez\u0151!<\/h4>\t\t\t\t<\/div>\n\t\t\t\t<\/div>\n\t\t\t\t\t<\/div>\n\t\t<\/div>\n\t\t\t\t\t<\/div>\n\t\t<\/section>\n\t\t\t\t<section class=\"elementor-section elementor-top-section elementor-element elementor-element-6cf5542 elementor-section-boxed elementor-section-height-default elementor-section-height-default\" data-id=\"6cf5542\" data-element_type=\"section\" data-e-type=\"section\">\n\t\t\t\t\t\t<div class=\"elementor-container elementor-column-gap-default\">\n\t\t\t\t\t<div class=\"elementor-column elementor-col-100 elementor-top-column elementor-element elementor-element-3dc3c95\" data-id=\"3dc3c95\" data-element_type=\"column\" data-e-type=\"column\">\n\t\t\t<div class=\"elementor-widget-wrap\">\n\t\t\t\t\t\t\t<\/div>\n\t\t<\/div>\n\t\t\t\t\t<\/div>\n\t\t<\/section>\n\t\t\t\t<section class=\"elementor-section elementor-top-section elementor-element elementor-element-73a5221 elementor-section-boxed elementor-section-height-default elementor-section-height-default\" data-id=\"73a5221\" data-element_type=\"section\" data-e-type=\"section\">\n\t\t\t\t\t\t<div class=\"elementor-container elementor-column-gap-default\">\n\t\t\t\t\t<div class=\"elementor-column elementor-col-100 elementor-top-column elementor-element elementor-element-78baa15\" data-id=\"78baa15\" data-element_type=\"column\" data-e-type=\"column\">\n\t\t\t<div class=\"elementor-widget-wrap elementor-element-populated\">\n\t\t\t\t\t\t<div class=\"elementor-element elementor-element-1056a7b elementor-widget elementor-widget-heading\" data-id=\"1056a7b\" data-element_type=\"widget\" data-e-type=\"widget\" data-widget_type=\"heading.default\">\n\t\t\t\t<div class=\"elementor-widget-container\">\n\t\t\t\t\t<h4 class=\"elementor-heading-title elementor-size-default\">K\u00f6sz\u00f6nj\u00fck!<\/h4>\t\t\t\t<\/div>\n\t\t\t\t<\/div>\n\t\t\t\t<div class=\"elementor-element elementor-element-a16ad28 elementor-widget elementor-widget-heading\" data-id=\"a16ad28\" data-element_type=\"widget\" data-e-type=\"widget\" data-widget_type=\"heading.default\">\n\t\t\t\t<div class=\"elementor-widget-container\">\n\t\t\t\t\t<p class=\"elementor-heading-title elementor-size-default\"><p> Ezen az oldalon tud jelentkezni a 2025\/2026-os tan\u00e9vben indul\u00f3 \u00e9retts\u00e9gire felk\u00e9sz\u00edt\u0151 esti \u00e9vfolyamra.<\/p><p>K\u00e9rj\u00fck, hogy a jelentkez\u00e9si \u0171rlapot pontosan, a val\u00f3s\u00e1gnak megfelel\u0151 adatokkal legyen sz\u00edves kit\u00f6lteni!<\/p>\t\t\t\t<\/div>\n\t\t\t\t<\/div>\n\t\t\t\t\t<\/div>\n\t\t<\/div>\n\t\t\t\t\t<\/div>\n\t\t<\/section>\n\t\t\t\t<section class=\"elementor-section elementor-top-section elementor-element elementor-element-69824b9 elementor-section-boxed elementor-section-height-default elementor-section-height-default\" data-id=\"69824b9\" data-element_type=\"section\" data-e-type=\"section\">\n\t\t\t\t\t\t<div class=\"elementor-container elementor-column-gap-default\">\n\t\t\t\t\t<div class=\"elementor-column elementor-col-100 elementor-top-column elementor-element elementor-element-af02f3a\" data-id=\"af02f3a\" data-element_type=\"column\" data-e-type=\"column\">\n\t\t\t<div class=\"elementor-widget-wrap elementor-element-populated\">\n\t\t\t\t\t\t<div class=\"elementor-element elementor-element-527fae3 elementor-widget elementor-widget-text-editor\" data-id=\"527fae3\" data-element_type=\"widget\" data-e-type=\"widget\" data-widget_type=\"text-editor.default\">\n\t\t\t\t<div class=\"elementor-widget-container\">\n\t\t\t\t\t\t\t\t\t<div id=\"erf_form_container_26986\" class=\"erf-container erf-contact erf-label-top erf-layout-one-column erf-style-rounded-corner\">\n        \n    \n         \n                    <div class=\"erf-content-above\">\n                            <\/div>\n            <form method=\"post\" enctype=\"multipart\/form-data\" class=\"erf-form erf-front-form\" data-parsley-validate=\"\" novalidate=\"true\" data-erf-submission-id=\"0\" data-erf-form-id=\"26986\">\n                <div class=\"erf-form-html\" id=\"erf_form_26986\">\n                    <div class=\"rendered-form\">\n                        <div class=\"erf-header erf-element-width-12\"><h2  data-non-input='1' data-ref-label='Heading2' data-ref-id='header-qwwdqeey' class='' >Jelentkez\u0151 adatai<\/h2><\/div><div class=\"erf-text form-group field-text-122988002336 erf-element-width-12\"><label for=\"text-122988002336\" class=\"erf-text-label\">Jelentkez\u0151 neve<span class=\"erf-required\">*<\/span><\/label><input type='text' maxlength='50' required='required' class='form-control' name='text-122988002336' data-ref-label='First_Name' id='text-122988002336'  \/><\/div><div class=\"erf-text form-group field-field-nEXN7DWMcY0Fbzs erf-element-width-12\"><label for=\"field-nEXN7DWMcY0Fbzs\" class=\"erf-text-label\">\u00c9desanyja le\u00e1nykori neve<span class=\"erf-required\">*<\/span><\/label><input type='text' data-ref-label='Text_Field4' class='form-control' name='field-nEXN7DWMcY0Fbzs' required='required' id='field-nEXN7DWMcY0Fbzs'  \/><\/div><div class=\"erf-text form-group field-text-165657886163 erf-element-width-12\"><label for=\"text-165657886163\" class=\"erf-text-label\">Sz\u00fclet\u00e9si hely<span class=\"erf-required\">*<\/span><\/label><input type='text' required='required' maxlength='50' class='form-control' name='text-165657886163' data-ref-label='Last_Name' id='text-165657886163'  \/><\/div><div class=\"erf-text form-group field-field-59hiKnZApsC6LDk erf-element-width-12\"><label for=\"field-59hiKnZApsC6LDk\" class=\"erf-text-label\">Sz\u00fclet\u00e9si id\u0151<span class=\"erf-required\">*<\/span><\/label><input type='text' data-ref-label='Text_Field3' class='form-control' name='field-59hiKnZApsC6LDk' required='required' id='field-59hiKnZApsC6LDk'  \/><\/div><div class=\"erf-text form-group field-field-7WntBFEdrzNTiRE erf-element-width-12\"><label for=\"field-7WntBFEdrzNTiRE\" class=\"erf-text-label\">Lakc\u00edm<span class=\"erf-required\">*<\/span><\/label><input type='text' data-ref-label='Text_Field5' class='form-control' name='field-7WntBFEdrzNTiRE' required='required' id='field-7WntBFEdrzNTiRE'  \/><\/div><div class=\"erf-text form-group field-field-mzVm73TyBslqYoy erf-element-width-12\"><label for=\"field-mzVm73TyBslqYoy\" class=\"erf-text-label\">Telefonsz\u00e1m<span class=\"erf-required\">*<\/span><\/label><input type='text' data-ref-label='TextField9' class='form-control' name='field-mzVm73TyBslqYoy' required='required' id='field-mzVm73TyBslqYoy'  \/><\/div><div class=\"erf-email form-group field-text-22129256083 erf-element-width-12\"><label for=\"text-22129256083\" class=\"erf-email-label\">E-mail c\u00edm<span class=\"erf-required\">*<\/span><\/label><input type='email' required='required' class='form-control' name='text-22129256083' data-ref-label='Email' id='text-22129256083'  \/><\/div><div class=\"erf-select form-group field-field-UmfZnRWaliIje63 erf-element-width-12\"><label for=\"field-UmfZnRWaliIje63\" class=\"erf-select-label\">Szakk\u00f6z\u00e9piskolai v\u00e9gzetts\u00e9ggel rendelkezem<span class=\"erf-required\">*<\/span><\/label><select data-ref-label='Select1' class='form-control' name='field-UmfZnRWaliIje63' required='required' id='field-UmfZnRWaliIje63'  ><option value=\"Value\"><\/option><option value=\"Igen\">Igen<\/option><option value=\"Nem\">Nem<\/option><\/select><\/div><div class=\"erf-select form-group field-field-0UwhsSi8W9jeGLV erf-element-width-12\"><label for=\"field-0UwhsSi8W9jeGLV\" class=\"erf-select-label\">A szakk\u00f6z\u00e9piskolai v\u00e9gzetts\u00e9gemet a 2022\/2023. tan\u00e9vben szerzem meg:<span class=\"erf-required\">*<\/span><\/label><select data-ref-label='Select3' class='form-control' name='field-0UwhsSi8W9jeGLV' required='required' id='field-0UwhsSi8W9jeGLV'  ><option value=\"\"><\/option><option value=\"Igen\">Igen<\/option><option value=\"Nem\">Nem<\/option><\/select><\/div><div class=\"erf-select form-group field-field-rvkgnkhmThzTdsP erf-element-width-12\"><label for=\"field-rvkgnkhmThzTdsP\" class=\"erf-select-label\">Az \u00e1ltalam tanult idegen nyelv<span class=\"erf-required\">*<\/span><\/label><select data-ref-label='Select2' class='form-control' name='field-rvkgnkhmThzTdsP' required='required' id='field-rvkgnkhmThzTdsP'  ><option value=\"Value\"><\/option><option value=\"angol\">angol<\/option><option value=\"n\u00e9met\">n\u00e9met<\/option><\/select><\/div><div class=\"erf-richtext erf-element-width-12\"><div data-non-input='1' data-ref-label='\u00c9retts\u00e9gi m\u00e1solat' data-ref-id='richtext-hctdger7' class='erf-rich-text' ><p>A jelentkez\u00e9si laphoz mell\u00e9kelnie kell a szakk\u00e9pz\u0151 iskolai bizony\u00edtv\u00e1ny\u00e1nak valamint a szakmai bizony\u00edtv\u00e1ny\u00e1nak a m\u00e1solat\u00e1t.\u00a0<\/p>\n<p>K\u00e9rj\u00fck, hogy csak j\u00f3 min\u0151s\u00e9g\u0171, j\u00f3l olvashat\u00f3 k\u00e9pet t\u00f6lts\u00f6n fel a bizony\u00edtv\u00e1ny\u00e1r\u00f3l!<\/p><\/div><\/div><div class=\"erf-file form-group field-field-e7cI4jPruUBS8UG erf-element-width-12\"><label for=\"field-e7cI4jPruUBS8UG\" class=\"erf-file-label\">Szakk\u00e9pz\u0151 iskolai bizony\u00edtv\u00e1ny els\u0151 oldala (szem\u00e9lyes adatokat tartalmaz\u00f3 oldal):<span class=\"erf-required\">*<\/span><\/label><input type='file' data-ref-label='File_Upload1' class='form-control' name='field-e7cI4jPruUBS8UG' required='required' id='field-e7cI4jPruUBS8UG'  \/><\/div><div class=\"erf-file form-group field-field-xgIjjORdZoLU9Kf erf-element-width-12\"><label for=\"field-xgIjjORdZoLU9Kf\" class=\"erf-file-label\">Szakk\u00e9pz\u0151 iskolai bizony\u00edtv\u00e1ny 9. \u00e9vfolyam\u00e1nak \u00e9v v\u00e9gi eredm\u00e9nyei:<span class=\"erf-required\">*<\/span><\/label><input type='file' data-ref-label='File_Upload2' class='form-control' name='field-xgIjjORdZoLU9Kf' required='required' id='field-xgIjjORdZoLU9Kf'  \/><\/div><div class=\"erf-file form-group field-field-UU9HnZt39XeOKah erf-element-width-12\"><label for=\"field-UU9HnZt39XeOKah\" class=\"erf-file-label\">Szakk\u00e9pz\u0151 iskolai bizony\u00edtv\u00e1ny 10. \u00e9vfolyam\u00e1nak \u00e9v v\u00e9gi eredm\u00e9nyei:<span class=\"erf-required\">*<\/span><\/label><input type='file' data-ref-label='File_Upload3' class='form-control' name='field-UU9HnZt39XeOKah' required='required' id='field-UU9HnZt39XeOKah'  \/><\/div><div class=\"erf-file form-group field-field-jnzAlxgzTStGXaY erf-element-width-12\"><label for=\"field-jnzAlxgzTStGXaY\" class=\"erf-file-label\">Szakk\u00e9pz\u0151 iskolai bizony\u00edtv\u00e1ny 11. \u00e9vfolyam\u00e1nak \u00e9v v\u00e9gi eredm\u00e9nyei:<span class=\"erf-required\">*<\/span><\/label><input type='file' data-ref-label='File_Upload4' class='form-control' name='field-jnzAlxgzTStGXaY' required='required' id='field-jnzAlxgzTStGXaY'  \/><\/div><div class=\"erf-file form-group field-field-HWU9D7mpxmRE6KZ erf-element-width-12\"><label for=\"field-HWU9D7mpxmRE6KZ\" class=\"erf-file-label\">Szakmai bizony\u00edtv\u00e1ny m\u00e1solata:<span class=\"erf-required\">*<\/span><\/label><input type='file' data-ref-label='File_Upload5' class='form-control' name='field-HWU9D7mpxmRE6KZ' required='required' id='field-HWU9D7mpxmRE6KZ'  \/><\/div><div class=\"erf-richtext erf-element-width-12\"><div data-non-input='1' data-ref-label='RichText3' data-ref-id='richtext-azgj2ybn' class='erf-rich-text' ><p><strong>Felel\u0151ss\u00e9gem tudat\u00e1ban kijelentem, hogy a jelentkez\u00e9si lapon szerepl\u0151 adatok a val\u00f3s\u00e1gnak megfelelnek. Nyilatkozom, hogy hozz\u00e1j\u00e1rulok a bemutatott okiratok m\u00e1solat\u00e1nak elk\u00e9sz\u00edt\u00e9s\u00e9hez.<\/strong><\/p><\/div><\/div><div class=\"erf-richtext erf-element-width-12\"><div data-non-input='1' data-ref-label='RichText4' data-ref-id='richtext-suu7bg0d' class='erf-rich-text' ><p>Tisztelt Jelentkez\u0151! T\u00e1j\u00e9koztatjuk, hogy a jelentkez\u00e9s sor\u00e1n a szem\u00e9lyes adatok kezel\u00e9s\u00e9re az \u00e1ltal\u00e1nos adatv\u00e9delmi rendeletben (Az Eur\u00f3pai Parlament \u00e9s a Tan\u00e1cs 2016\/679 Rendelete, a tov\u00e1bbiakban: GDPR) az inform\u00e1ci\u00f3s \u00f6nrendelkez\u00e9si jogr\u00f3l \u00e9s inform\u00e1ci\u00f3szabads\u00e1gr\u00f3l sz\u00f3l\u00f3 2011. \u00e9vi CXII. t\u00f6rv\u00e9nyben, az oktat\u00e1si nyilv\u00e1ntart\u00e1sr\u00f3l sz\u00f3l\u00f3 2018. \u00e9vi LXXXIX. t\u00f6rv\u00e9nyben (a tov\u00e1bbiakban: Onytv.) meghat\u00e1rozott rendelkez\u00e9sek alapj\u00e1n ker\u00fcl sor. Az adatkezel\u00e9s jogalapja a GDPR 6. cikk (1) bekezd\u00e9s c) \u00e9s e) pontja alapj\u00e1n az adatkezel\u0151re vonatkoz\u00f3 jogi k\u00f6telezetts\u00e9g teljes\u00edt\u00e9se.<\/p><\/div><\/div><div class=\"erf-button form-group field-button-4303875095 erf-element-width-12\"><button type='submit'class='btn btn-default'name='button-4303875095'data-ref-label='Send'id='button-4303875095'>K\u00fcld\u00e9s<\/button><\/div>                    <\/div> \n                <\/div>    \n\n                <div class=\"erf-external-form-elements\">\n                    \n                    \n                    \n\n                    \n                                        <div class=\"erf-errors\" style=\"display:none\">\n                        <span class=\"erf-errors-head erf-error-row\">Error occured. Please confirm your data and submit again:<\/span>\n                        <div class=\"erf-errors-body\">\n                                                    <\/div> \n                    <\/div>\n\n                <\/div>\n                <!-- Contains multipage Next,Previous buttons -->\n                <div class=\"erf-form-nav clearfix\"><\/div> \n\n                <!-- Single page form button -->\n                <div class=\"erf-submit-button clearfix\"><\/div>\n\n\n                <input type=\"hidden\" name=\"erform_id\" value=\"26986\" \/>\n                <input type=\"hidden\" id=\"erform_submission_nonce\" name=\"erform_submission_nonce\" value=\"1dc5713cb3\" \/><input type=\"hidden\" name=\"_wp_http_referer\" value=\"\/index.php\/wp-json\/wp\/v2\/pages\/27054\" \/>                <input type=\"hidden\" name=\"action\" value=\"erf_submit_form\" \/>\n\n            <\/form>\n            \n<\/div>\n\t\t\t\t\t\t\t\t<\/div>\n\t\t\t\t<\/div>\n\t\t\t\t\t<\/div>\n\t\t<\/div>\n\t\t\t\t\t<\/div>\n\t\t<\/section>\n\t\t\t\t<\/div>\n\t\t","protected":false},"excerpt":{"rendered":"<p>Kedves Jelentkez\u0151! K\u00f6sz\u00f6nj\u00fck! Ezen az oldalon tud jelentkezni a 2025\/2026-os tan\u00e9vben indul\u00f3 \u00e9retts\u00e9gire felk\u00e9sz\u00edt\u0151 esti \u00e9vfolyamra. K\u00e9rj\u00fck, hogy a jelentkez\u00e9si \u0171rlapot pontosan, a val\u00f3s\u00e1gnak megfelel\u0151 adatokkal legyen sz\u00edves kit\u00f6lteni!<\/p>\n","protected":false},"author":4,"featured_media":0,"parent":0,"menu_order":0,"comment_status":"closed","ping_status":"closed","template":"","meta":{"footnotes":""},"class_list":["post-27054","page","type-page","status-publish","hentry"],"_links":{"self":[{"href":"\/index.php\/wp-json\/wp\/v2\/pages\/27054","targetHints":{"allow":["GET"]}}],"collection":[{"href":"\/index.php\/wp-json\/wp\/v2\/pages"}],"about":[{"href":"\/index.php\/wp-json\/wp\/v2\/types\/page"}],"author":[{"embeddable":true,"href":"\/index.php\/wp-json\/wp\/v2\/users\/4"}],"replies":[{"embeddable":true,"href":"\/index.php\/wp-json\/wp\/v2\/comments?post=27054"}],"version-history":[{"count":8,"href":"\/index.php\/wp-json\/wp\/v2\/pages\/27054\/revisions"}],"predecessor-version":[{"id":51640,"href":"\/index.php\/wp-json\/wp\/v2\/pages\/27054\/revisions\/51640"}],"wp:attachment":[{"href":"\/index.php\/wp-json\/wp\/v2\/media?parent=27054"}],"curies":[{"name":"wp","href":"https:\/\/api.w.org\/{rel}","templated":true}]}}