{"id":19804,"date":"2022-10-18T08:51:14","date_gmt":"2022-10-18T07:51:14","guid":{"rendered":"\/?page_id=19804"},"modified":"2022-10-18T08:52:39","modified_gmt":"2022-10-18T07:52:39","slug":"0307-elelmiszer-ellenorzesi-technikus","status":"publish","type":"page","link":"\/index.php\/0307-elelmiszer-ellenorzesi-technikus\/","title":{"rendered":"0307\u00a0 \u00c9lelmiszer-ellen\u0151rz\u00e9si technikus\u00a0"},"content":{"rendered":"\t\t<div data-elementor-type=\"wp-page\" data-elementor-id=\"19804\" class=\"elementor elementor-19804\" data-elementor-post-type=\"page\">\n\t\t\t\t\t\t<section class=\"elementor-section elementor-top-section elementor-element elementor-element-b0a5813 elementor-section-boxed elementor-section-height-default elementor-section-height-default\" data-id=\"b0a5813\" data-element_type=\"section\" data-e-type=\"section\">\n\t\t\t\t\t\t<div class=\"elementor-container elementor-column-gap-default\">\n\t\t\t\t\t<div class=\"elementor-column elementor-col-100 elementor-top-column elementor-element elementor-element-640b9d5\" data-id=\"640b9d5\" data-element_type=\"column\" data-e-type=\"column\">\n\t\t\t<div class=\"elementor-widget-wrap elementor-element-populated\">\n\t\t\t\t\t\t<div class=\"elementor-element elementor-element-08bc99b elementor-widget elementor-widget-text-editor\" data-id=\"08bc99b\" data-element_type=\"widget\" data-e-type=\"widget\" data-widget_type=\"text-editor.default\">\n\t\t\t\t<div class=\"elementor-widget-container\">\n\t\t\t\t\t\t\t\t\t<p>5 \u00e9ves\u00a0<span style=\"font-weight: bolder;\">\u00e9lelmiszer-ellen\u0151rz\u00e9si technikus<\/span>\u00a0k\u00e9pz\u00e9s\u00fcnkre els\u0151sorban a laborat\u00f3riumi munk\u00e1t kedvel\u0151ket v\u00e1rjuk. Mintav\u00e9telez\u00e9seket, azok \u00f6sszet\u00e9tel\u00e9nek min\u0151s\u00e9gi- \u00e9s mennyis\u00e9gi meghat\u00e1roz\u00e1sait v\u00e9gzi, de e mellett technol\u00f3giai, k\u00f6rnyezetv\u00e9delmi, higi\u00e9niai \u00e9s min\u0151s\u00e9gbiztos\u00edt\u00e1si el\u0151\u00edr\u00e1sokat is betartat, ellen\u0151riz. A teljes \u00e9lelmiszeripari \u00e1gazat v\u00e1rja a j\u00f3l k\u00e9pzett szakembereket.<\/p>\t\t\t\t\t\t\t\t<\/div>\n\t\t\t\t<\/div>\n\t\t\t\t\t<\/div>\n\t\t<\/div>\n\t\t\t\t\t<\/div>\n\t\t<\/section>\n\t\t\t\t<section class=\"elementor-section elementor-top-section elementor-element elementor-element-513b747 elementor-section-boxed elementor-section-height-default elementor-section-height-default\" data-id=\"513b747\" data-element_type=\"section\" data-e-type=\"section\">\n\t\t\t\t\t\t<div class=\"elementor-container elementor-column-gap-default\">\n\t\t\t\t\t<div class=\"elementor-column elementor-col-100 elementor-top-column elementor-element elementor-element-af0283e\" data-id=\"af0283e\" data-element_type=\"column\" data-e-type=\"column\">\n\t\t\t<div class=\"elementor-widget-wrap elementor-element-populated\">\n\t\t\t\t\t\t<div class=\"elementor-element elementor-element-a948f4a elementor-widget elementor-widget-text-editor\" data-id=\"a948f4a\" data-element_type=\"widget\" data-e-type=\"widget\" data-widget_type=\"text-editor.default\">\n\t\t\t\t<div class=\"elementor-widget-container\">\n\t\t\t\t\t\t\t\t\t<p>Az alapoktat\u00e1s olyan \u00e1ltal\u00e1nos \u00e9s sz\u00e9lesk\u00f6r\u0171 tud\u00e1s \u00e9s k\u00e9pess\u00e9g megszerz\u00e9s\u00e9t biztos\u00edtja, ami sz\u00fcks\u00e9ges \u00e9s hasznos minden \u00e9lelmiszeripari \u00e1gazati szakm\u00e1ban bet\u00f6lt\u00f6tt munkak\u00f6r eset\u00e9n. Az alapoktat\u00e1s v\u00e9g\u00e9n a tanul\u00f3k r\u00e1l\u00e1tnak az \u00e9lelmiszeripari \u00e1gazat minden fontos r\u00e9szter\u00fclet\u00e9re, ez\u00e9rt megalapozott d\u00f6nt\u00e9st hozhatnak a szakma kiv\u00e1laszt\u00e1s\u00e1n\u00e1l.<\/p>\t\t\t\t\t\t\t\t<\/div>\n\t\t\t\t<\/div>\n\t\t\t\t\t<\/div>\n\t\t<\/div>\n\t\t\t\t\t<\/div>\n\t\t<\/section>\n\t\t\t\t<section class=\"elementor-section elementor-top-section elementor-element elementor-element-81de470 elementor-section-boxed elementor-section-height-default elementor-section-height-default\" data-id=\"81de470\" data-element_type=\"section\" data-e-type=\"section\">\n\t\t\t\t\t\t<div class=\"elementor-container elementor-column-gap-default\">\n\t\t\t\t\t<div class=\"elementor-column elementor-col-100 elementor-top-column elementor-element elementor-element-46e012d\" data-id=\"46e012d\" data-element_type=\"column\" data-e-type=\"column\">\n\t\t\t<div class=\"elementor-widget-wrap elementor-element-populated\">\n\t\t\t\t\t\t<div class=\"elementor-element elementor-element-4252e50 elementor-widget elementor-widget-text-editor\" data-id=\"4252e50\" data-element_type=\"widget\" data-e-type=\"widget\" data-widget_type=\"text-editor.default\">\n\t\t\t\t<div class=\"elementor-widget-container\">\n\t\t\t\t\t\t\t\t\t<p>KOMPETENCIAELV\u00c1R\u00c1S<\/p>\t\t\t\t\t\t\t\t<\/div>\n\t\t\t\t<\/div>\n\t\t\t\t\t<\/div>\n\t\t<\/div>\n\t\t\t\t\t<\/div>\n\t\t<\/section>\n\t\t\t\t<section class=\"elementor-section elementor-top-section elementor-element elementor-element-407b688 elementor-section-boxed elementor-section-height-default elementor-section-height-default\" data-id=\"407b688\" data-element_type=\"section\" data-e-type=\"section\">\n\t\t\t\t\t\t<div class=\"elementor-container elementor-column-gap-default\">\n\t\t\t\t\t<div class=\"elementor-column elementor-col-100 elementor-top-column elementor-element elementor-element-1bc20e3\" data-id=\"1bc20e3\" data-element_type=\"column\" data-e-type=\"column\">\n\t\t\t<div class=\"elementor-widget-wrap elementor-element-populated\">\n\t\t\t\t\t\t<div class=\"elementor-element elementor-element-dbab4d0 elementor-widget elementor-widget-text-editor\" data-id=\"dbab4d0\" data-element_type=\"widget\" data-e-type=\"widget\" data-widget_type=\"text-editor.default\">\n\t\t\t\t<div class=\"elementor-widget-container\">\n\t\t\t\t\t\t\t\t\t<p>J\u00f3 kommunik\u00e1ci\u00f3s k\u00e9szs\u00e9g, j\u00f3 probl\u00e9mamegold\u00f3 k\u00e9pess\u00e9g, nagy terhelhet\u0151s\u00e9g, j\u00f3 stresszt\u0171r\u0151 k\u00e9pess\u00e9g, j\u00f3 szervez\u0151k\u00e9szs\u00e9g, kreativit\u00e1s, egy\u00fcttm\u0171k\u00f6d\u0151k\u00e9pess\u00e9g.<\/p>\t\t\t\t\t\t\t\t<\/div>\n\t\t\t\t<\/div>\n\t\t\t\t\t<\/div>\n\t\t<\/div>\n\t\t\t\t\t<\/div>\n\t\t<\/section>\n\t\t\t\t<section class=\"elementor-section elementor-top-section elementor-element elementor-element-d39f022 elementor-section-boxed elementor-section-height-default elementor-section-height-default\" data-id=\"d39f022\" data-element_type=\"section\" data-e-type=\"section\">\n\t\t\t\t\t\t<div class=\"elementor-container elementor-column-gap-default\">\n\t\t\t\t\t<div class=\"elementor-column elementor-col-100 elementor-top-column elementor-element elementor-element-34a64e7\" data-id=\"34a64e7\" data-element_type=\"column\" data-e-type=\"column\">\n\t\t\t<div class=\"elementor-widget-wrap elementor-element-populated\">\n\t\t\t\t\t\t<div class=\"elementor-element elementor-element-3bf6e1b elementor-widget elementor-widget-text-editor\" data-id=\"3bf6e1b\" data-element_type=\"widget\" data-e-type=\"widget\" data-widget_type=\"text-editor.default\">\n\t\t\t\t<div class=\"elementor-widget-container\">\n\t\t\t\t\t\t\t\t\t<p>A SZAKK\u00c9PZETTS\u00c9GGEL RENDELKEZ\u0150<\/p>\t\t\t\t\t\t\t\t<\/div>\n\t\t\t\t<\/div>\n\t\t\t\t\t<\/div>\n\t\t<\/div>\n\t\t\t\t\t<\/div>\n\t\t<\/section>\n\t\t\t\t<section class=\"elementor-section elementor-top-section elementor-element elementor-element-66e036d elementor-section-boxed elementor-section-height-default elementor-section-height-default\" data-id=\"66e036d\" data-element_type=\"section\" data-e-type=\"section\">\n\t\t\t\t\t\t<div class=\"elementor-container elementor-column-gap-default\">\n\t\t\t\t\t<div class=\"elementor-column elementor-col-100 elementor-top-column elementor-element elementor-element-aaba81e\" data-id=\"aaba81e\" data-element_type=\"column\" data-e-type=\"column\">\n\t\t\t<div class=\"elementor-widget-wrap elementor-element-populated\">\n\t\t\t\t\t\t<div class=\"elementor-element elementor-element-61a6695 elementor-widget elementor-widget-text-editor\" data-id=\"61a6695\" data-element_type=\"widget\" data-e-type=\"widget\" data-widget_type=\"text-editor.default\">\n\t\t\t\t<div class=\"elementor-widget-container\">\n\t\t\t\t\t\t\t\t\t<p style=\"margin: 0cm 0cm 0cm 14.2pt; background-image: initial; background-position: initial; background-size: initial; background-repeat: initial; background-attachment: initial; background-origin: initial; background-clip: initial; text-indent: -14.2pt;\"><span style=\"font-size: 13.5pt; font-family: Symbol;\">\u00b7<span style=\"font-variant-numeric: normal; font-variant-east-asian: normal; font-stretch: normal; font-size: 7pt; line-height: normal; font-family: 'Times New Roman';\">\u00a0 \u00a0 \u00a0<\/span><\/span><span style=\"font-size: 13.5pt; font-family: Alegreya, serif;\">ir\u00e1ny\u00edt\u00e1ssal \u00e9lelmiszer feldolgoz\u00e1si alapm\u0171veleteket v\u00e9gez: t\u00e1rol, oszt\u00e1lyoz, tiszt\u00edt, apr\u00edt, kever,<br \/>termikus m\u0171veletek v\u00e9gez (h\u0171t, fagyaszt, f\u0151z, s\u00fct), csomagol;<\/span><\/p><p style=\"margin: 7.5pt 0cm 7.5pt 14.2pt; background-image: initial; background-position: initial; background-size: initial; background-repeat: initial; background-attachment: initial; background-origin: initial; background-clip: initial; text-indent: -14.2pt;\"><span style=\"font-size: 13.5pt; font-family: Symbol;\">\u00b7<span style=\"font-variant-numeric: normal; font-variant-east-asian: normal; font-stretch: normal; font-size: 7pt; line-height: normal; font-family: 'Times New Roman';\">\u00a0<\/span><\/span><span style=\"font-size: 13.5pt; font-family: Alegreya, serif;\">felismeri \u00e9s csoportos\u00edtja az\u00a0\u00e9lelmiszeripar nyersanyagait, azonos\u00edtja, hogy mely ipar\u00e1gak haszn\u00e1lj\u00e1k fel azoka;<\/span><\/p><p style=\"margin: 7.5pt 0cm 7.5pt 14.2pt; background-image: initial; background-position: initial; background-size: initial; background-repeat: initial; background-attachment: initial; background-origin: initial; background-clip: initial; text-indent: -14.2pt;\"><span style=\"font-size: 13.5pt; font-family: Symbol;\">\u00b7<span style=\"font-variant-numeric: normal; font-variant-east-asian: normal; font-stretch: normal; font-size: 7pt; line-height: normal; font-family: 'Times New Roman';\">\u00a0\u00a0\u00a0\u00a0\u00a0\u00a0<\/span><\/span><span style=\"font-size: 13.5pt; font-family: Alegreya, serif;\">rendelkezik az \u00e9lelmiszer-el\u0151\u00e1ll\u00edt\u00e1shoz sz\u00fcks\u00e9ges m\u0171szaki alapismeretekkel: felismeri az<\/span><\/p><p style=\"margin: 0cm 0cm 0cm 14.2pt; background-image: initial; background-position: initial; background-size: initial; background-repeat: initial; background-attachment: initial; background-origin: initial; background-clip: initial; text-indent: -14.2pt;\"><span style=\"font-size: 13.5pt; font-family: Symbol;\">\u00b7<span style=\"font-variant-numeric: normal; font-variant-east-asian: normal; font-stretch: normal; font-size: 7pt; line-height: normal; font-family: 'Times New Roman';\">\u00a0\u00a0\u00a0\u00a0\u00a0\u00a0<\/span><\/span><span style=\"font-size: 13.5pt; font-family: Alegreya, serif;\">\u00e9lelmiszeriparban haszn\u00e1latos szerkezeti anyagokat (f\u00e9mek \u00e9s nemf\u00e9mek),\u00a0<br \/>3D makett alapj\u00e1n\u00a0vet\u00fcleti \u00e1br\u00e1t k\u00e9sz\u00edt geometriai alapelemekr\u0151l (t\u00e9glatest, henger, k\u00fap), felismeri az alapvet\u0151\u00a0g\u00e9pelemeket (k\u00f6t\u0151 g\u00e9pelemek, hajt\u00e1selemek);<\/span><\/p><p style=\"margin: 7.5pt 0cm 7.5pt 14.2pt; background-image: initial; background-position: initial; background-size: initial; background-repeat: initial; background-attachment: initial; background-origin: initial; background-clip: initial; text-indent: -14.2pt;\"><span style=\"font-size: 13.5pt; font-family: Symbol;\">\u00b7<span style=\"font-variant-numeric: normal; font-variant-east-asian: normal; font-stretch: normal; font-size: 7pt; line-height: normal; font-family: 'Times New Roman';\">\u00a0 \u00a0 \u00a0<\/span><\/span><span style=\"font-size: 13.5pt; font-family: Alegreya, serif;\">laborat\u00f3riumi alapm\u0171veleteket v\u00e9gez (t\u00f6megm\u00e9r\u00e9s, t\u00e9rfogatm\u00e9r\u00e9s, oldatk\u00e9sz\u00edt\u00e9s, s\u0171r\u0171s\u00e9gm\u00e9r\u00e9s);<\/span><\/p><p style=\"margin: 7.5pt 0cm 7.5pt 14.2pt; background-image: initial; background-position: initial; background-size: initial; background-repeat: initial; background-attachment: initial; background-origin: initial; background-clip: initial; text-indent: -14.2pt;\"><span style=\"font-size: 13.5pt; font-family: Symbol;\">\u00b7<span style=\"font-variant-numeric: normal; font-variant-east-asian: normal; font-stretch: normal; font-size: 7pt; line-height: normal; font-family: 'Times New Roman';\">\u00a0\u00a0\u00a0\u00a0\u00a0\u00a0<\/span><\/span><span style=\"font-size: 13.5pt; font-family: Alegreya, serif;\">\u00e1gazathoz kapcsol\u00f3d\u00f3 alapsz\u00e1m\u00edt\u00e1sokat v\u00e9gez (sz\u00e1zal\u00e9k, ar\u00e1nyp\u00e1r);<\/span><\/p><p style=\"margin: 7.5pt 0cm 7.5pt 14.2pt; background-image: initial; background-position: initial; background-size: initial; background-repeat: initial; background-attachment: initial; background-origin: initial; background-clip: initial; text-indent: -14.2pt;\"><span style=\"font-size: 13.5pt; font-family: Symbol;\">\u00b7<span style=\"font-variant-numeric: normal; font-variant-east-asian: normal; font-stretch: normal; font-size: 7pt; line-height: normal; font-family: 'Times New Roman';\">\u00a0\u00a0\u00a0\u00a0\u00a0\u00a0<\/span><\/span><span style=\"font-size: 13.5pt; font-family: Alegreya, serif;\">ismeri \u00e9s betartja a munkahelyi t\u0171z-, munka-, \u00e9s k\u00f6rnyezetv\u00e9delmi szab\u00e1lyokat;\u00a0<\/span><\/p><p style=\"margin: 7.5pt 0cm 7.5pt 14.2pt; background-image: initial; background-position: initial; background-size: initial; background-repeat: initial; background-attachment: initial; background-origin: initial; background-clip: initial; text-indent: -14.2pt;\"><span style=\"font-size: 13.5pt; text-indent: -14.2pt; font-family: Symbol;\">\u00b7<span style=\"font-variant-numeric: normal; font-variant-east-asian: normal; font-stretch: normal; font-size: 7pt; line-height: normal; font-family: 'Times New Roman';\">\u00a0\u00a0\u00a0\u00a0\u00a0\u00a0<\/span><\/span><span style=\"font-size: 13.5pt; text-indent: -14.2pt; font-family: Alegreya, serif;\">ismeri \u00e9s betartja a szem\u00e9lyi- \u00e9s az \u00e9lelmiszer-el\u0151\u00e1ll\u00edt\u00e1s higi\u00e9niai k\u00f6vetelm\u00e9nyeit.<\/span><\/p>\t\t\t\t\t\t\t\t<\/div>\n\t\t\t\t<\/div>\n\t\t\t\t\t<\/div>\n\t\t<\/div>\n\t\t\t\t\t<\/div>\n\t\t<\/section>\n\t\t\t\t<\/div>\n\t\t","protected":false},"excerpt":{"rendered":"<p>5 \u00e9ves\u00a0\u00e9lelmiszer-ellen\u0151rz\u00e9si technikus\u00a0k\u00e9pz\u00e9s\u00fcnkre els\u0151sorban a laborat\u00f3riumi munk\u00e1t kedvel\u0151ket v\u00e1rjuk. Mintav\u00e9telez\u00e9seket, azok \u00f6sszet\u00e9tel\u00e9nek min\u0151s\u00e9gi- \u00e9s mennyis\u00e9gi meghat\u00e1roz\u00e1sait v\u00e9gzi, de e mellett technol\u00f3giai, k\u00f6rnyezetv\u00e9delmi, higi\u00e9niai \u00e9s min\u0151s\u00e9gbiztos\u00edt\u00e1si el\u0151\u00edr\u00e1sokat is betartat, ellen\u0151riz. A teljes \u00e9lelmiszeripari \u00e1gazat v\u00e1rja a j\u00f3l k\u00e9pzett szakembereket. Az alapoktat\u00e1s olyan \u00e1ltal\u00e1nos \u00e9s sz\u00e9lesk\u00f6r\u0171 tud\u00e1s \u00e9s k\u00e9pess\u00e9g megszerz\u00e9s\u00e9t biztos\u00edtja, ami sz\u00fcks\u00e9ges \u00e9s hasznos minden \u00e9lelmiszeripari [&hellip;]<\/p>\n","protected":false},"author":4,"featured_media":0,"parent":0,"menu_order":0,"comment_status":"closed","ping_status":"closed","template":"","meta":{"footnotes":""},"class_list":["post-19804","page","type-page","status-publish","hentry"],"_links":{"self":[{"href":"\/index.php\/wp-json\/wp\/v2\/pages\/19804","targetHints":{"allow":["GET"]}}],"collection":[{"href":"\/index.php\/wp-json\/wp\/v2\/pages"}],"about":[{"href":"\/index.php\/wp-json\/wp\/v2\/types\/page"}],"author":[{"embeddable":true,"href":"\/index.php\/wp-json\/wp\/v2\/users\/4"}],"replies":[{"embeddable":true,"href":"\/index.php\/wp-json\/wp\/v2\/comments?post=19804"}],"version-history":[{"count":5,"href":"\/index.php\/wp-json\/wp\/v2\/pages\/19804\/revisions"}],"predecessor-version":[{"id":46538,"href":"\/index.php\/wp-json\/wp\/v2\/pages\/19804\/revisions\/46538"}],"wp:attachment":[{"href":"\/index.php\/wp-json\/wp\/v2\/media?parent=19804"}],"curies":[{"name":"wp","href":"https:\/\/api.w.org\/{rel}","templated":true}]}}