{"id":11389,"date":"2022-02-18T16:13:24","date_gmt":"2022-02-18T15:13:24","guid":{"rendered":"\/?page_id=11389"},"modified":"2022-02-18T16:14:17","modified_gmt":"2022-02-18T15:14:17","slug":"iskolai-szocialis-segito","status":"publish","type":"page","link":"\/index.php\/iskolai-szocialis-segito\/","title":{"rendered":"Iskolai szoci\u00e1lis seg\u00edt\u0151"},"content":{"rendered":"\t\t<div data-elementor-type=\"wp-page\" data-elementor-id=\"11389\" class=\"elementor elementor-11389\" data-elementor-post-type=\"page\">\n\t\t\t\t\t\t<section class=\"elementor-section elementor-top-section elementor-element elementor-element-21d35b4 elementor-section-boxed elementor-section-height-default elementor-section-height-default\" data-id=\"21d35b4\" data-element_type=\"section\" data-e-type=\"section\">\n\t\t\t\t\t\t<div class=\"elementor-container elementor-column-gap-default\">\n\t\t\t\t\t<div class=\"elementor-column elementor-col-100 elementor-top-column elementor-element elementor-element-8c58366\" data-id=\"8c58366\" data-element_type=\"column\" data-e-type=\"column\">\n\t\t\t<div class=\"elementor-widget-wrap elementor-element-populated\">\n\t\t\t\t\t\t<div class=\"elementor-element elementor-element-ff0130a elementor-widget elementor-widget-spacer\" data-id=\"ff0130a\" data-element_type=\"widget\" data-e-type=\"widget\" data-widget_type=\"spacer.default\">\n\t\t\t\t<div class=\"elementor-widget-container\">\n\t\t\t\t\t\t\t<div class=\"elementor-spacer\">\n\t\t\t<div class=\"elementor-spacer-inner\"><\/div>\n\t\t<\/div>\n\t\t\t\t\t\t<\/div>\n\t\t\t\t<\/div>\n\t\t\t\t\t<\/div>\n\t\t<\/div>\n\t\t\t\t\t<\/div>\n\t\t<\/section>\n\t\t\t\t<section class=\"elementor-section elementor-top-section elementor-element elementor-element-933205c elementor-section-boxed elementor-section-height-default elementor-section-height-default\" data-id=\"933205c\" data-element_type=\"section\" data-e-type=\"section\">\n\t\t\t\t\t\t<div class=\"elementor-container elementor-column-gap-default\">\n\t\t\t\t\t<div class=\"elementor-column elementor-col-100 elementor-top-column elementor-element elementor-element-73f7643\" data-id=\"73f7643\" data-element_type=\"column\" data-e-type=\"column\">\n\t\t\t<div class=\"elementor-widget-wrap elementor-element-populated\">\n\t\t\t\t\t\t<div class=\"elementor-element elementor-element-ba0e00b elementor-widget elementor-widget-image\" data-id=\"ba0e00b\" data-element_type=\"widget\" data-e-type=\"widget\" data-widget_type=\"image.default\">\n\t\t\t\t<div class=\"elementor-widget-container\">\n\t\t\t\t\t\t\t\t\t\t\t\t\t\t\t<img fetchpriority=\"high\" decoding=\"async\" width=\"640\" height=\"905\" src=\"\/wp-content\/uploads\/2022\/02\/Iskolai-plakit-fogad-ra1024_1.jpg\" class=\"attachment-large size-large wp-image-11391\" alt=\"\" srcset=\"\/wp-content\/uploads\/2022\/02\/Iskolai-plakit-fogad-ra1024_1.jpg 724w, \/wp-content\/uploads\/2022\/02\/Iskolai-plakit-fogad-ra1024_1-566x800.jpg 566w\" sizes=\"(max-width: 640px) 100vw, 640px\" \/>\t\t\t\t\t\t\t\t\t\t\t\t\t\t\t<\/div>\n\t\t\t\t<\/div>\n\t\t\t\t\t<\/div>\n\t\t<\/div>\n\t\t\t\t\t<\/div>\n\t\t<\/section>\n\t\t\t\t<\/div>\n\t\t","protected":false},"excerpt":{"rendered":"","protected":false},"author":4,"featured_media":0,"parent":0,"menu_order":0,"comment_status":"closed","ping_status":"closed","template":"","meta":{"footnotes":""},"class_list":["post-11389","page","type-page","status-publish","hentry"],"_links":{"self":[{"href":"\/index.php\/wp-json\/wp\/v2\/pages\/11389","targetHints":{"allow":["GET"]}}],"collection":[{"href":"\/index.php\/wp-json\/wp\/v2\/pages"}],"about":[{"href":"\/index.php\/wp-json\/wp\/v2\/types\/page"}],"author":[{"embeddable":true,"href":"\/index.php\/wp-json\/wp\/v2\/users\/4"}],"replies":[{"embeddable":true,"href":"\/index.php\/wp-json\/wp\/v2\/comments?post=11389"}],"version-history":[{"count":4,"href":"\/index.php\/wp-json\/wp\/v2\/pages\/11389\/revisions"}],"predecessor-version":[{"id":11395,"href":"\/index.php\/wp-json\/wp\/v2\/pages\/11389\/revisions\/11395"}],"wp:attachment":[{"href":"\/index.php\/wp-json\/wp\/v2\/media?parent=11389"}],"curies":[{"name":"wp","href":"https:\/\/api.w.org\/{rel}","templated":true}]}}